000
CXUS53 KIND 011503
CLMIND
CLIMATE REPORT
NATIONAL WEATHER SERVICE INDIANAPOLIS IN
1103 AM EDT FRI SEP 01 2023
...................................
...THE INDIANAPOLIS IN CLIMATE SUMMARY FOR THE MONTH OF AUGUST 2023...
CLIMATE NORMAL PERIOD 1991 TO 2020
CLIMATE RECORD PERIOD 1871 TO 2023
WEATHER OBSERVED NORMAL DEPART LAST YEAR`S
VALUE DATE(S) VALUE FROM VALUE DATE(S)
NORMAL
................................................................
TEMPERATURE (F)
RECORD
HIGH 103 08/05/1918
LOW 41 08/29/1965
HIGHEST 94 08/24 93 08/03
LOWEST 55 08/31 58 08/13
08/31
AVG. MAXIMUM 83.5 84.3 -0.8 84.5
AVG. MINIMUM 65.4 65.0 0.4 65.5
MEAN 74.5 74.7 -0.2 75.0
DAYS MAX >= 90 6 5.9 0.1 6
DAYS MAX <= 32 0 0.0 0.0 0
DAYS MIN <= 32 0 0.0 0.0 0
DAYS MIN <= 0 0 0.0 0.0 0
PRECIPITATION (INCHES)
RECORD
MAXIMUM 8.34 1980
MINIMUM 0.37 2010
TOTALS 2.97 3.20 -0.23 4.44
DAILY AVG. 0.10 0.10 -0.00 0.14
DAYS >= .01 9 8.3 0.7 9
DAYS >= .10 5 5.5 -0.5 7
DAYS >= .50 3 2.4 0.6 2
DAYS >= 1.00 0 0.9 -0.9 2
GREATEST
24 HR. TOTAL 0.98 08/09 TO 08/09
SNOWFALL (INCHES)
RECORDS
TOTAL T 2000
SNOW DEPTH MM MM
TOTALS 0.0 0.0 0.0 0.0
SINCE 7/1 0.0 0.0 0.0 MM
SNOWDEPTH AVG. 0
DAYS >= 1.0 0 0.0 0.0 0
GREATEST
SNOW DEPTH 0 0 MM
24 HR TOTAL MM MM 0.0
DEGREE DAYS
HEATING TOTAL 0 2 -2 0
SINCE 7/1 0 1 -1 MM
COOLING TOTAL 302 301 1 322
SINCE 1/1 976 976 0 MM
................................................................
WIND (MPH)
AVERAGE WIND SPEED 8.0
HIGHEST WIND SPEED/DIRECTION 26/270 DATE 08/08
HIGHEST GUST SPEED/DIRECTION 33/270 DATE 08/08
33/220 08/17
SKY COVER
AVERAGE SKY COVER 0.53
AVERAGE RH (PERCENT) 73
WEATHER CONDITIONS. NUMBER OF DAYS WITH
THUNDERSTORM 9 MIXED PRECIP 0
HEAVY RAIN 2 RAIN 4
LIGHT RAIN 9 FREEZING RAIN 0
LT FREEZING RAIN 0 HAIL 0
HEAVY SNOW 0 SNOW 0
LIGHT SNOW 0 SLEET 0
FOG 12 FOG W/VIS <= 1/4 MILE 0
HAZE 4
- INDICATES NEGATIVE NUMBERS.
R INDICATES RECORD WAS SET OR TIED.
MM INDICATES DATA IS MISSING.
T INDICATES TRACE AMOUNT.
$$