000
CXUS53 KEAX 010836
CF6IRK
PRELIMINARY LOCAL CLIMATOLOGICAL DATA (WS FORM: F-6)
STATION: KIRKSVILLE MO
MONTH: DECEMBER
YEAR: 2021
LATITUDE: 40 5 N
LONGITUDE: 92 33 W
TEMPERATURE IN F: :PCPN: SNOW: WIND :SUNSHINE: SKY :PK WND
================================================================================
1 2 3 4 5 6A 6B 7 8 9 10 11 12 13 14 15 16 17 18
12Z AVG MX 2MIN
DY MAX MIN AVG DEP HDD CDD WTR SNW DPTH SPD SPD DIR MIN PSBL S-S WX SPD DR
================================================================================
1 62 37 50 15 15 0 0.01 M M 7.8 18 280 M M 2 1 24 270
2 67 42 55 20 10 0 0.00 M M 6.9 13 360 M M 0 8 19 240
3 62 33 48 14 17 0 0.00 M M 7.6 17 360 M M 0 8 22 360
4 48 31 40 6 25 0 0.00 M M 9.4 16 50 M M 1 1 21 40
5 61 35 48 14 17 0 0.00 M M 12.7 30 310 M M 8 47 310
6 37 14 26 -7 39 0 0.00 M M 11.7 29 310 M M 1 45 330
7 34 18 26 -7 39 0 0.00 M M 9.8 17 170 M M 3 23 180
8 43 24 34 1 31 0 0.00 M M 6.3 13 130 M M 2 17 220
9 58 35 47 15 18 0 0.00 M M 9.9 21 140 M M 2 8 27 150
10 60 32 46 14 19 0 0.21 M M 11.3 25 280 M M 6 12 39 280
11 45 28 37 5 28 0 0.00 M M 13.9 30 270 M M 4 1 46 300
12 52 28 40 8 25 0 0.00 M M 11.0 21 200 M M 0 30 220
13 54 35 45 14 20 0 0.00 M M 7.9 14 210 M M 0 8 22 210
14 63 29 46 15 19 0 0.00 M M 9.4 18 190 M M 4 24 190
15 74 50 62 31 3 0 0.01 M M 21.5 40 210 M M 8 8 68 220
16 50 23 37 7 28 0 0.00 M M 10.8 28 260 M M 0 42 280
17 38 20 29 -1 36 0 0.00 M M 8.9 18 90 M M 6 27 100
18 38 18 28 -2 37 0 0.00 M M 8.1 20 350 M M 3 26 320
19 34 16 25 -5 40 0 0.00 M M 6.9 14 190 M M 3 20 190
20 44 22 33 4 32 0 0.00 M M 9.7 16 210 M M 0 1 25 200
21 43 14 29 0 36 0 0.00 M M 7.7 22 270 M M 0 32 270
22 44 14 29 0 36 0 0.00 M M 8.3 15 210 M M 0 22 210
23 56 37 47 18 18 0 0.00 M M 10.8 22 220 M M 0 1 38 230
24 68 38 53 25 12 0 0.00 M M 9.7 24 210 M M 3 12 37 200
25 53 28 41 13 24 0 0.05 M M 6.1 15 350 M M 3 18 20 10
26 47 27 37 9 28 0 0.00 M M 10.4 25 110 M M 3 12 34 110
27 56 30 43 15 22 0 0.00 M M 9.3 21 290 M M 0 1 31 290
28 45 29 37 9 28 0 0.63 M M 10.0 18 140 M M 8 1 26 320
29 29 19 24 -3 41 0 T M M 9.2 17 50 M M 6 8 21 30
30 33 22 28 1 37 0 0.00 M M 5.5 10 230 M M 8 1 16 220
31 49 22 36 9 29 0 0.00 M M 9.4 20 10 M M 6 12 25 10
================================================================================
SM 1547 850 809 0 0.91 M 297.9 M 90
================================================================================
AV 49.9 27.4 9.6 FASTST M M 3 MAX(MPH)
MISC ----> 40 210 68 220
================================================================================
NOTES:
# LAST OF SEVERAL OCCURRENCES
COLUMN 17 PEAK WIND IN M.P.H.
PRELIMINARY LOCAL CLIMATOLOGICAL DATA (WS FORM: F-6) , PAGE 2
STATION: KIRKSVILLE MO
MONTH: DECEMBER
YEAR: 2021
LATITUDE: 40 5 N
LONGITUDE: 92 33 W
[TEMPERATURE DATA] [PRECIPITATION DATA] SYMBOLS USED IN COLUMN 16
AVERAGE MONTHLY: 38.7 TOTAL FOR MONTH: 0.91 1 = FOG OR MIST
DPTR FM NORMAL: 8.1 DPTR FM NORMAL: -0.76 2 = FOG REDUCING VISIBILITY
HIGHEST: 74 ON 15 GRTST 24HR 0.63 ON 28-28 TO 1/4 MILE OR LESS
LOWEST: 14 ON 22,21 3 = THUNDER
SNOW, ICE PELLETS, HAIL 4 = ICE PELLETS
TOTAL MONTH: M 5 = HAIL
GRTST 24HR M ON M 6 = FREEZING RAIN OR DRIZZLE
GRTST DEPTH: M ON M 7 = DUSTSTORM OR SANDSTORM:
VSBY 1/2 MILE OR LESS
8 = SMOKE OR HAZE
[NO. OF DAYS WITH] [WEATHER - DAYS WITH] 9 = BLOWING SNOW
X = TORNADO
MAX 32 OR BELOW: 1 0.01 INCH OR MORE: 5
MAX 90 OR ABOVE: 0 0.10 INCH OR MORE: 2
MIN 32 OR BELOW: 22 0.50 INCH OR MORE: 1
MIN 0 OR BELOW: 0 1.00 INCH OR MORE: 0
[HDD (BASE 65) ]
TOTAL THIS MO. 809 CLEAR (SCALE 0-3) 17
DPTR FM NORMAL -257 PTCLDY (SCALE 4-7) 13
TOTAL FM JUL 1 1739 CLOUDY (SCALE 8-10) 1
DPTR FM NORMAL -510
[CDD (BASE 65) ]
TOTAL THIS MO. 0
DPTR FM NORMAL 0 [PRESSURE DATA]
TOTAL FM JAN 1 1228 HIGHEST SLP 30.44 ON 19
DPTR FM NORMAL 220 LOWEST SLP 29.30 ON 10
[REMARKS]
#FINAL-12-21#