000
CXUS55 KEAX 010736
CF6IRK
PRELIMINARY LOCAL CLIMATOLOGICAL DATA (WS FORM: F-6)
STATION: KIRKSVILLE MO
MONTH: SEPTEMBER
YEAR: 2020
LATITUDE: 40 5 N
LONGITUDE: 92 33 W
TEMPERATURE IN F: :PCPN: SNOW: WIND :SUNSHINE: SKY :PK WND
================================================================================
1 2 3 4 5 6A 6B 7 8 9 10 11 12 13 14 15 16 17 18
12Z AVG MX 2MIN
DY MAX MIN AVG DEP HDD CDD WTR SNW DPTH SPD SPD DIR MIN PSBL S-S WX SPD DR
================================================================================
1 82 61 72 2 0 7 0.37 M M 7.9 18 50 M M 9 13 31 280
2 86 62 74 4 0 9 0.00 M M 4.6 15 300 M M 3 12 21 310
3 85 55 70 1 0 5 0.00 M M 7.8 18 290 M M 1 25 270
4 82 48 65 -4 0 0 0.00 M M 4.1 9 210 M M 0 14 230
5 89 59 74 5 0 9 0.00 M M 5.4 10 180 M M 0 17 210
6 88 73 81 13 0 16 0.00 M M 13.1 28 210 M M 0 45 200
7 79 62 71 3 0 6 0.00 M M 10.1 32 70 M M 8 3 43 50
8 63 53 58 -10 7 0 0.24 M M 14.3 22 20 M M 10 13 30 20
9 57 51 54 -13 11 0 0.73 M M 10.4 17 40 M M 10 13 22 40
10 57 52 55 -12 10 0 1.00 M M 10.3 16 40 M M 10 1 20 30
11 69 56 63 -3 2 0 0.55 M M 5.8 10 60 M M 10 12 15 60
12 75 58 67 1 0 2 0.13 M M 5.8 14 190 M M 7 12 19 270
13 76 53 65 -1 0 0 0.00 M M 3.8 10 20 M M 1 12 16 30
14 78 51 65 0 0 0 0.00 M M 3.9 10 100 M M 0 12 15 120
15 79 51 65 0 0 0 0.00 M M 3.3 9 180 M M 0 12 14 200
16 82 52 67 3 0 2 0.00 M M 4.1 15 360 M M 3 12 20 360
17 73 52 63 -1 2 0 0.00 M M 8.1 16 30 M M 0 22 30
18 70 48 59 -4 6 0 0.00 M M 6.3 12 20 M M 2 16 80
19 68 46 57 -6 8 0 0.00 M M 7.2 15 140 M M 0 19 140
20 73 45 59 -4 6 0 0.00 M M 8.5 17 140 M M 0 23 120
21 76 46 61 -1 4 0 0.00 M M 5.4 13 140 M M 0 16 200
22 77 50 64 2 1 0 0.00 M M 4.4 13 160 M M 0 12 20 150
23 79 53 66 5 0 1 0.00 M M 2.9 10 220 M M 3 12 15 200
24 78 57 68 7 0 3 0.00 M M 7.7 16 200 M M 0 23 170
25 83 54 69 8 0 4 0.00 M M 9.0 17 160 M M 0 23 170
26 86 63 75 15 0 10 0.00 M M 12.9 22 190 M M 1 29 190
27 72 50 61 1 4 0 0.64 M M 8.2 18 340 M M 6 1 36 350
28 64 47 56 -3 9 0 0.02 M M 8.8 23 310 M M 6 34 310
29 64 46 55 -4 10 0 0.00 M M 8.2 17 260 M M 7 25 260
30 70 46 58 -1 7 0 0.00 M M 10.0 28 340 M M 1 40 330
================================================================================
SM 2260 1600 87 74 3.68 M 222.3 M 98
================================================================================
AV 75.3 53.3 7.4 FASTST M M 3 MAX(MPH)
MISC ----> 32 70 45 200
================================================================================
NOTES:
# LAST OF SEVERAL OCCURRENCES
COLUMN 17 PEAK WIND IN M.P.H.
PRELIMINARY LOCAL CLIMATOLOGICAL DATA (WS FORM: F-6) , PAGE 2
STATION: KIRKSVILLE MO
MONTH: SEPTEMBER
YEAR: 2020
LATITUDE: 40 5 N
LONGITUDE: 92 33 W
[TEMPERATURE DATA] [PRECIPITATION DATA] SYMBOLS USED IN COLUMN 16
AVERAGE MONTHLY: 64.3 TOTAL FOR MONTH: 3.68 1 = FOG OR MIST
DPTR FM NORMAL: -0.2 DPTR FM NORMAL: -0.43 2 = FOG REDUCING VISIBILITY
HIGHEST: 89 ON 5 GRTST 24HR 1.36 ON 9-10 TO 1/4 MILE OR LESS
LOWEST: 45 ON 20 3 = THUNDER
SNOW, ICE PELLETS, HAIL 4 = ICE PELLETS
TOTAL MONTH: M 5 = HAIL
GRTST 24HR M ON M 6 = FREEZING RAIN OR DRIZZLE
GRTST DEPTH: M ON M 7 = DUSTSTORM OR SANDSTORM:
VSBY 1/2 MILE OR LESS
8 = SMOKE OR HAZE
[NO. OF DAYS WITH] [WEATHER - DAYS WITH] 9 = BLOWING SNOW
X = TORNADO
MAX 32 OR BELOW: 0 0.01 INCH OR MORE: 8
MAX 90 OR ABOVE: 0 0.10 INCH OR MORE: 7
MIN 32 OR BELOW: 0 0.50 INCH OR MORE: 4
MIN 0 OR BELOW: 0 1.00 INCH OR MORE: 1
[HDD (BASE 65) ]
TOTAL THIS MO. 87 CLEAR (SCALE 0-3) 20
DPTR FM NORMAL -13 PTCLDY (SCALE 4-7) 5
TOTAL FM JUL 1 89 CLOUDY (SCALE 8-10) 5
DPTR FM NORMAL -18
[CDD (BASE 65) ]
TOTAL THIS MO. 74
DPTR FM NORMAL -9 [PRESSURE DATA]
TOTAL FM JAN 1 1062 HIGHEST SLP M ON M
DPTR FM NORMAL 135 LOWEST SLP 29.66 ON 26
[REMARKS]
#FINAL-09-20#