000
CXUS51 KOKX 011010
CF6ISP
PRELIMINARY LOCAL CLIMATOLOGICAL DATA (WS FORM: F-6)
STATION: ISLIP NY
MONTH: FEBRUARY
YEAR: 2022
LATITUDE: 40 47 N
LONGITUDE: 73 6 W
TEMPERATURE IN F: :PCPN: SNOW: WIND :SUNSHINE: SKY :PK WND
================================================================================
1 2 3 4 5 6A 6B 7 8 9 10 11 12 13 14 15 16 17 18
12Z AVG MX 2MIN
DY MAX MIN AVG DEP HDD CDD WTR SNW DPTH SPD SPD DIR MIN PSBL S-S WX SPD DR
================================================================================
1 36 11 24 -7 41 0 0.00 0.0 20 7.3 15 30 M M 5 17 30
2 46 26 36 4 29 0 0.00 0.0 17 4.4 12 120 M M 7 12 14 120
3 49 37 43 11 22 0 0.11 0.0 12 5.8 15 190 M M 10 12 22 190
4 51 27 39 7 26 0 0.69 0.2 5 13.2 23 240 M M 10 16 35 210
5 29 19 24 -8 41 0 T T 1 15.5 24 330 M M 7 1 32 320
6 29 14 22 -10 43 0 0.00 0.0 0 5.6 15 350 M M 3 20 350
7 39 29 34 2 31 0 0.38 T T 6.2 10 10 M M 10 1246 M M
8 47 30 39 7 26 0 0.16 0.0 0 11.9 23 310 M M 6 29 300
9 41 24 33 1 32 0 0.00 0.0 0 6.2 13 160 M M 1 1 17 170
10 56 27 42 10 23 0 0.00 0.0 0 7.4 18 260 M M 4 1 33 260
11 54 29 42 10 23 0 0.00 0.0 0 9.9 18 170 M M 3 24 220
12 62 42 52 19 13 0 0.00 0.0 0 11.4 23 260 M M 7 28 260
13 42 25 34 1 31 0 0.29 3.1 1 9.4 20 340 M M 10 1 26 340
14 25 16 21 -12 44 0 0.00 0.0 3 14.5 26 310 M M 2 8 33 310
15 29 14 22 -11 43 0 0.00 0.0 3 6.8 17 310 M M 1 23 320
16 46 15 31 -2 34 0 0.00 0.0 1 8.2 20 220 M M 6 27 220
17 56 44 50 16 15 0 0.09 0.0 0 16.5 24 190 M M 9 12 34 200
18 55 26 41 7 24 0 0.63 0.0 0 19.2 35 300 M M 6 1 51 220
19 41 19 30 -4 35 0 T T 0 15.3 35 300 M M 3 1 45 300
20 36 17 27 -7 38 0 0.00 0.0 0 11.5 24 320 M M 2 31 320
21 50 32 41 7 24 0 0.00 0.0 0 7.6 17 230 M M 3 1 21 240
22 53 31 42 8 23 0 0.45 0.0 0 10.6 28 220 M M 8 12 39 210
23 68 34 51 16 14 0 0.00 0.0 0 13.1 28 310 M M 8 1 35 270
24 34 27 31 -4 34 0 T 0.0 0 10.4 18 350 M M 7 23 330
25 41 27 34 -1 31 0 0.81 0.0 T 11.6 29 310 M M 8 16 36 300
26 35 21 28 -7 37 0 0.00 0.0 0 10.0 18 330 M M 4 25 320
27 47 24 36 0 29 0 0.00 0.0 0 13.3 28 320 M M 2 37 320
28 34 23 29 -7 36 0 0.00 0.0 0 10.1 23 320 M M 3 30 300
================================================================================
SM 1231 710 842 0 3.61 3.3 292.9 M 155
================================================================================
AV 44.0 25.4 10.5 FASTST M M 6 MAX(MPH)
MISC ----> # 35 300 51 220
================================================================================
NOTES:
# LAST OF SEVERAL OCCURRENCES
COLUMN 17 PEAK WIND IN M.P.H.
PRELIMINARY LOCAL CLIMATOLOGICAL DATA (WS FORM: F-6) , PAGE 2
STATION: ISLIP NY
MONTH: FEBRUARY
YEAR: 2022
LATITUDE: 40 47 N
LONGITUDE: 73 6 W
[TEMPERATURE DATA] [PRECIPITATION DATA] SYMBOLS USED IN COLUMN 16
AVERAGE MONTHLY: 34.7 TOTAL FOR MONTH: 3.61 1 = FOG OR MIST
DPTR FM NORMAL: 1.4 DPTR FM NORMAL: 0.32 2 = FOG REDUCING VISIBILITY
HIGHEST: 68 ON 23 GRTST 24HR 0.81 ON 25-25 TO 1/4 MILE OR LESS
LOWEST: 11 ON 1 3 = THUNDER
SNOW, ICE PELLETS, HAIL 4 = ICE PELLETS
TOTAL MONTH: 3.3 INCHES 5 = HAIL
GRTST 24HR 3.1 ON 13-13 6 = FREEZING RAIN OR DRIZZLE
GRTST DEPTH: 22 ON M 7 = DUSTSTORM OR SANDSTORM:
VSBY 1/2 MILE OR LESS
8 = SMOKE OR HAZE
[NO. OF DAYS WITH] [WEATHER - DAYS WITH] 9 = BLOWING SNOW
X = TORNADO
MAX 32 OR BELOW: 4 0.01 INCH OR MORE: 9
MAX 90 OR ABOVE: 0 0.10 INCH OR MORE: 8
MIN 32 OR BELOW: 24 0.50 INCH OR MORE: 3
MIN 0 OR BELOW: 0 1.00 INCH OR MORE: 0
[HDD (BASE 65) ]
TOTAL THIS MO. 842 CLEAR (SCALE 0-3) 8
DPTR FM NORMAL -47 PTCLDY (SCALE 4-7) 15
TOTAL FM JUL 1 3410 CLOUDY (SCALE 8-10) 5
DPTR FM NORMAL -309
[CDD (BASE 65) ]
TOTAL THIS MO. 0
DPTR FM NORMAL 0 [PRESSURE DATA]
TOTAL FM JAN 1 0 HIGHEST SLP M ON M
DPTR FM NORMAL 0 LOWEST SLP 29.35 ON 18
[REMARKS]
#FINAL-02-22#