000
CXUS53 KGRB 131102
CF6ISW
PRELIMINARY LOCAL CLIMATOLOGICAL DATA (WS FORM: F-6)
STATION: WISCONSIN RAPIDS ASOS
MONTH: JULY
YEAR: 2022
LATITUDE: 44 22 N
LONGITUDE: 89 50 W
TEMPERATURE IN F: :PCPN: SNOW: WIND :SUNSHINE: SKY :PK WND
================================================================================
1 2 3 4 5 6A 6B 7 8 9 10 11 12 13 14 15 16 17 18
12Z AVG MX 2MIN
DY MAX MIN AVG DEP HDD CDD WTR SNW DPTH SPD SPD DIR MIN PSBL S-S WX SPD DR
================================================================================
1 80 59 70 0 0 5 0.00 0.0 0 7.4 16 280 M M 2 23 260
2 83 50 67 -3 0 2 T 0.0 0 4.0 17 340 M M 2 1 28 320
3 86 51 69 -1 0 4 T 0.0 0 3.4 13 220 M M 5 12 16 220
4 79 62 71 1 0 6 0.43 0.0 0 4.4 23 210 M M 6 123 34 200
5 89 65 77 7 0 12 0.00 0.0 0 3.9 14 70 M M 5 12 19 70
6 78 64 71 1 0 6 0.00 0.0 0 6.4 17 70 M M 10 25 80
7 86 61 74 4 0 9 T 0.0 0 3.2 9 190 M M 5 1 15 220
8 77 57 67 -3 0 2 0.05 0.0 0 8.3 18 80 M M 6 1 25 40
9 82 53 68 -3 0 3 0.00 0.0 0 5.5 13 70 M M 0 22 60
10 85 56 71 0 0 6 0.18 0.0 0 6.3 24 170 M M 3 13 38 170
11 87 63 75 4 0 10 0.69 0.0 0 9.2 24 360 M M 5 13 34 330
12 83 60 72 1 0 7 0.09 0.0 0 8.7 22 10 M M 2 1 29 360
13 78 60 69 -2 0 4 0.00 0.0 0 6.4 16 20 M M 5 21 20
14 81 56 69 -2 0 4 0.00 0.0 0 5.4 13 130 M M 2 20 120
15 77 59 68 -3 0 3 3.38 0.0 0 4.7 20 130 M M 6 13 33 130
16 80 58 69 -2 0 4 0.00 0.0 0 2.9 9 100 M M 6 1 13 10
17 86 60 73 2 0 8 0.00 0.0 0 1.6 9 20 M M 1 12 15 20
18 91 59 75 4 0 10 0.00 0.0 0 5.8 15 250 M M 1 1 23 250
19 85 72 79 8 0 14 T 0.0 0 9.2 21 180 M M 2 31 210
20 83 66 75 4 0 10 0.00 0.0 0 11.3 24 300 M M 5 37 270
21 87 60 74 3 0 9 0.00 0.0 0 7.0 18 320 M M 1 27 290
22 92 55 74 3 0 9 0.00 0.0 0 7.1 16 260 M M 2 24 280
23 88 64 76 5 0 11 0.35 0.0 0 4.2 12 160 M M 2 13 18 170
24 81 61 71 0 0 6 0.02 0.0 0 9.4 23 290 M M 4 13 33 330
25 77 51 64 -7 1 0 0.00 0.0 0 5.0 15 320 M M 1 20 310
26 82 52 67 -4 0 2 0.00 0.0 0 4.1 12 250 M M 2 1 16 270
27 83 64 74 3 0 9 0.04 0.0 0 8.5 23 280 M M 4 37 270
28 77 58 68 -3 0 3 0.00 0.0 0 9.3 21 320 M M 3 29 300
29 79 53 66 -5 0 1 0.00 0.0 0 5.7 17 310 M M 2 26 330
30 84 52 68 -2 0 3 0.00 0.0 0 4.4 13 210 M M 1 1 24 250
31 86 55 71 1 0 6 0.02 0.0 0 8.7 21 200 M M 4 3 29 200
================================================================================
SM 2572 1816 1 188 5.25 0.0 191.4 M 105
================================================================================
AV 83.0 58.6 6.2 FASTST M M 3 MAX(MPH)
MISC ----> # 24 170 38 170
================================================================================
NOTES:
# LAST OF SEVERAL OCCURRENCES
COLUMN 17 PEAK WIND IN M.P.H.
PRELIMINARY LOCAL CLIMATOLOGICAL DATA (WS FORM: F-6) , PAGE 2
STATION: WISCONSIN RAPIDS ASOS
MONTH: JULY
YEAR: 2022
LATITUDE: 44 22 N
LONGITUDE: 89 50 W
[TEMPERATURE DATA] [PRECIPITATION DATA] SYMBOLS USED IN COLUMN 16
AVERAGE MONTHLY: 70.8 TOTAL FOR MONTH: 5.25 1 = FOG OR MIST
DPTR FM NORMAL: 0.2 DPTR FM NORMAL: 1.69 2 = FOG REDUCING VISIBILITY
HIGHEST: 92 ON 22 GRTST 24HR 3.38 ON 15-15 TO 1/4 MILE OR LESS
LOWEST: 50 ON 2 3 = THUNDER
SNOW, ICE PELLETS, HAIL 4 = ICE PELLETS
TOTAL MONTH: 0.0 INCH 5 = HAIL
GRTST 24HR 0.0 6 = FREEZING RAIN OR DRIZZLE
GRTST DEPTH: 0 7 = DUSTSTORM OR SANDSTORM:
VSBY 1/2 MILE OR LESS
8 = SMOKE OR HAZE
[NO. OF DAYS WITH] [WEATHER - DAYS WITH] 9 = BLOWING SNOW
X = TORNADO
MAX 32 OR BELOW: 0 0.01 INCH OR MORE: 10
MAX 90 OR ABOVE: 2 0.10 INCH OR MORE: 5
MIN 32 OR BELOW: 0 0.50 INCH OR MORE: 2
MIN 0 OR BELOW: 0 1.00 INCH OR MORE: 1
[HDD (BASE 65) ]
TOTAL THIS MO. 1 CLEAR (SCALE 0-3) 17
DPTR FM NORMAL -14 PTCLDY (SCALE 4-7) 13
TOTAL FM JUL 1 1 CLOUDY (SCALE 8-10) 1
DPTR FM NORMAL -12
[CDD (BASE 65) ]
TOTAL THIS MO. 188
DPTR FM NORMAL 0 [PRESSURE DATA]
TOTAL FM JAN 1 382 HIGHEST SLP 30.29 ON 9
DPTR FM NORMAL 64 LOWEST SLP 29.49 ON 20
[REMARKS]
#FINAL-07-22#