000
CXUS53 KGLD 050042
CLMITR
CLIMATE REPORT
NATIONAL WEATHER SERVICE
542 PM MST MON MAR 04 2024
...................................
...THE BURLINGTON CO CLIMATE SUMMARY FOR THE MONTH OF FEBRUARY 2024...
CLIMATE NORMAL PERIOD: 1991 TO 2020
CLIMATE RECORD PERIOD: 1896 TO 2024
WEATHER OBSERVED NORMAL DEPART LAST YEAR`S
VALUE DATE(S) VALUE FROM VALUE DATE(S)
NORMAL
................................................................
TEMPERATURE (F)
RECORD
HIGH 86 02/10/2017
LOW -24 02/15/2021
02/15/2021
HIGHEST 74 02/26 69 5 61 02/26
LOWEST 6 02/17 0 6 -6 02/23
AVG. MAXIMUM 53.1 45.6 7.5 40.1
AVG. MINIMUM 23.8 18.8 5.0 15.6
MEAN 38.4 32.2 6.2 27.9
DAYS MAX >= 90 0 0.0 0.0 0
DAYS MAX <= 32 3 5.5 -2.5 5
DAYS MIN <= 32 26 27.0 -1.0 28
DAYS MIN <= 0 0 1.5 -1.5 2
PRECIPITATION (INCHES)
RECORD
MAXIMUM 2.74 1960
MINIMUM 0.00 2006
TOTALS 0.79 0.27 0.52 0.35
DAILY AVG. 0.03 NAN NAN 0.01
DAYS >= .01 7 3.4 3.6 2
DAYS >= .10 2 0.8 1.2 1
DAYS >= .50 1 0.1 0.9 0
DAYS >= 1.00 0 0.0 0.0 0
GREATEST
24 HR. TOTAL 0.57 02/02 TO 02/03 0.30
STORM TOTAL 0.53
(MM/DD(HH))
................................................................
- INDICATES NEGATIVE NUMBERS.
R INDICATES RECORD WAS SET OR TIED.
MM INDICATES DATA IS MISSING.
T INDICATES TRACE AMOUNT.
$$