000
CXUS55 KGGW 010910
CF6JDN
PRELIMINARY LOCAL CLIMATOLOGICAL DATA (WS FORM: F-6)
STATION: JORDAN ASOS MT
MONTH: JANUARY
YEAR: 2023
LATITUDE: 47 19 N
LONGITUDE: 106 50 W
TEMPERATURE IN F: :PCPN: SNOW: WIND :SUNSHINE: SKY :PK WND
================================================================================
1 2 3 4 5 6A 6B 7 8 9 10 11 12 13 14 15 16 17 18
12Z AVG MX 2MIN
DY MAX MIN AVG DEP HDD CDD WTR SNW DPTH SPD SPD DIR MIN PSBL S-S WX SPD DR
================================================================================
1 37 11 24 6 41 0 0.00 M M 2.6 9 280 M M 0 M M
2 32 7 20 2 45 0 0.00 M M 1.1 8 70 M M 0 M M
3 26 3 15 -3 50 0 0.00 M M 3.4 9 90 M M 0 M M
4 34 6 20 2 45 0 0.00 M M 5.5 12 280 M M 0 M M
5 30 4 17 -1 48 0 0.00 M M 3.2 7 270 M M 0 M M
6 36 12 24 6 41 0 0.00 M M 3.8 10 80 M M 0 M M
7 45 14 30 12 35 0 0.00 M M 3.2 8 270 M M 0 M M
8 43 12 28 10 37 0 0.00 M M 4.2 15 220 M M 0 19 220
9 48 24 36 18 29 0 0.00 M M 4.8 10 310 M M 0 M M
10 40 18 29 12 36 0 0.00 M M 5.9 10 280 M M 0 M M
11 27 13 20 3 45 0 0.00 M M 2.8 7 40 M M 0 M M
12 32 8 20 3 45 0 0.00 M M 1.3 7 110 M M 0 M M
13 50 18 34 17 31 0 0.00 M M 5.6 14 250 M M 0 M M
14 45 29 37 20 28 0 0.02 M M 6.1 12 270 M M 0 M M
15 38 22 30 13 35 0 0.00 M M 5.4 10 30 M M 0 M M
16 25 22 24 6 41 0 0.00 M M 5.4 9 90 M M 0 M M
17 32 23 28 10 37 0 0.00 M M 4.2 8 100 M M 0 M M
18 40 20 30 12 35 0 0.00 M M 3.2 10 280 M M 0 M M
19 39 17 28 10 37 0 0.00 M M 8.4 17 320 M M 0 M M
20 37 16 27 9 38 0 0.00 M M 5.8 12 300 M M 0 M M
21 41 25 33 15 32 0 0.00 M M 7.9 15 280 M M 0 M M
22 38 25 32 14 33 0 0.02 M M 11.0 23 330 M M 0 30 280
23 37 22 30 12 35 0 0.00 M M 12.0 20 210 M M 0 40 290
24 37 29 33 15 32 0 0.06 M M 12.9 22 330 M M 0 30 280
25 35 16 26 8 39 0 0.04 M M 12.4 20 310 M M 0 M M
26 41 19 30 12 35 0 0.00 M M 14.7 24 310 M M 0 38 310
27 35 17 26 8 39 0 0.06 M M 10.1 20 10 M M 0 30 10
28 17 -1 8 -10 57 0 0.00 M M 13.5 21 10 M M 0 M M
29 4 -6 -1 -19 66 0 0.00 M M 12.7 28 310 M M 0 36 310
30 14 -6 4 -15 61 0 0.00 M M 7.1 17 280 M M 0 M M
31 31 0 16 -3 49 0 0.00 M M 7.1 17 280 M M 0 27 280
================================================================================
SM 1066 439 1257 0 0.20 M 207.3 M 0
================================================================================
AV 34.4 14.2 6.7 FASTST M M 0 MAX(MPH)
MISC ----> 28 310 40 290
================================================================================
NOTES:
# LAST OF SEVERAL OCCURRENCES
COLUMN 17 PEAK WIND IN M.P.H.
PRELIMINARY LOCAL CLIMATOLOGICAL DATA (WS FORM: F-6) , PAGE 2
STATION: JORDAN ASOS MT
MONTH: JANUARY
YEAR: 2023
LATITUDE: 47 19 N
LONGITUDE: 106 50 W
[TEMPERATURE DATA] [PRECIPITATION DATA] SYMBOLS USED IN COLUMN 16
AVERAGE MONTHLY: 24.3 TOTAL FOR MONTH: 0.20 1 = FOG OR MIST
DPTR FM NORMAL: 6.5 DPTR FM NORMAL: -0.23 2 = FOG REDUCING VISIBILITY
HIGHEST: 50 ON 13 GRTST 24HR 0.06 ON 27-27 TO 1/4 MILE OR LESS
LOWEST: -6 ON 30,29 3 = THUNDER
SNOW, ICE PELLETS, HAIL 4 = ICE PELLETS
TOTAL MONTH: M 5 = HAIL
GRTST 24HR M ON M 6 = FREEZING RAIN OR DRIZZLE
GRTST DEPTH: M ON M 7 = DUSTSTORM OR SANDSTORM:
VSBY 1/2 MILE OR LESS
8 = SMOKE OR HAZE
[NO. OF DAYS WITH] [WEATHER - DAYS WITH] 9 = BLOWING SNOW
X = TORNADO
MAX 32 OR BELOW: 11 0.01 INCH OR MORE: 5
MAX 90 OR ABOVE: 0 0.10 INCH OR MORE: 0
MIN 32 OR BELOW: 31 0.50 INCH OR MORE: 0
MIN 0 OR BELOW: 4 1.00 INCH OR MORE: 0
[HDD (BASE 65) ]
TOTAL THIS MO. 1257 CLEAR (SCALE 0-3) 31
DPTR FM NORMAL -206 PTCLDY (SCALE 4-7) 0
TOTAL FM JUL 1 4743 CLOUDY (SCALE 8-10) 0
DPTR FM NORMAL -18
[CDD (BASE 65) ]
TOTAL THIS MO. 0
DPTR FM NORMAL 0 [PRESSURE DATA]
TOTAL FM JAN 1 0 HIGHEST SLP M ON M
DPTR FM NORMAL 0 LOWEST SLP 29.84 ON 8
[REMARKS]
#FINAL-01-23#