000
CXUS52 KKEY 012043 CCA
CF6KEY
PRELIMINARY LOCAL CLIMATOLOGICAL DATA (WS FORM: F-6)...CORRECTED
STATION: KEY WEST WFO
MONTH: FEBRUARY
YEAR: 2022
LATITUDE: 24 33 N
LONGITUDE: 81 47 W
TEMPERATURE IN F: :PCPN: SNOW: WIND :SUNSHINE: SKY :PK WND
================================================================================
1 2 3 4 5 6A 6B 7 8 9 10 11 12 13 14 15 16 17 18
12Z AVG MX 2MIN
DY MAX MIN AVG DEP HDD CDD WTR SNW DPTH SPD SPD DIR MIN PSBL S-S WX SPD DR
================================================================================
1 74 61 68 M 0 3 T 0.0 0 M M M M M M M M
2 78 66 72 M 0 7 0.00 0.0 0 M M M M M M M M
3 80 71 76 M 0 11 0.00 0.0 0 M M M M M M M M
4 81 72 77 M 0 12 0.00 0.0 0 M M M M M M M M
5 81 69 75 M 0 10 0.00 0.0 0 M M M M M M M M
6 80 66 73 M 0 8 0.00 0.0 0 M M M M M M M M
7 71 66 69 M 0 4 0.00 0.0 0 M M M M M M M M
8 82 67 75 M 0 10 T 0.0 0 M M M M M M M M
9 68 64 66 M 0 1 0.01 0.0 0 M M M M M M M M
10 69 62 66 M 0 1 0.00 0.0 0 M M M M M M M M
11 73 65 69 M 0 4 0.00 0.0 0 M M M M M M M M
12 78 68 73 M 0 8 0.00 0.0 0 M M M M M M M M
13 74 62 68 M 0 3 0.83 0.0 0 M M M M M M M M
14 65 60 63 M 2 0 0.00 0.0 0 M M M M M M M M
15 75 61 68 M 0 3 0.00 0.0 0 M M M M M M M M
16 80 67 74 M 0 9 T 0.0 0 M M M M M M M M
17 81 72 77 M 0 12 0.00 0.0 0 M M M M M M M M
18 81 73 77 M 0 12 0.00 0.0 0 M M M M M M M M
19 79 69 74 M 0 9 0.00 0.0 0 M M M M M M M M
20 82 68 75 M 0 10 0.00 0.0 0 M M M M M M M M
21 82 70 76 M 0 11 0.00 0.0 0 M M M M M M M M
22 81 70 76 M 0 11 0.00 0.0 0 M M M M M M M M
23 82 72 77 M 0 12 0.00 0.0 0 M M M M M M M M
24 84 70 77 M 0 12 T 0.0 0 M M M M M M M M
25 83 71 77 M 0 12 T 0.0 0 M M M M M M M M
26 83 69 76 M 0 11 0.00 0.0 0 M M M M M M M M
27 76 69 73 M 0 8 0.40 0.0 0 M M M M M M M M
28 78 68 73 M 0 8 0.01 0.0 0 M M M M M M M M
================================================================================
SM 2181 1888 2 222 1.25 0.0 M M M
================================================================================
AV 77.9 67.4 M FASTST M M M MAX(MPH)
MISC ----> M M M M
================================================================================
NOTES:
# LAST OF SEVERAL OCCURRENCES
COLUMN 17 PEAK WIND IN M.P.H.
PRELIMINARY LOCAL CLIMATOLOGICAL DATA (WS FORM: F-6) , PAGE 2
STATION: KEY WEST WFO
MONTH: FEBRUARY
YEAR: 2022
LATITUDE: 24 33 N
LONGITUDE: 81 47 W
[TEMPERATURE DATA] [PRECIPITATION DATA] SYMBOLS USED IN COLUMN 16
AVERAGE MONTHLY: 72.7 TOTAL FOR MONTH: 1.25 1 = FOG OR MIST
DPTR FM NORMAL: 2.3 DPTR FM NORMAL: -0.71 2 = FOG REDUCING VISIBILITY
HIGHEST: 84 ON 24 GRTST 24HR 0.83 ON 13-13 TO 1/4 MILE OR LESS
LOWEST: 60 ON 14 3 = THUNDER
SNOW, ICE PELLETS, HAIL 4 = ICE PELLETS
TOTAL MONTH: 0.0 INCH 5 = HAIL
GRTST 24HR 0.0 6 = FREEZING RAIN OR DRIZZLE
GRTST DEPTH: 0 7 = DUSTSTORM OR SANDSTORM:
VSBY 1/2 MILE OR LESS
8 = SMOKE OR HAZE
[NO. OF DAYS WITH] [WEATHER - DAYS WITH] 9 = BLOWING SNOW
X = TORNADO
MAX 32 OR BELOW: 0 0.01 INCH OR MORE: 4
MAX 90 OR ABOVE: 0 0.10 INCH OR MORE: 2
MIN 32 OR BELOW: 0 0.50 INCH OR MORE: 1
MIN 0 OR BELOW: 0 1.00 INCH OR MORE: 0
[HDD (BASE 65) ]
TOTAL THIS MO. 2 CLEAR (SCALE 0-3) M
DPTR FM NORMAL -14 PTCLDY (SCALE 4-7) M
TOTAL FM JUL 1 30 CLOUDY (SCALE 8-10) M
DPTR FM NORMAL -22
[CDD (BASE 65) ]
TOTAL THIS MO. 222
DPTR FM NORMAL 55 [PRESSURE DATA]
TOTAL FM JAN 1 401 HIGHEST SLP M ON M
DPTR FM NORMAL 92 LOWEST SLP M ON M
[REMARKS]
#FINAL-02-22#
CORRECTED ALIGNMENT OF SNOW, ICE PELLETS, HAIL TABLE.
CORRECTED SKY COVER TABLE TO MISSING.
CORRECTED HDD DEPARTURE FROM NORMAL SINCE JUL 1.
CORRECTED CDD DEPARTURE FROM NORMAL SINCE JAN 1.
ROSS