000
CXUS52 KKEY 041534 RRB
CF6KEY
PRELIMINARY LOCAL CLIMATOLOGICAL DATA (WS FORM: F-6)...CORRECTED
STATION: KEY WEST WFO
MONTH: DECEMBER
YEAR: 2023
LATITUDE: 24 33 N
LONGITUDE: 81 47 W
TEMPERATURE IN F: :PCPN: SNOW: WIND :SUNSHINE: SKY :PK WND
================================================================================
1 2 3 4 5 6A 6B 7 8 9 10 11 12 13 14 15 16 17 18
12Z AVG MX 2MIN
DY MAX MIN AVG DEP HDD CDD WTR SNW DPTH SPD SPD DIR MIN PSBL S-S WX SPD DR
================================================================================
1 84 70 77 M 0 12 0.00 0.0 0 M M M M M M M M
2 85 76 81 M 0 16 0.00 0.0 0 M M M M M M M M
3 84 74 79 M 0 14 T 0.0 0 M M M M M M M M
4 84 72 78 M 0 13 0.00 0.0 0 M M M M M M M M
5 78 73 76 M 0 11 0.00 0.0 0 M M M M M M M M
6 73 66 70 M 0 5 0.00 0.0 0 M M M M M M M M
7 73 63 68 M 0 3 0.00 0.0 0 M M M M M M M M
8 82 67 75 M 0 10 T 0.0 0 M M M M M M M M
9 83 67 75 M 0 10 0.00 0.0 0 M M M M M M M M
10 82 72 77 M 0 12 0.01 0.0 0 M M M M M M M M
11 73 65 69 M 0 4 0.01 0.0 0 M M M M M M M M
12 71 64 68 M 0 3 0.00 0.0 0 M M M M M M M M
13 74 70 72 M 0 7 0.10 0.0 0 M M M M M M M M
14 77 69 73 M 0 8 0.16 0.0 0 M M M M M M M M
15 73 68 71 M 0 6 1.00 0.0 0 M M M M M M M M
16 76 69 73 M 0 8 2.18 0.0 0 M M M M M M M M
17 78 69 74 M 0 9 0.12 0.0 0 M M M M M M M M
18 75 67 71 M 0 6 0.01 0.0 0 M M M M M M M M
19 67 61 64 M 1 0 0.00 0.0 0 M M M M M M M M
20 73 62 68 M 0 3 0.00 0.0 0 M M M M M M M M
21 74 66 70 M 0 5 0.00 0.0 0 M M M M M M M M
22 74 65 70 M 0 5 0.00 0.0 0 M M M M M M M M
23 73 66 70 M 0 5 0.00 0.0 0 M M M M M M M M
24 77 68 73 M 0 8 0.33 0.0 0 M M M M M M M M
25 76 71 74 M 0 9 1.41 0.0 0 M M M M M M M M
26 77 68 73 M 0 8 0.02 0.0 0 M M M M M M M M
27 74 65 70 M 0 5 0.00 0.0 0 M M M M M M M M
28 70 61 66 M 0 1 0.85 0.0 0 M M M M M M M M
29 71 60 66 M 0 1 0.01 0.0 0 M M M M M M M M
30 67 57 62 M 3 0 0.01 0.0 0 M M M M M M M M
31 70 55 63 M 2 0 T 0.0 0 M M M M M M M M
================================================================================
SM 2348 2066 6 207 6.22 0.0 M M M
================================================================================
AV 75.7 66.6 M FASTST M M M MAX(MPH)
MISC ----> M M M M
================================================================================
NOTES:
# LAST OF SEVERAL OCCURRENCES
COLUMN 17 PEAK WIND IN M.P.H.
PRELIMINARY LOCAL CLIMATOLOGICAL DATA (WS FORM: F-6) , PAGE 2
STATION: KEY WEST WFO
MONTH: DECEMBER
YEAR: 2023
LATITUDE: 24 33 N
LONGITUDE: 81 47 W
[TEMPERATURE DATA] [PRECIPITATION DATA] SYMBOLS USED IN COLUMN 16
AVERAGE MONTHLY: 71.2 TOTAL FOR MONTH: 6.22 1 = FOG OR MIST
DPTR FM NORMAL: -0.3 DPTR FM NORMAL: 4.00 2 = FOG REDUCING VISIBILITY
HIGHEST: 85 ON 2 GRTST 24HR 2.18 ON 16-16 TO 1/4 MILE OR LESS
LOWEST: 55 ON 31 3 = THUNDER
SNOW, ICE PELLETS, HAIL 4 = ICE PELLETS
TOTAL MONTH: 0.0 INCH 5 = HAIL
GRTST 24HR 0.0 6 = FREEZING RAIN OR DRIZZLE
GRTST DEPTH: 0 7 = DUSTSTORM OR SANDSTORM:
VSBY 1/2 MILE OR LESS
8 = SMOKE OR HAZE
[NO. OF DAYS WITH] [WEATHER - DAYS WITH] 9 = BLOWING SNOW
X = TORNADO
MAX 32 OR BELOW: 0 0.01 INCH OR MORE: 14
MAX 90 OR ABOVE: 0 0.10 INCH OR MORE: 8
MIN 32 OR BELOW: 0 0.50 INCH OR MORE: 4
MIN 0 OR BELOW: 0 1.00 INCH OR MORE: 3
[HDD (BASE 65) ]
TOTAL THIS MO. 6 CLEAR (SCALE 0-3) M
DPTR FM NORMAL -5 PTCLDY (SCALE 4-7) M
TOTAL FM JUL 1 6 CLOUDY (SCALE 8-10) M
DPTR FM NORMAL -6
[CDD (BASE 65) ]
TOTAL THIS MO. 207
DPTR FM NORMAL -4 [PRESSURE DATA]
TOTAL FM JAN 1 5380 HIGHEST SLP M ON M
DPTR FM NORMAL 804 LOWEST SLP M ON M
[REMARKS]
#FINAL-12-23#
CORRECTED ALIGNMENT OF SNOW, ICE PELLETS, AND HAIL TABLE
CORRECTED CLOUD COVER DAYS TABLE
CORRECTED HDD DEPARTURE FROM JUL 1
ROSS