000
CXUS52 KTBW 011000
CF6LAL
PRELIMINARY LOCAL CLIMATOLOGICAL DATA (WS FORM: F-6)
STATION: LAKELAND LINDER
MONTH: AUGUST
YEAR: 2021
LATITUDE: 28 0 N
LONGITUDE: 82 3 W
TEMPERATURE IN F: :PCPN: SNOW: WIND :SUNSHINE: SKY :PK WND
================================================================================
1 2 3 4 5 6A 6B 7 8 9 10 11 12 13 14 15 16 17 18
12Z AVG MX 2MIN
DY MAX MIN AVG DEP HDD CDD WTR SNW DPTH SPD SPD DIR MIN PSBL S-S WX SPD DR
================================================================================
1 94 77 86 2 0 21 0.00 0.0 0 6.2 13 250 M M 3 18 250
2 94 78 86 2 0 21 0.28 0.0 0 4.6 10 220 M M 3 3 M M
3 88 76 82 -2 0 17 0.53 0.0 0 6.9 13 300 M M 5 1 M M
4 87 74 81 -3 0 16 0.15 0.0 0 9.3 21 210 M M 8 3 23 210
5 91 75 83 -1 0 18 0.03 0.0 0 9.1 16 210 M M 4 M M
6 95 74 85 1 0 20 0.00 0.0 0 5.6 12 120 M M 2 M M
7 95 75 85 1 0 20 0.46 0.0 0 3.5 8 180 M M 3 M M
8 94 75 85 1 0 20 0.01 0.0 0 3.7 9 90 M M 4 3 M M
9 94 77 86 2 0 21 0.00 0.0 0 3.9 12 140 M M 3 3 M M
10 91 77 84 0 0 19 0.00 0.0 0 6.6 14 100 M M 4 M M
11 95 77 86 2 0 21 0.00 0.0 0 5.6 15 90 M M 5 M M
12 93 76 85 1 0 20 0.10 0.0 0 7.2 24 90 M M 4 M M
13 92 74 83 -1 0 18 0.25 0.0 0 7.9 16 90 M M 3 3 M M
14 91 74 83 -1 0 18 1.25 0.0 0 5.2 22 70 M M 4 3 M M
15 85 76 81 -3 0 16 0.03 0.0 0 8.4 14 100 M M 4 M M
16 91 78 85 1 0 20 0.00 0.0 0 7.7 16 130 M M 4 M M
17 93 77 85 1 0 20 0.00 0.0 0 5.8 31 270 M M 5 13 M M
18 95 77 86 2 0 21 0.05 0.0 0 5.2 10 90 M M 4 3 M M
19 95 77 86 2 0 21 0.30 0.0 0 3.3 8 120 M M 3 3 M M
20 96 78 87 3 0 22 0.00 0.0 0 4.5 15 310 M M 3 M M
21 97 76 87 3 0 22 0.25 0.0 0 3.8 16 230 M M 4 3 M M
22 94 77 86 2 0 21 0.01 0.0 0 2.7 10 250 M M 2 M M
23 94 77 86 2 0 21 0.00 0.0 0 3.7 15 300 M M 6 3 M M
24 91 75 83 -1 0 18 0.08 0.0 0 4.2 15 340 M M 4 3 M M
25 93 77 85 1 0 20 0.00 0.0 0 6.8 16 80 M M 3 M M
26 92 70 81 -3 0 16 0.15 0.0 0 8.4 16 100 M M 5 M M
27 90 76 83 -1 0 18 0.14 0.0 0 9.1 14 80 M M 5 M M
28 91 78 85 1 0 20 0.00 0.0 0 11.0 17 140 M M 3 M M
29 94 78 86 2 0 21 0.00 0.0 0 6.6 12 120 M M 4 3 M M
30 93 77 85 2 0 20 0.15 0.0 0 5.0 12 250 M M 3 M M
31 94 75 85 2 0 20 0.00 0.0 M 7.8 14 260 M M 2 M M
================================================================================
SM 2872 2358 0 607 4.22 0.0 189.3 M 119
================================================================================
AV 92.6 76.1 6.1 FASTST M M 4 MAX(MPH)
MISC ----> 31 270 23 210
================================================================================
NOTES:
# LAST OF SEVERAL OCCURRENCES
COLUMN 17 PEAK WIND IN M.P.H.
PRELIMINARY LOCAL CLIMATOLOGICAL DATA (WS FORM: F-6) , PAGE 2
STATION: LAKELAND LINDER
MONTH: AUGUST
YEAR: 2021
LATITUDE: 28 0 N
LONGITUDE: 82 3 W
[TEMPERATURE DATA] [PRECIPITATION DATA] SYMBOLS USED IN COLUMN 16
AVERAGE MONTHLY: 84.4 TOTAL FOR MONTH: 4.22 1 = FOG OR MIST
DPTR FM NORMAL: 1.1 DPTR FM NORMAL: -4.86 2 = FOG REDUCING VISIBILITY
HIGHEST: 97 ON 21 GRTST 24HR 1.25 ON 14-14 TO 1/4 MILE OR LESS
LOWEST: 70 ON 26 3 = THUNDER
SNOW, ICE PELLETS, HAIL 4 = ICE PELLETS
TOTAL MONTH: 0.0 INCH 5 = HAIL
GRTST 24HR 0.0 6 = FREEZING RAIN OR DRIZZLE
GRTST DEPTH: 0 7 = DUSTSTORM OR SANDSTORM:
VSBY 1/2 MILE OR LESS
8 = SMOKE OR HAZE
[NO. OF DAYS WITH] [WEATHER - DAYS WITH] 9 = BLOWING SNOW
X = TORNADO
MAX 32 OR BELOW: 0 0.01 INCH OR MORE: 18
MAX 90 OR ABOVE: 28 0.10 INCH OR MORE: 12
MIN 32 OR BELOW: 0 0.50 INCH OR MORE: 2
MIN 0 OR BELOW: 0 1.00 INCH OR MORE: 1
[HDD (BASE 65) ]
TOTAL THIS MO. 0 CLEAR (SCALE 0-3) 12
DPTR FM NORMAL 0 PTCLDY (SCALE 4-7) 19
TOTAL FM JUL 1 0 CLOUDY (SCALE 8-10) 0
DPTR FM NORMAL 0
[CDD (BASE 65) ]
TOTAL THIS MO. 607
DPTR FM NORMAL 29 [PRESSURE DATA]
TOTAL FM JAN 1 2916 HIGHEST SLP M ON M
DPTR FM NORMAL 302 LOWEST SLP M ON M
[REMARKS]
#FINAL-08-21#