000
CXUS54 KHGX 011410
CF6LBX
PRELIMINARY LOCAL CLIMATOLOGICAL DATA (WS FORM: F-6)
STATION: ANGLETON/LAKE_JACKS
MONTH: MAY
YEAR: 2021
LATITUDE: 29 6 N
LONGITUDE: 95 28 W
TEMPERATURE IN F: :PCPN: SNOW: WIND :SUNSHINE: SKY :PK WND
================================================================================
1 2 3 4 5 6A 6B 7 8 9 10 11 12 13 14 15 16 17 18
12Z AVG MX 2MIN
DY MAX MIN AVG DEP HDD CDD WTR SNW DPTH SPD SPD DIR MIN PSBL S-S WX SPD DR
================================================================================
1 78 70 74 1 0 9 2.19 0.0 0 11.7 26 160 M M 8 13 34 160
2 84 70 77 3 0 12 0.02 0.0 0 11.6 22 180 M M 5 1 28 180
3 85 75 80 6 0 15 T 0.0 0 14.5 23 170 M M 9 18 26 170
4 90 73 82 8 0 17 0.00 0.0 0 6.1 18 350 M M 8 18 26 350
5 85 64 75 1 0 10 0.00 0.0 0 8.4 20 360 M M 3 1 27 10
6 84 61 73 -2 0 8 0.00 0.0 0 6.0 17 40 M M 0 1 23 40
7 85 59 72 -3 0 7 0.00 0.0 0 6.8 17 130 M M 0 1 22 130
8 83 64 74 -1 0 9 0.00 0.0 0 14.8 25 160 M M 7 31 160
9 84 76 80 5 0 15 T 0.0 0 16.5 25 180 M M 10 31 180
10 88 73 81 5 0 16 0.00 0.0 0 9.2 17 180 M M 8 1 21 170
11 88 71 80 4 0 15 T 0.0 0 10.4 24 350 M M 7 3 32 350
12 76 67 72 -4 0 7 0.02 0.0 0 12.8 18 360 M M 10 1 24 10
13 77 65 71 -5 0 6 0.00 0.0 0 7.6 16 10 M M 9 22 20
14 81 63 72 -5 0 7 0.00 0.0 0 6.9 16 110 M M 6 22 120
15 83 61 72 -5 0 7 0.00 0.0 0 8.3 17 130 M M 3 1 23 110
16 76 70 73 -4 0 8 1.22 0.0 0 7.0 21 180 M M 7 13 27 170
17 85 68 77 0 0 12 0.24 0.0 0 12.2 24 170 M M 8 13 32 50
18 84 66 75 -3 0 10 1.42 0.0 0 9.7 21 20 M M 6 13 32 110
19 84 66 75 -3 0 10 0.56 0.0 0 10.3 22 110 M M 7 13 32 110
20 82 64 73 -5 0 8 0.00 0.0 0 3.7 12 110 M M 5 12 15 110
21 84 70 77 -1 0 12 0.09 0.0 0 9.7 20 90 M M 8 128 28 90
22 81 74 78 -1 0 13 0.18 0.0 0 11.6 22 130 M M 9 1 32 130
23 78 71 75 -4 0 10 0.38 0.0 0 6.9 16 120 M M 8 1 23 140
24 81 73 77 -2 0 12 0.55 0.0 0 10.3 26 170 M M 9 138 33 160
25 83 76 80 1 0 15 T 0.0 0 11.6 22 170 M M 9 26 170
26 86 75 81 1 0 16 0.00 0.0 0 9.1 15 160 M M 7 1 20 150
27 88 74 81 1 0 16 0.00 0.0 0 10.4 16 180 M M 4 1 22 170
28 87 69 78 -2 0 13 0.44 0.0 0 8.4 28 350 M M 6 13 36 350
29 89 67 78 -2 0 13 0.20 0.0 0 4.0 21 90 M M 2 13 31 90
30 83 72 78 -2 0 13 0.46 0.0 0 6.8 18 70 M M 5 18 29 80
31 85 74 80 0 0 15 0.05 0.0 0 9.7 18 130 M M 5 18 24 150
================================================================================
SM 2587 2141 0 356 8.02 0.0 293.0 M 198
================================================================================
AV 83.5 69.1 9.5 FASTST M M 6 MAX(MPH)
MISC ----> 28 350 36 350
================================================================================
NOTES:
# LAST OF SEVERAL OCCURRENCES
COLUMN 17 PEAK WIND IN M.P.H.
PRELIMINARY LOCAL CLIMATOLOGICAL DATA (WS FORM: F-6) , PAGE 2
STATION: ANGLETON/LAKE_JACKS
MONTH: MAY
YEAR: 2021
LATITUDE: 29 6 N
LONGITUDE: 95 28 W
[TEMPERATURE DATA] [PRECIPITATION DATA] SYMBOLS USED IN COLUMN 16
AVERAGE MONTHLY: 76.3 TOTAL FOR MONTH: 8.02 1 = FOG OR MIST
DPTR FM NORMAL: -0.8 DPTR FM NORMAL: 3.72 2 = FOG REDUCING VISIBILITY
HIGHEST: 90 ON 4 GRTST 24HR 2.19 ON 1- 1 TO 1/4 MILE OR LESS
LOWEST: 59 ON 7 3 = THUNDER
SNOW, ICE PELLETS, HAIL 4 = ICE PELLETS
TOTAL MONTH: 0.0 INCH 5 = HAIL
GRTST 24HR 0.0 6 = FREEZING RAIN OR DRIZZLE
GRTST DEPTH: 0 7 = DUSTSTORM OR SANDSTORM:
VSBY 1/2 MILE OR LESS
8 = SMOKE OR HAZE
[NO. OF DAYS WITH] [WEATHER - DAYS WITH] 9 = BLOWING SNOW
X = TORNADO
MAX 32 OR BELOW: 0 0.01 INCH OR MORE: 15
MAX 90 OR ABOVE: 1 0.10 INCH OR MORE: 11
MIN 32 OR BELOW: 0 0.50 INCH OR MORE: 5
MIN 0 OR BELOW: 0 1.00 INCH OR MORE: 3
[HDD (BASE 65) ]
TOTAL THIS MO. 0 CLEAR (SCALE 0-3) 5
DPTR FM NORMAL -2 PTCLDY (SCALE 4-7) 18
TOTAL FM JUL 1 1208 CLOUDY (SCALE 8-10) 8
DPTR FM NORMAL 80
[CDD (BASE 65) ]
TOTAL THIS MO. 356
DPTR FM NORMAL -19 [PRESSURE DATA]
TOTAL FM JAN 1 688 HIGHEST SLP 30.24 ON 13
DPTR FM NORMAL -12 LOWEST SLP 29.60 ON 3
[REMARKS]
#FINAL-05-21#