000
CXUS54 KHGX 251637
CF6LBX
PRELIMINARY LOCAL CLIMATOLOGICAL DATA (WS FORM: F-6)
STATION: ANGLETON/LAKE_JACKS
MONTH: SEPTEMBER
YEAR: 2020
LATITUDE: 29 6 N
LONGITUDE: 95 28 W
TEMPERATURE IN F: :PCPN: SNOW: WIND :SUNSHINE: SKY :PK WND
================================================================================
1 2 3 4 5 6A 6B 7 8 9 10 11 12 13 14 15 16 17 18
12Z AVG MX 2MIN
DY MAX MIN AVG DEP HDD CDD WTR SNW DPTH SPD SPD DIR MIN PSBL S-S WX SPD DR
================================================================================
1 94 83 89 7 0 24 T 0.0 0 16.8 26 170 M M 9 32 170
2 95 80 88 6 0 23 T 0.0 0 12.1 23 180 M M 6 29 190
3 94 79 87 5 0 22 0.00 0.0 0 5.6 15 180 M M 2 18 180
4 93 77 85 3 0 20 T 0.0 0 5.5 17 120 M M 1 3 24 150
5 91 75 83 1 0 18 0.03 0.0 0 5.9 16 20 M M 2 3 23 10
6 93 74 84 2 0 19 0.24 0.0 0 5.2 20 340 M M 3 13 28 340
7 90 73 82 0 0 17 T 0.0 0 3.9 16 160 M M 1 13 17 160
8 84 73 79 -2 0 14 1.01 0.0 0 3.3 28 170 M M 3 13 34 170
9 92 76 84 3 0 19 0.43 0.0 0 5.6 18 130 M M 4 138 27 140
10 91 73 82 1 0 17 0.02 0.0 0 6.0 14 360 M M 4 13 16 360
11 91 72 82 1 0 17 0.00 0.0 0 7.3 14 10 M M 6 19 350
12 94 74 84 3 0 19 0.01 0.0 0 6.8 14 340 M M 4 3 21 330
13 92 76 84 3 0 19 0.00 0.0 0 8.0 16 50 M M 2 22 40
14 92 76 84 4 0 19 0.00 0.0 0 9.0 16 10 M M 4 22 360
15 95 75 85 5 0 20 0.00 0.0 0 6.8 14 350 M M 1 17 10
16 95 73 84 4 0 19 0.01 0.0 0 4.5 13 350 M M 1 19 10
17 90 76 83 3 0 18 0.02 0.0 0 5.2 12 60 M M 2 17 50
18 88 75 82 2 0 17 0.00 0.0 0 9.2 16 360 M M 0 20 40
19 M M M M M M M M M M M M M M M M M
20 M M M M M M M M M M M M M M M M M
21 80 71 76 -3 0 11 3.33 0.0 M 15.6 26 40 M M 9 1 36 30
22 81 75 78 -1 0 13 0.77 0.0 0 9.3 24 150 M M 10 1 29 160
23 81 71 76 -3 0 11 0.04 0.0 0 7.1 16 330 M M 8 1 23 300
24 76 69 73 -6 0 8 T 0.0 0 4.3 10 340 M M 10 1 13 340
25 86 64 75 -3 0 10 0.00 0.0 0 1.3 10 160 M M 3 18 12 140
26 87 63 75 -3 0 10 0.00 0.0 0 3.9 15 190 M M 0 1 19 190
27 89 71 80 2 0 15 0.00 0.0 0 9.4 18 180 M M 2 12 M M
28 79 69 74 -4 0 9 T 0.0 0 9.1 26 360 M M 7 12 31 350
29 82 53 68 -10 0 3 0.00 0.0 0 5.6 22 360 M M 1 25 360
30 84 51 68 -9 0 3 0.00 0.0 0 3.2 14 170 M M 0 18 190
================================================================================
SM 2479 2017 0 434 5.91 0.0 195.5 M 105
================================================================================
AV 88.5 72.0 7.0 FASTST M M 4 MAX(MPH)
MISC ----> 28 170 36 30
================================================================================
NOTES:
# LAST OF SEVERAL OCCURRENCES
COLUMN 17 PEAK WIND IN M.P.H.
PRELIMINARY LOCAL CLIMATOLOGICAL DATA (WS FORM: F-6) , PAGE 2
STATION: ANGLETON/LAKE_JACKS
MONTH: SEPTEMBER
YEAR: 2020
LATITUDE: 29 6 N
LONGITUDE: 95 28 W
[TEMPERATURE DATA] [PRECIPITATION DATA] SYMBOLS USED IN COLUMN 16
AVERAGE MONTHLY: 80.3 TOTAL FOR MONTH: 5.91 1 = FOG OR MIST
DPTR FM NORMAL: 0.2 DPTR FM NORMAL: -0.05 2 = FOG REDUCING VISIBILITY
HIGHEST: 95 ON 16,15 GRTST 24HR 3.33 ON 21-21 TO 1/4 MILE OR LESS
LOWEST: 51 ON 30 3 = THUNDER
SNOW, ICE PELLETS, HAIL 4 = ICE PELLETS
TOTAL MONTH: 0.0 INCH 5 = HAIL
GRTST 24HR 0.0 6 = FREEZING RAIN OR DRIZZLE
GRTST DEPTH: 0 7 = DUSTSTORM OR SANDSTORM:
VSBY 1/2 MILE OR LESS
8 = SMOKE OR HAZE
[NO. OF DAYS WITH] [WEATHER - DAYS WITH] 9 = BLOWING SNOW
X = TORNADO
MAX 32 OR BELOW: 0 0.01 INCH OR MORE: 11
MAX 90 OR ABOVE: 16 0.10 INCH OR MORE: 5
MIN 32 OR BELOW: 0 0.50 INCH OR MORE: 3
MIN 0 OR BELOW: 0 1.00 INCH OR MORE: 2
[HDD (BASE 65) ]
TOTAL THIS MO. 0 CLEAR (SCALE 0-3) 15
DPTR FM NORMAL 0 PTCLDY (SCALE 4-7) 8
TOTAL FM JUL 1 0 CLOUDY (SCALE 8-10) 7
DPTR FM NORMAL 0
[CDD (BASE 65) ]
TOTAL THIS MO. 434
DPTR FM NORMAL -19 [PRESSURE DATA]
TOTAL FM JAN 1 2963 HIGHEST SLP M ON M
DPTR FM NORMAL 126 LOWEST SLP 29.75 ON 22
[REMARKS]
#FINAL-09-20#