000
CXUS54 KLCH 010830
CF6LCH
PRELIMINARY LOCAL CLIMATOLOGICAL DATA (WS FORM: F-6)
STATION: LAKE CHARLES
MONTH: JULY
YEAR: 2023
LATITUDE: 30 7 N
LONGITUDE: 93 13 W
TEMPERATURE IN F: :PCPN: SNOW: WIND :SUNSHINE: SKY :PK WND
================================================================================
1 2 3 4 5 6A 6B 7 8 9 10 11 12 13 14 15 16 17 18
12Z AVG MX 2MIN
DY MAX MIN AVG DEP HDD CDD WTR SNW DPTH SPD SPD DIR MIN PSBL S-S WX SPD DR
================================================================================
1 95 78 87 4 0 22 0.00 0.0 M 5.4 10 220 M M 1 16 270
2 95 77 86 3 0 21 0.00 0.0 M 5.7 14 250 M M 1 21 250
3 95 76 86 3 0 21 T 0.0 M 5.2 15 210 M M 0 1 20 230
4 93 78 86 2 0 21 0.04 0.0 M 5.6 21 270 M M 2 13 29 240
5 95 76 86 2 0 21 1.55 0.0 M 5.7 17 170 M M 2 13 27 230
6 92 75 84 0 0 19 0.43 0.0 M 3.8 24 230 M M 2 13 35 220
7 92 76 84 0 0 19 0.00 0.0 M 5.1 15 270 M M 1 3 21 270
8 87 76 82 -2 0 17 0.17 0.0 M 8.3 22 150 M M 1 138 29 120
9 92 80 86 2 0 21 T 0.0 M 9.4 17 250 M M 1 3 27 240
10 96 78 87 3 0 22 0.01 0.0 M 7.3 26 40 M M 2 3 33 40
11 95 81 88 4 0 23 0.00 0.0 M 9.2 17 210 M M 2 3 26 210
12 94 82 88 4 0 23 0.00 0.0 M 10.3 18 190 M M 2 25 200
13 94 82 88 4 0 23 0.00 0.0 M 10.2 18 200 M M 1 28 190
14 93 81 87 3 0 22 0.00 0.0 M 9.2 16 200 M M 1 25 200
15 95 81 88 4 0 23 0.00 0.0 M 9.1 20 210 M M 1 27 200
16 96 76 86 2 0 21 0.00 0.0 M 8.4 26 50 M M 2 138 34 40
17 95 74 85 1 0 20 T 0.0 M 5.1 17 330 M M 0 3 25 340
18 94 77 86 2 0 21 0.00 0.0 M 7.3 15 200 M M 1 18 22 190
19 95 78 87 3 0 22 0.00 0.0 M 7.0 14 210 M M 0 21 190
20 96 77 87 3 0 22 0.00 0.0 M 6.3 15 200 M M 1 21 200
21 96 78 87 3 0 22 0.01 0.0 0 5.5 14 190 M M 1 1 19 190
22 98 76 87 3 0 22 0.66 0.0 M 6.8 32 70 M M 2 13 43 60
23 95 76 86 2 0 21 0.00 0.0 M 4.6 12 60 M M 2 1 17 20
24 96 72 84 0 0 19 0.00 0.0 M 4.7 13 120 M M 0 16 120
25 94 76 85 1 0 20 0.00 0.0 M 4.8 22 180 M M 1 13 29 170
26 96 73 85 1 0 20 0.00 0.0 M 4.2 12 210 M M 1 18 15 200
27 96 75 86 2 0 21 0.00 0.0 M 5.5 16 150 M M 0 22 120
28 95 74 85 1 0 20 0.13 0.0 M 4.3 28 130 M M 1 8 34 140
29 95 74 85 1 0 20 0.00 0.0 M 4.6 13 200 M M 1 18 200
30 99 75 87 3 0 22 0.00 0.0 M 4.9 14 210 M M 0 1 19 210
31 100 78 89 5 0 24 0.03 0.0 M 5.6 31 60 M M 1 38 45 50
================================================================================
SM 2939 2386 0 655 3.03 0.0 199.1 M 34
================================================================================
AV 94.8 77.0 6.4 FASTST M M 1 MAX(MPH)
MISC ----> 32 70 45 50
================================================================================
NOTES:
# LAST OF SEVERAL OCCURRENCES
COLUMN 17 PEAK WIND IN M.P.H.
PRELIMINARY LOCAL CLIMATOLOGICAL DATA (WS FORM: F-6) , PAGE 2
STATION: LAKE CHARLES
MONTH: JULY
YEAR: 2023
LATITUDE: 30 7 N
LONGITUDE: 93 13 W
[TEMPERATURE DATA] [PRECIPITATION DATA] SYMBOLS USED IN COLUMN 16
AVERAGE MONTHLY: 85.9 TOTAL FOR MONTH: 3.03 1 = FOG OR MIST
DPTR FM NORMAL: 2.0 DPTR FM NORMAL: -2.66 2 = FOG REDUCING VISIBILITY
HIGHEST: 100 ON 31 GRTST 24HR 1.98 ON 5- 6 TO 1/4 MILE OR LESS
LOWEST: 72 ON 24 3 = THUNDER
SNOW, ICE PELLETS, HAIL 4 = ICE PELLETS
TOTAL MONTH: 0.0 INCH 5 = HAIL
GRTST 24HR 0.0 6 = FREEZING RAIN OR DRIZZLE
GRTST DEPTH: 0 7 = DUSTSTORM OR SANDSTORM:
VSBY 1/2 MILE OR LESS
8 = SMOKE OR HAZE
[NO. OF DAYS WITH] [WEATHER - DAYS WITH] 9 = BLOWING SNOW
X = TORNADO
MAX 32 OR BELOW: 0 0.01 INCH OR MORE: 9
MAX 90 OR ABOVE: 30 0.10 INCH OR MORE: 5
MIN 32 OR BELOW: 0 0.50 INCH OR MORE: 2
MIN 0 OR BELOW: 0 1.00 INCH OR MORE: 1
[HDD (BASE 65) ]
TOTAL THIS MO. 0 CLEAR (SCALE 0-3) 31
DPTR FM NORMAL 0 PTCLDY (SCALE 4-7) 0
TOTAL FM JUL 1 0 CLOUDY (SCALE 8-10) 0
DPTR FM NORMAL 0
[CDD (BASE 65) ]
TOTAL THIS MO. 655
DPTR FM NORMAL 69 [PRESSURE DATA]
TOTAL FM JAN 1 1812 HIGHEST SLP 30.19 ON 25
DPTR FM NORMAL 91 LOWEST SLP 29.86 ON 22
[REMARKS]
#FINAL-07-23#