000
CXUS54 KLCH 010930
CF6LCH
PRELIMINARY LOCAL CLIMATOLOGICAL DATA (WS FORM: F-6)
STATION: LAKE CHARLES
MONTH: JANUARY
YEAR: 2024
LATITUDE: 30 7 N
LONGITUDE: 93 13 W
TEMPERATURE IN F: :PCPN: SNOW: WIND :SUNSHINE: SKY :PK WND
================================================================================
1 2 3 4 5 6A 6B 7 8 9 10 11 12 13 14 15 16 17 18
12Z AVG MX 2MIN
DY MAX MIN AVG DEP HDD CDD WTR SNW DPTH SPD SPD DIR MIN PSBL S-S WX SPD DR
================================================================================
1 63 43 53 0 12 0 0.48 M M 7.6 17 360 M M 5 1 21 360
2 59 36 48 -5 17 0 0.00 0.0 M 8.6 15 90 M M 1 23 90
3 62 41 52 -1 13 0 0.67 M M 10.4 23 80 M M 3 1 30 80
4 62 38 50 -3 15 0 0.00 0.0 M 7.3 15 70 M M 0 23 70
5 57 44 51 -2 14 0 1.53 M M 12.8 26 280 M M 9 13 42 280
6 55 36 46 -7 19 0 0.00 0.0 M 3.1 9 320 M M 5 12 12 310
7 58 35 47 -6 18 0 0.00 0.0 M 4.8 12 120 M M 2 1 16 160
8 71 49 60 7 5 0 1.24 T M 16.1 30 320 M M 9 135 42 310
9 54 39 47 -6 18 0 0.05 T M 14.7 28 300 M M 3 135 39 290
10 61 32 47 -6 18 0 0.00 0.0 M 7.7 18 200 M M 1 27 170
11 74 50 62 9 3 0 0.00 0.0 M 12.3 23 180 M M 4 30 180
12 69 38 54 1 11 0 T M M 18.5 39 310 M M 4 18 54 290
13 59 29 44 -9 21 0 0.00 0.0 M 6.0 16 210 M M 0 21 220
14 69 40 55 2 10 0 0.00 0.0 M 7.5 15 20 M M 4 19 170
15 46 25 36 -17 29 0 0.07 T 0 16.9 29 10 M M 10 146 39 10
16 35 19 27 -26 38 0 0.00 0.0 M 17.7 28 10 M M 2 39 10
17 42 19 31 -22 34 0 0.00 0.0 M 7.1 14 120 M M 2 19 110
18 68 41 55 2 10 0 0.00 0.0 M 7.6 16 130 M M 9 12 21 130
19 57 37 47 -6 18 0 0.00 0.0 0 14.0 28 30 M M 2 12 35 40
20 47 30 39 -14 26 0 0.00 0.0 M 11.4 20 40 M M 0 26 30
21 45 30 38 -15 27 0 0.00 0.0 M 12.2 20 70 M M 9 27 90
22 64 43 54 1 11 0 0.54 M M 16.3 30 120 M M 9 1 38 130
23 70 59 65 12 0 0 0.09 0.0 M 12.5 23 140 M M 10 12 29 140
24 68 61 65 12 0 0 2.84 0.0 M 9.4 25 340 M M 9 123 33 340
25 70 53 62 8 3 0 1.00 0.0 0 7.7 25 80 M M 6 123 35 70
26 66 55 61 7 4 0 2.04 0.0 M 10.2 22 120 M M 9 123 34 240
27 66 50 58 4 7 0 0.32 M M 13.5 22 330 M M 9 1 33 230
28 61 43 52 -2 13 0 0.00 0.0 M 9.9 20 360 M M 5 25 360
29 68 39 54 0 11 0 0.00 0.0 M 4.2 10 10 M M 0 14 360
30 72 44 58 4 7 0 0.00 0.0 M 7.9 16 240 M M 0 22 240
31 73 47 60 6 5 0 0.00 0.0 M 5.3 14 50 M M 0 22 80
================================================================================
SM 1891 1245 437 0 10.87 T 321.2 M 141
================================================================================
AV 61.0 40.2 10.4 FASTST M M 5 MAX(MPH)
MISC ----> 39 310 54 290
================================================================================
NOTES:
# LAST OF SEVERAL OCCURRENCES
COLUMN 17 PEAK WIND IN M.P.H.
PRELIMINARY LOCAL CLIMATOLOGICAL DATA (WS FORM: F-6) , PAGE 2
STATION: LAKE CHARLES
MONTH: JANUARY
YEAR: 2024
LATITUDE: 30 7 N
LONGITUDE: 93 13 W
[TEMPERATURE DATA] [PRECIPITATION DATA] SYMBOLS USED IN COLUMN 16
AVERAGE MONTHLY: 50.6 TOTAL FOR MONTH: 10.87 1 = FOG OR MIST
DPTR FM NORMAL: -2.6 DPTR FM NORMAL: 4.98 2 = FOG REDUCING VISIBILITY
HIGHEST: 74 ON 11 GRTST 24HR 4.59 ON 26-27 TO 1/4 MILE OR LESS
LOWEST: 19 ON 17,16 3 = THUNDER
SNOW, ICE PELLETS, HAIL 4 = ICE PELLETS
TOTAL MONTH: T 5 = HAIL
GRTST 24HR T ON 8- 8 6 = FREEZING RAIN OR DRIZZLE
GRTST DEPTH: 0 7 = DUSTSTORM OR SANDSTORM:
VSBY 1/2 MILE OR LESS
8 = SMOKE OR HAZE
[NO. OF DAYS WITH] [WEATHER - DAYS WITH] 9 = BLOWING SNOW
X = TORNADO
MAX 32 OR BELOW: 0 0.01 INCH OR MORE: 12
MAX 90 OR ABOVE: 0 0.10 INCH OR MORE: 9
MIN 32 OR BELOW: 7 0.50 INCH OR MORE: 7
MIN 0 OR BELOW: 0 1.00 INCH OR MORE: 5
[HDD (BASE 65) ]
TOTAL THIS MO. 437 CLEAR (SCALE 0-3) 13
DPTR FM NORMAL 58 PTCLDY (SCALE 4-7) 8
TOTAL FM JUL 1 914 CLOUDY (SCALE 8-10) 10
DPTR FM NORMAL 16
[CDD (BASE 65) ]
TOTAL THIS MO. 0
DPTR FM NORMAL -14 [PRESSURE DATA]
TOTAL FM JAN 1 0 HIGHEST SLP 30.59 ON 20
DPTR FM NORMAL -14 LOWEST SLP 29.53 ON 8
[REMARKS]
#FINAL-01-24#