000
CXUS52 KMLB 011339
CLMLEE
CLIMATE REPORT
NATIONAL WEATHER SERVICE MELBOURNE FL
839 AM EST FRI MAR 01 2024
...................................
...THE LEESBURG CLIMATE SUMMARY FOR THE MONTH OF FEBRUARY 2024...
CLIMATE NORMAL PERIOD 1991 TO 2020
CLIMATE RECORD PERIOD 1958 TO 2024
WEATHER OBSERVED NORMAL DEPART LAST YEAR`S
VALUE DATE(S) VALUE FROM VALUE
NORMAL
..............................................................
TEMPERATURE (F)
MONTHLY RECORD
HOTTEST71.8 2018
COLDEST53.3 2010
DAILY RECORD
HIGH 89 02/22/1991
LOW 23 02/26/1967
FEBRUARY 2024
HIGHEST 84 02/11 88
LOWEST 40 02/22 46
AVG. MAXIMUM 72.4 73.3 -0.9 80.9
AVG. MINIMUM 50.7 52.0 -1.3 57.8
MEAN 61.6 62.6 -1.0 69.4
DAYS MAX >= 90 0 0.0 0.0 0
DAYS MAX <= 32 0 0.0 0.0 0
DAYS MIN <= 32 0 0.5 -0.5 0
DAYS MIN <= 0 0 0.0 0.0 0
PRECIPITATION (INCHES)
MONTHLY RECORD
MAXIMUM 6.71 1983
MINIMUM 0.30 2023
DAILY RECORD
MAXIMUM3.28 02/03/1970
FEBRUARY 2024
TOTALS 3.25 2.08 1.17 0.30
DAYS >= .01 7 6
DAYS >= .10 5 1
DAYS >= .50 2 0
DAYS >= 1.00 1 0
GREATEST
24 HR. TOTAL 1.67 02/17 TO 02/18
SNOWFALL (INCHES)
TOTALS 0.0 MM MM 0.0
SINCE 7/1 0.0 MM MM MM
DAYS >= TRACE 0 0
DEGREE DAYS
HEATING TOTAL 124 126 -2 23
SINCE 7/1 508 561 -53 MM
COOLING TOTAL 32 60 -28 154
SINCE 1/1 73 98 -25 MM
..............................................................
WIND (MPH)
AVERAGE WIND SPEED 6.5
HIGHEST WIND SPEED/DIRECTION 23/200 DATE 02/12
HIGHEST GUST SPEED/DIRECTION 38/230 DATE 02/23
SKY COVER
POSSIBLE SUNSHINE (PERCENT) MM
AVERAGE SKY COVER 0.26
NUMBER OF DAYS FAIR 18
NUMBER OF DAYS PC 9
NUMBER OF DAYS CLOUDY 2
AVERAGE RH (PERCENT) 69
WEATHER CONDITIONS. NUMBER OF DAYS WITH
THUNDERSTORM 1 MIXED PRECIP 0
HEAVY RAIN 4 RAIN 5
LIGHT RAIN 6 LT FREEZING RAIN 0
HAIL 0 LIGHT SNOW 0
SLEET 0 FOG 13
FOG W/VIS <= 1/4 MILE 1 HAZE 1
- INDICATES NEGATIVE NUMBERS.
R INDICATES RECORD WAS SET OR TIED.
MM INDICATES DATA IS MISSING.
T INDICATES TRACE AMOUNT.
$$