000
CXUS53 KLMK 030938
CLMLEX
CLIMATE REPORT
NATIONAL WEATHER SERVICE LOUISVILLE KY
538 AM EDT MON JUL 03 2023
...................................
...THE LEXINGTON KY CLIMATE SUMMARY FOR THE MONTH OF JUNE 2023...
CLIMATE NORMAL PERIOD 1991 TO 2020
CLIMATE RECORD PERIOD 1872 TO 2023
WEATHER OBSERVED NORMAL DEPART LAST YEAR`S
VALUE DATE(S) VALUE FROM VALUE DATE(S)
NORMAL
................................................................
TEMPERATURE (F)
RECORD
HIGH 104 06/29/1936
LOW 39 06/01/1966
HIGHEST 93 06/03 MM MM 98 06/22
LOWEST 49 06/13 MM MM 53 06/04
06/29
AVG. MAXIMUM 82.7 83.8 -1.1 87.6
AVG. MINIMUM 60.2 62.8 -2.6 64.2
MEAN 71.5 73.3 -1.8 75.9
DAYS MAX >= 90 2 4.1 -2.1 12
DAYS MAX <= 32 0 0.0 0.0 0
DAYS MIN <= 32 0 0.0 0.0 0
DAYS MIN <= 0 0 0.0 0.0 0
PRECIPITATION (INCHES)
RECORD
MAXIMUM 11.69 1960
MINIMUM 0.61 1988
TOTALS 6.75 4.96 1.79 2.10
DAILY AVG. 0.23 0.17 0.06 0.07
DAYS >= .01 10 11.7 -1.7 10
DAYS >= .10 5 7.8 -2.8 6
DAYS >= .50 4 3.5 0.5 1
DAYS >= 1.00 3 1.1 1.9 0
GREATEST
24 HR. TOTAL 2.57 06/30 TO 06/30
SNOWFALL (INCHES)
RECORDS
TOTAL MM 5
TOTALS 0.0 0.0 0.0 0.0
SINCE 7/1 3.1 14.5 -11.4 MM
SNOWDEPTH AVG. 0 0
DAYS >= 1.0 0 0.0 0.0 0
GREATEST
SNOW DEPTH 0 0 MM
DEGREE DAYS
HEATING TOTAL 4 8 -4 0
SINCE 7/1 3656 4430 -774 MM
COOLING TOTAL 205 257 -52 333
SINCE 1/1 312 392 -80 MM
................................................................
WIND (MPH)
AVERAGE WIND SPEED 7.2
HIGHEST WIND SPEED/DIRECTION 30/350 DATE 06/25
HIGHEST GUST SPEED/DIRECTION 41/170 DATE 06/25
SKY COVER
POSSIBLE SUNSHINE (PERCENT) MM
AVERAGE SKY COVER 0.32
NUMBER OF DAYS FAIR 19
NUMBER OF DAYS PC 6
NUMBER OF DAYS CLOUDY 5
AVERAGE RH (PERCENT) 64
WEATHER CONDITIONS. NUMBER OF DAYS WITH
THUNDERSTORM 6 MIXED PRECIP 0
HEAVY RAIN 4 RAIN 6
LIGHT RAIN 10 FREEZING RAIN 0
LT FREEZING RAIN 0 HAIL 0
HEAVY SNOW 0 SNOW 0
LIGHT SNOW 0 SLEET 0
FOG 13 FOG W/VIS <= 1/4 MILE 0
HAZE 13
- INDICATES NEGATIVE NUMBERS.
R INDICATES RECORD WAS SET OR TIED.
MM INDICATES DATA IS MISSING.
T INDICATES TRACE AMOUNT.
$$