000
CXUS54 KSHV 011400
CF6LFK
PRELIMINARY LOCAL CLIMATOLOGICAL DATA (WS FORM: F-6)
STATION: LUFKIN
MONTH: FEBRUARY
YEAR: 2021
LATITUDE: 31 14 N
LONGITUDE: 94 45 W
TEMPERATURE IN F: :PCPN: SNOW: WIND :SUNSHINE: SKY :PK WND
================================================================================
1 2 3 4 5 6A 6B 7 8 9 10 11 12 13 14 15 16 17 18
12Z AVG MX 2MIN
DY MAX MIN AVG DEP HDD CDD WTR SNW DPTH SPD SPD DIR MIN PSBL S-S WX SPD DR
================================================================================
1 62 35 49 -1 16 0 0.00 0.0 0 4.9 15 330 M M 0 20 340
2 63 33 48 -2 17 0 0.00 0.0 0 3.2 10 80 M M 0 1 17 330
3 68 36 52 1 13 0 0.00 0.0 0 8.9 16 150 M M 1 1 21 150
4 80 50 65 14 0 0 0.00 0.0 0 9.6 20 210 M M 7 27 240
5 55 41 48 -3 17 0 0.13 0.0 0 6.4 14 130 M M 6 1 20 120
6 64 42 53 2 12 0 0.00 0.0 0 7.1 18 320 M M 7 26 300
7 64 41 53 2 12 0 0.00 0.0 0 7.1 16 70 M M 3 20 90
8 64 40 52 1 13 0 0.00 0.0 0 7.0 15 160 M M 6 1 20 160
9 68 53 61 9 4 0 0.00 0.0 0 3.9 10 320 M M 10 12 14 330
10 58 43 51 -1 14 0 0.04 0.0 0 4.5 10 330 M M 10 138 15 330
11 43 35 39 -13 26 0 0.11 0.0 0 7.7 15 360 M M 10 13 20 10
12 39 34 37 -15 28 0 T 0.0 0 9.8 18 10 M M 10 1 24 10
13 42 32 37 -15 28 0 0.00 0.0 0 9.6 16 360 M M 10 22 350
14 34 23 29 -23 36 0 0.12 0.5 0 9.3 15 360 M M 10 1468 22 40
15 23 9 16 -37 49 0 0.25 2.5 3 2.0 20 320 M M 8 12 28 340
16 33 3 18 -35 47 0 0.00 0.0 3 M M M M M 3 M M
17 34 27 31 -22 34 0 1.43 0.2 3 M M M M M 10 16 M M
18 33 25 29 -24 36 0 0.00 0.0 3 M M M M M 10 M M
19 41 19 30 -24 35 0 0.00 0.0 2 M M M M M 1 1 M M
20 61 24 43 -11 22 0 0.00 0.0 T 5.4 13 160 M M 2 12 17 150
21 71 34 53 -1 12 0 0.02 0.0 0 8.6 21 200 M M 6 1 31 190
22 72 37 55 1 10 0 T 0.0 0 3.5 12 40 M M 1 1 15 40
23 78 37 58 4 7 0 0.00 0.0 0 6.5 18 180 M M 0 24 180
24 81 48 65 10 0 0 0.00 0.0 0 6.2 17 210 M M 5 23 220
25 71 52 62 7 3 0 0.06 0.0 0 4.5 20 140 M M 9 1 25 140
26 78 62 70 15 0 5 0.20 0.0 0 5.8 15 200 M M 9 1 19 200
27 81 64 73 17 0 8 T 0.0 0 10.3 23 150 M M 9 1 30 150
28 81 69 75 19 0 10 T 0.0 0 9.9 21 180 M M 8 1 28 190
================================================================================
SM 1642 1048 491 23 2.36 3.2 161.7 M 171
================================================================================
AV 58.6 37.4 6.7 FASTST M M 6 MAX(MPH)
MISC ----> 23 150 31 190
================================================================================
NOTES:
# LAST OF SEVERAL OCCURRENCES
COLUMN 17 PEAK WIND IN M.P.H.
PRELIMINARY LOCAL CLIMATOLOGICAL DATA (WS FORM: F-6) , PAGE 2
STATION: LUFKIN
MONTH: FEBRUARY
YEAR: 2021
LATITUDE: 31 14 N
LONGITUDE: 94 45 W
[TEMPERATURE DATA] [PRECIPITATION DATA] SYMBOLS USED IN COLUMN 16
AVERAGE MONTHLY: 48.0 TOTAL FOR MONTH: 2.36 1 = FOG OR MIST
DPTR FM NORMAL: -4.7 DPTR FM NORMAL: -1.51 2 = FOG REDUCING VISIBILITY
HIGHEST: 81 ON 28,27 GRTST 24HR 1.43 ON 17-17 TO 1/4 MILE OR LESS
LOWEST: 3 ON 16 3 = THUNDER
SNOW, ICE PELLETS, HAIL 4 = ICE PELLETS
TOTAL MONTH: 3.2 INCHES 5 = HAIL
GRTST 24HR 2.5 ON 15-15 6 = FREEZING RAIN OR DRIZZLE
GRTST DEPTH: 3 ON 18,17 7 = DUSTSTORM OR SANDSTORM:
VSBY 1/2 MILE OR LESS
8 = SMOKE OR HAZE
[NO. OF DAYS WITH] [WEATHER - DAYS WITH] 9 = BLOWING SNOW
X = TORNADO
MAX 32 OR BELOW: 1 0.01 INCH OR MORE: 9
MAX 90 OR ABOVE: 0 0.10 INCH OR MORE: 6
MIN 32 OR BELOW: 8 0.50 INCH OR MORE: 1
MIN 0 OR BELOW: 0 1.00 INCH OR MORE: 1
[HDD (BASE 65) ]
TOTAL THIS MO. 491 CLEAR (SCALE 0-3) 8
DPTR FM NORMAL 137 PTCLDY (SCALE 4-7) 7
TOTAL FM JUL 1 1566 CLOUDY (SCALE 8-10) 13
DPTR FM NORMAL -68
[CDD (BASE 65) ]
TOTAL THIS MO. 23
DPTR FM NORMAL 12 [PRESSURE DATA]
TOTAL FM JAN 1 23 HIGHEST SLP 30.55 ON 19
DPTR FM NORMAL 11 LOWEST SLP 29.73 ON 4
[REMARKS]
#FINAL-02-21#