000
CXUS54 KSHV 281300
CF6LFK
PRELIMINARY LOCAL CLIMATOLOGICAL DATA (WS FORM: F-6)
STATION: LUFKIN
MONTH: MARCH
YEAR: 2024
LATITUDE: 31 14 N
LONGITUDE: 94 45 W
TEMPERATURE IN F: :PCPN: SNOW: WIND :SUNSHINE: SKY :PK WND
================================================================================
1 2 3 4 5 6A 6B 7 8 9 10 11 12 13 14 15 16 17 18
12Z AVG MX 2MIN
DY MAX MIN AVG DEP HDD CDD WTR SNW DPTH SPD SPD DIR MIN PSBL S-S WX SPD DR
================================================================================
1 70 45 58 2 7 0 T 0.0 0 3.0 10 10 M M 6 15 360
2 77 46 62 6 3 0 0.00 0.0 0 3.9 10 230 M M 3 12 17 240
3 81 58 70 14 0 5 0.00 0.0 0 7.3 16 150 M M 6 1 29 130
4 82 68 75 18 0 10 0.15 0.0 0 6.5 15 190 M M 7 13 24 200
5 79 61 70 13 0 5 0.55 0.0 0 4.7 20 130 M M 5 13 29 20
6 84 56 70 13 0 5 0.00 0.0 0 4.1 20 60 M M 2 138 31 70
7 77 59 68 11 0 3 0.01 0.0 0 6.0 22 150 M M 3 32 150
8 73 60 67 9 0 2 0.31 0.0 0 5.3 20 310 M M 7 13 29 300
9 61 45 53 -5 12 0 T 0.0 0 8.2 17 330 M M 6 34 310
10 69 38 54 -4 11 0 0.00 0.0 0 2.8 10 80 M M 0 17 320
11 73 49 61 3 4 0 0.00 0.0 0 4.5 10 150 M M 3 15 100
12 78 47 63 5 2 0 0.00 0.0 0 5.9 15 150 M M 3 12 22 170
13 84 63 74 15 0 9 0.00 0.0 0 9.2 20 160 M M 6 27 150
14 88 72 80 21 0 15 T 0.0 0 10.7 22 150 M M 7 1 30 170
15 78 65 72 13 0 7 0.16 0.0 0 5.3 15 70 M M 6 13 25 80
16 72 61 67 7 0 2 T 0.0 0 5.6 14 100 M M 9 13 19 90
17 69 61 65 5 0 0 0.80 0.0 0 5.5 22 80 M M 9 13 31 90
18 67 45 56 -4 9 0 0.00 0.0 0 8.2 18 20 M M 3 30 20
19 67 37 52 -8 13 0 0.00 0.0 0 3.1 10 200 M M 0 15 270
20 M M M M M M 0.00 0.0 0 3.5 10 140 M M 8 14 200
21 M M M M M M 0.53 0.0 0 7.1 15 90 M M 10 22 80
22 M M M M M M 0.37 0.0 0 6.6 17 340 M M 9 138 28 340
23 M M M M M M 0.00 0.0 0 4.9 10 80 M M 2 8 15 90
24 M M M M M M 0.00 0.0 0 12.1 22 150 M M 3 35 150
25 M M M M M M 0.36 0.0 0 7.0 21 140 M M 8 38 31 330
26 67 47 57 -5 8 0 0.00 0.0 0 4.4 14 320 M M 0 21 310
27 65 45 55 -7 10 0 0.00 0.0 0 4.1 9 40 M M 0 M M
================================================================================
SM 1561 1128 79 63 3.24 0.0 159.5 M 131
================================================================================
AV 74.3 53.7 5.9 FASTST M M 5 MAX(MPH)
MISC ----> # 22 150 35 150
================================================================================
NOTES:
# LAST OF SEVERAL OCCURRENCES
COLUMN 17 PEAK WIND IN M.P.H.
PRELIMINARY LOCAL CLIMATOLOGICAL DATA (WS FORM: F-6) , PAGE 2
STATION: LUFKIN
MONTH: MARCH
YEAR: 2024
LATITUDE: 31 14 N
LONGITUDE: 94 45 W
[TEMPERATURE DATA] [PRECIPITATION DATA] SYMBOLS USED IN COLUMN 16
AVERAGE MONTHLY: 64.0 TOTAL FOR MONTH: 3.24 1 = FOG OR MIST
DPTR FM NORMAL: 5.1 DPTR FM NORMAL: -0.48 2 = FOG REDUCING VISIBILITY
HIGHEST: 88 ON 14 GRTST 24HR 0.89 ON 21-22 TO 1/4 MILE OR LESS
LOWEST: 37 ON 19 3 = THUNDER
SNOW, ICE PELLETS, HAIL 4 = ICE PELLETS
TOTAL MONTH: 0.0 INCH 5 = HAIL
GRTST 24HR 0.0 6 = FREEZING RAIN OR DRIZZLE
GRTST DEPTH: 0 7 = DUSTSTORM OR SANDSTORM:
VSBY 1/2 MILE OR LESS
8 = SMOKE OR HAZE
[NO. OF DAYS WITH] [WEATHER - DAYS WITH] 9 = BLOWING SNOW
X = TORNADO
MAX 32 OR BELOW: 0 0.01 INCH OR MORE: 9
MAX 90 OR ABOVE: 0 0.10 INCH OR MORE: 8
MIN 32 OR BELOW: 0 0.50 INCH OR MORE: 3
MIN 0 OR BELOW: 0 1.00 INCH OR MORE: 0
[HDD (BASE 65) ]
TOTAL THIS MO. 79 CLEAR (SCALE 0-3) 11
DPTR FM NORMAL -117 PTCLDY (SCALE 4-7) 12
TOTAL FM JUL 1 1458 CLOUDY (SCALE 8-10) 4
DPTR FM NORMAL -413
[CDD (BASE 65) ]
TOTAL THIS MO. 63
DPTR FM NORMAL 31 [PRESSURE DATA]
TOTAL FM JAN 1 102 HIGHEST SLP M ON M
DPTR FM NORMAL 52 LOWEST SLP 29.66 ON 8
[REMARKS]