000
CXUS55 KLMK 012332
CLMLOU
CLIMATE REPORT
NATIONAL WEATHER SERVICE LOUISVILLE KY
732 PM EDT SUN OCT 01 2023
...................................
...THE LOUISVILLE BOWMAN KY CLIMATE SUMMARY FOR THE MONTH OF SEPTEMBER 2023...
CLIMATE NORMAL PERIOD 1991 TO 2020
CLIMATE RECORD PERIOD 9999 TO 9999
WEATHER OBSERVED NORMAL DEPART LAST YEAR`S
VALUE DATE(S) VALUE FROM VALUE DATE(S)
NORMAL
................................................................
TEMPERATURE (F)
RECORD
HIGH MM MM
LOW 41 09/28/2022
HIGHEST 90 09/04 MM MM 96 09/21
LOWEST 48 09/19 MM MM 41 09/28
AVG. MAXIMUM 82.3 80.9 1.4 81.3
AVG. MINIMUM 58.9 59.9 -1.0 59.6
MEAN 70.6 70.4 0.2 70.5
DAYS MAX >= 90 1 5.3 -4.3 2
DAYS MAX <= 32 0 0.0 0.0 0
DAYS MIN <= 32 0 0.0 0.0 0
DAYS MIN <= 0 0 0.0 0.0 0
PRECIPITATION (INCHES)
RECORD
MAXIMUM 4.75 2021
TOTALS 0.81R 3.61 -2.80 1.33
DAILY AVG. 0.03 0.12 -0.09 0.04
DAYS >= .01 4 8.9 -4.9 10
DAYS >= .10 1 4.9 -3.9 2
DAYS >= .50 1 2.5 -1.5 1
DAYS >= 1.00 0 1.1 -1.1 0
GREATEST
24 HR. TOTAL 0.69 09/27 TO 09/28
DEGREE DAYS
HEATING TOTAL 1 32 -31 39
SINCE 7/1 1 29 -28 MM
COOLING TOTAL 175 194 -19 212
SINCE 1/1 1213 1503 -290 MM
................................................................
WIND (MPH)
AVERAGE WIND SPEED 4.1
HIGHEST WIND SPEED/DIRECTION 17/280 DATE 09/28
HIGHEST GUST SPEED/DIRECTION 26/360 DATE 09/26
SKY COVER
POSSIBLE SUNSHINE (PERCENT) MM
AVERAGE SKY COVER 0.23
NUMBER OF DAYS FAIR 23
NUMBER OF DAYS PC 6
NUMBER OF DAYS CLOUDY 1
AVERAGE RH (PERCENT) 70
WEATHER CONDITIONS. NUMBER OF DAYS WITH
THUNDERSTORM 3 MIXED PRECIP 0
HEAVY RAIN 1 RAIN 2
LIGHT RAIN 6 FREEZING RAIN 0
LT FREEZING RAIN 0 HAIL 0
HEAVY SNOW 0 SNOW 0
LIGHT SNOW 0 SLEET 0
FOG 9 FOG W/VIS <= 1/4 MILE 3
HAZE 0
- INDICATES NEGATIVE NUMBERS.
R INDICATES RECORD WAS SET OR TIED.
MM INDICATES DATA IS MISSING.
T INDICATES TRACE AMOUNT.
$$