000
CXUS54 KMAF 191110
CF6LUV
PRELIMINARY LOCAL CLIMATOLOGICAL DATA (WS FORM: F-6)
STATION: LAMESA MUNICIPAL AIRPORT
MONTH: APRIL
YEAR: 2024
LATITUDE: 32 45 N
LONGITUDE: 101-55 E
TEMPERATURE IN F: :PCPN: SNOW: WIND :SUNSHINE: SKY :PK WND
================================================================================
1 2 3 4 5 6A 6B 7 8 9 10 11 12 13 14 15 16 17 18
12Z AVG MX 2MIN
DY MAX MIN AVG DEP HDD CDD WTR SNW DPTH SPD SPD DIR MIN PSBL S-S WX SPD DR
================================================================================
1 77 52 65 M 0 0 M M M 13.4 37 300 M M 5 8 46 300
2 64 39 52 M 13 0 M M M 17.3 29 330 M M 5 37 360
3 77 36 57 M 8 0 M M M 7.6 14 280 M M 5 20 250
4 84 41 63 M 2 0 M M M 8.2 15 190 M M 3 25 170
5 84 50 67 M 0 2 M M M 17.2 26 160 M M 4 36 180
6 79 50 65 M 0 0 M M M 22.3 30 260 M M 5 8 37 270
7 75 39 57 M 8 0 M M M 14.5 25 290 M M 5 33 280
8 79 37 58 M 7 0 M M M 10.2 21 60 M M 6 26 40
9 57 45 51 M 14 0 0.14 M M 20.7 29 30 M M 9 13 37 30
10 68 45 57 M 8 0 0.11 M M 16.3 23 350 M M 8 30 350
11 75 41 58 M 7 0 0.04 M M 9.1 16 40 M M 6 18 150
12 86 45 66 M 0 1 M M M 15.5 29 170 M M 4 31 170
13 91 50 71 M 0 6 M M M 11.2 18 190 M M 4 23 210
14 93 55 74 M 0 9 M M M 7.8 13 230 M M 0 21 250
15 93 61 77 M 0 12 M M M 12.4 31 230 M M 1 38 230
16 84 55 70 M 0 5 M M M 12.4 24 290 M M 0 35 290
17 91 48 70 M 0 5 M M M 7.8 22 240 M M 1 31 210
18 77 52 65 M 0 0 M M M 15.7 23 10 M M 2 1 31 10
================================================================================
SM 1434 841 67 40 0.29 M 239.4 M 73
================================================================================
AV 79.7 46.7 13.3 FASTST M M 4 MAX(MPH)
MISC ----> 37 300 46 300
================================================================================
NOTES:
# LAST OF SEVERAL OCCURRENCES
COLUMN 17 PEAK WIND IN M.P.H.
PRELIMINARY LOCAL CLIMATOLOGICAL DATA (WS FORM: F-6) , PAGE 2
STATION: LAMESA MUNICIPAL AIRPORT
MONTH: APRIL
YEAR: 2024
LATITUDE: 32 45 N
LONGITUDE: 101-55 E
[TEMPERATURE DATA] [PRECIPITATION DATA] SYMBOLS USED IN COLUMN 16
AVERAGE MONTHLY: 63.2 TOTAL FOR MONTH: 0.29 1 = FOG OR MIST
DPTR FM NORMAL: 0.0 DPTR FM NORMAL: 0.29 2 = FOG REDUCING VISIBILITY
HIGHEST: 93 ON 15,14 GRTST 24HR 0.14 ON 9- 9 TO 1/4 MILE OR LESS
LOWEST: 36 ON 3 3 = THUNDER
SNOW, ICE PELLETS, HAIL 4 = ICE PELLETS
TOTAL MONTH: M 5 = HAIL
GRTST 24HR M ON M 6 = FREEZING RAIN OR DRIZZLE
GRTST DEPTH: M ON M 7 = DUSTSTORM OR SANDSTORM:
VSBY 1/2 MILE OR LESS
8 = SMOKE OR HAZE
[NO. OF DAYS WITH] [WEATHER - DAYS WITH] 9 = BLOWING SNOW
X = TORNADO
MAX 32 OR BELOW: 0 0.01 INCH OR MORE: 3
MAX 90 OR ABOVE: 4 0.10 INCH OR MORE: 2
MIN 32 OR BELOW: 0 0.50 INCH OR MORE: 0
MIN 0 OR BELOW: 0 1.00 INCH OR MORE: 0
[HDD (BASE 65) ]
TOTAL THIS MO. 67 CLEAR (SCALE 0-3) 6
DPTR FM NORMAL M PTCLDY (SCALE 4-7) 10
TOTAL FM JUL 1 2563 CLOUDY (SCALE 8-10) 2
DPTR FM NORMAL M
[CDD (BASE 65) ]
TOTAL THIS MO. 40
DPTR FM NORMAL M [PRESSURE DATA]
TOTAL FM JAN 1 54 HIGHEST SLP M ON M
DPTR FM NORMAL M LOWEST SLP M ON M
[REMARKS]