000
CXUS53 KDMX 050300
CF6LWD
PRELIMINARY LOCAL CLIMATOLOGICAL DATA (WS FORM: F-6)
STATION: LAMONI IA
MONTH: MAY
YEAR: 2022
LATITUDE: 40 37 N
LONGITUDE: 93 56 W
TEMPERATURE IN F: :PCPN: SNOW: WIND :SUNSHINE: SKY :PK WND
================================================================================
1 2 3 4 5 6A 6B 7 8 9 10 11 12 13 14 15 16 17 18
12Z AVG MX 2MIN
DY MAX MIN AVG DEP HDD CDD WTR SNW DPTH SPD SPD DIR MIN PSBL S-S WX SPD DR
================================================================================
1 59 42 51 -6 14 0 T 0.0 0 17.2 33 290 M M 7 47 300
2 52 39 46 -11 19 0 0.63 0.0 0 10.8 22 30 M M 6 1 32 40
3 53 43 48 -10 17 0 0.01 0.0 0 11.9 24 10 M M 10 1 35 10
4 55 45 50 -8 15 0 0.00 0.0 0 6.2 14 90 M M 10 23 90
5 56 52 54 -4 11 0 0.11 0.0 0 6.5 14 60 M M 10 1 22 80
6 67 49 58 -1 7 0 0.19 0.0 0 7.1 12 10 M M 5 18 17 60
7 71 44 58 -1 7 0 0.00 0.0 0 9.2 18 170 M M 0 30 130
8 69 55 62 3 3 0 0.28 0.0 0 12.8 25 170 M M 6 3 40 170
9 90 65 78 18 0 13 0.00 0.0 0 17.5 28 180 M M 3 44 200
10 88 73 81 21 0 16 T 0.0 0 9.4 17 190 M M 4 18 24 140
11 89 72 81 21 0 16 0.00 0.0 0 10.1 20 170 M M 1 18 30 170
12 90 71 81 20 0 16 0.00 0.0 0 11.1 22 170 M M 0 32 190
13 82 61 72 11 0 7 0.03 0.0 0 8.6 33 300 M M 2 3 45 300
14 86 56 71 9 0 6 0.03 0.0 0 5.0 31 320 M M 1 3 50 270
15 71 54 63 1 2 0 0.03 0.0 0 6.7 22 10 M M 4 31 330
16 79 51 65 3 0 0 0.00 0.0 0 8.9 18 280 M M 0 27 270
17 82 57 70 7 0 5 0.70 0.0 0 7.0 35 270 M M 2 13 50 270
18 80 62 71 8 0 6 0.04 0.0 0 7.8 22 190 M M 4 3 29 250
19 83 61 72 9 0 7 0.00 0.0 0 12.0 23 200 M M 0 34 200
20 71 52 62 -2 3 0 T 0.0 0 9.7 22 360 M M 8 33 360
21 60 42 51 -13 14 0 0.00 0.0 0 9.5 20 330 M M 5 8 27 300
22 66 38 52 -12 13 0 0.00 0.0 0 7.7 20 310 M M 0 29 350
23 65 48 57 -8 8 0 T 0.0 0 5.7 13 50 M M 4 19 50
24 55 50 53 -12 12 0 1.18 0.0 0 8.1 21 40 M M 10 1 31 30
25 58 55 57 -9 8 0 1.07 0.0 0 9.5 18 30 M M 10 1 28 30
26 58 52 55 -11 10 0 T 0.0 0 10.9 20 330 M M 10 12 30 350
27 77 45 61 -5 4 0 0.00 0.0 0 7.4 17 340 M M 2 23 340
28 81 58 70 4 0 5 0.00 0.0 0 12.6 22 190 M M 0 31 170
29 85 66 76 9 0 11 0.02 0.0 0 14.7 26 170 M M 1 40 160
30 87 65 76 9 0 11 0.21 0.0 0 17.4 35 210 M M 2 3 46 210
31 79 63 71 3 0 6 0.72 0.0 0 9.6 18 190 M M 5 13 27 150
================================================================================
SM 2244 1686 167 125 5.25 0.0 308.6 M 132
================================================================================
AV 72.4 54.4 10.0 FASTST M M 4 MAX(MPH)
MISC ----> # 35 270 # 50 270
================================================================================
NOTES:
# LAST OF SEVERAL OCCURRENCES
COLUMN 17 PEAK WIND IN M.P.H.
PRELIMINARY LOCAL CLIMATOLOGICAL DATA (WS FORM: F-6) , PAGE 2
STATION: LAMONI IA
MONTH: MAY
YEAR: 2022
LATITUDE: 40 37 N
LONGITUDE: 93 56 W
[TEMPERATURE DATA] [PRECIPITATION DATA] SYMBOLS USED IN COLUMN 16
AVERAGE MONTHLY: 63.4 TOTAL FOR MONTH: 5.25 1 = FOG OR MIST
DPTR FM NORMAL: 1.1 DPTR FM NORMAL: 0.11 2 = FOG REDUCING VISIBILITY
HIGHEST: 90 ON 12, 9 GRTST 24HR 1.75 ON 24-25 TO 1/4 MILE OR LESS
LOWEST: 38 ON 22 3 = THUNDER
SNOW, ICE PELLETS, HAIL 4 = ICE PELLETS
TOTAL MONTH: 0.0 INCH 5 = HAIL
GRTST 24HR 0.0 6 = FREEZING RAIN OR DRIZZLE
GRTST DEPTH: 0 7 = DUSTSTORM OR SANDSTORM:
VSBY 1/2 MILE OR LESS
8 = SMOKE OR HAZE
[NO. OF DAYS WITH] [WEATHER - DAYS WITH] 9 = BLOWING SNOW
X = TORNADO
MAX 32 OR BELOW: 0 0.01 INCH OR MORE: 15
MAX 90 OR ABOVE: 2 0.10 INCH OR MORE: 9
MIN 32 OR BELOW: 0 0.50 INCH OR MORE: 5
MIN 0 OR BELOW: 0 1.00 INCH OR MORE: 2
[HDD (BASE 65) ]
TOTAL THIS MO. 167 CLEAR (SCALE 0-3) 14
DPTR FM NORMAL 18 PTCLDY (SCALE 4-7) 11
TOTAL FM JUL 1 5627 CLOUDY (SCALE 8-10) 6
DPTR FM NORMAL -254
[CDD (BASE 65) ]
TOTAL THIS MO. 125
DPTR FM NORMAL 61 [PRESSURE DATA]
TOTAL FM JAN 1 131 HIGHEST SLP 30.40 ON 22
DPTR FM NORMAL 57 LOWEST SLP 29.29 ON 20
[REMARKS]
#FINAL-05-22#