000
CXUS53 KILX 011552
CLMLWV
CLIMATE REPORT
NATIONAL WEATHER SERVICE LINCOLN IL
1052 AM CDT SAT JUL 01 2023
...................................
...THE LAWRENCEVILLE IL AIRPORT CLIMATE SUMMARY FOR THE MONTH OF JUNE 2023...
CLIMATE NORMAL PERIOD 1991 TO 2020
CLIMATE RECORD PERIOD 9999 TO 9999
WEATHER OBSERVED NORMAL DEPART LAST YEAR`S
VALUE DATE(S) VALUE FROM VALUE
NORMAL
..............................................................
TEMPERATURE (F)
RECORD
HIGH MM MM
LOW MM MM
HIGHEST 102 06/25 MM MM 98
LOWEST 51 06/08 MM MM 56
06/10
AVG. MAXIMUM 86.9 85.3 1.6 87.5
AVG. MINIMUM 60.5 64.2 -3.7 65.2
MEAN 73.7 74.7 -1.0 76.4
DAYS MAX >= 90 10 9.6 0.4 10
DAYS MAX <= 32 0 0.0 0.0 0
DAYS MIN <= 32 0 0.0 0.0 0
DAYS MIN <= 0 0 0.0 0.0 0
PRECIPITATION (INCHES)
RECORD
MAXIMUM MM MM
MINIMUM MM MM
TOTALS 3.17 4.38 -1.21 1.78
DAILY AVG. 0.11 0.15 -0.04 0.06
DAYS >= .01 4 11.0 -7.0 5
DAYS >= .10 3 7.0 -4.0 4
DAYS >= .50 2 2.8 -0.8 1
DAYS >= 1.00 1 1.4 -0.4 0
GREATEST
24 HR. TOTAL 2.02 06/29 TO 06/29 0.99
DEGREE DAYS
HEATING TOTAL 3 5 -2 0
SINCE 7/1 4139 4712 -573 MM
COOLING TOTAL 271 298 -27 338
SINCE 1/1 385 452 -67 MM
..............................................................
WIND (MPH)
AVERAGE WIND SPEED 7.4
HIGHEST WIND SPEED/DIRECTION 46/330 DATE 06/29
HIGHEST GUST SPEED/DIRECTION 69/330 DATE 06/29
AVERAGE RH (PERCENT) 62
WEATHER CONDITIONS. NUMBER OF DAYS WITH
THUNDERSTORM 4 MIXED PRECIP 0
HEAVY RAIN 2 RAIN 3
LIGHT RAIN 6 FREEZING RAIN 0
LT FREEZING RAIN 0 HAIL 0
HEAVY SNOW 0 SNOW 0
LIGHT SNOW 0 SLEET 0
FOG 15 FOG W/VIS <= 1/4 MILE 1
HAZE 12
- INDICATES NEGATIVE NUMBERS.
R INDICATES RECORD WAS SET OR TIED.
MM INDICATES DATA IS MISSING.
T INDICATES TRACE AMOUNT.
$$
ERWIN