000
CXUS53 KGID 011124 CCA
CF6LXN
PRELIMINARY LOCAL CLIMATOLOGICAL DATA (WS FORM: F-6)
STATION: LEXINGTON NE
MONTH: MARCH
YEAR: 2022
LATITUDE: 40 47 N
LONGITUDE: 99 46 W
TEMPERATURE IN F: :PCPN: SNOW: WIND :SUNSHINE: SKY :PK WND
================================================================================
1 2 3 4 5 6A 6B 7 8 9 10 11 12 13 14 15 16 17 18
12Z AVG MX 2MIN
DY MAX MIN AVG DEP HDD CDD WTR SNW DPTH SPD SPD DIR MIN PSBL S-S WX SPD DR
================================================================================
1 72 25 49 M 16 0 0.00 M M 5.5 16 300 M M 0 22 300
2 76 29 53 M 12 0 0.00 M M 7.2 18 60 M M 0 8 23 60
3 51 30 41 M 24 0 0.00 M M 11.9 17 80 M M 0 1 21 70
4 55 22 39 M 26 0 0.00 M M 7.3 15 30 M M 0 18 190
5 45 20 33 M 32 0 M M M 14.9 21 360 M M 7 1 29 30
6 26 12 19 M 46 0 M M M 12.6 23 350 M M 6 27 350
7 32 11 22 M 43 0 M M M 10.6 17 300 M M 2 24 340
8 44 13 29 M 36 0 0.00 M M 9.8 25 360 M M 1 31 360
9 21 11 16 M 49 0 M M M 9.4 15 10 M M 9 18 20
10 22 8 15 M 50 0 M M M 4.2 10 240 M M 6 M M
11 28 1 15 M 50 0 0.00 M M 7.5 14 290 M M 0 M M
12 55 8 32 M 33 0 0.00 M M 9.9 18 270 M M 2 25 270
13 70 26 48 M 17 0 0.00 M M 7.2 14 190 M M 0 20 190
14 52 25 39 M 26 0 0.00 M M 14.4 29 10 M M 2 36 350
15 69 19 44 M 21 0 0.00 M M 9.1 23 200 M M 0 28 200
16 66 27 47 M 18 0 0.00 M M 9.5 20 30 M M 2 27 10
17 50 34 42 M 23 0 0.09 M M 14.3 27 30 M M 9 33 20
18 59 29 44 M 21 0 0.00 M M 7.0 12 320 M M 1 23 320
19 67 20 44 M 21 0 0.00 M M 5.4 13 260 M M 0 23 330
20 77 29 53 M 12 0 0.00 M M 10.5 22 210 M M 0 29 200
21 60 34 47 M 18 0 0.12 M M 19.1 32 10 M M 5 39 360
22 53 36 45 M 20 0 0.00 M M 23.7 39 360 M M 4 48 360
23 50 26 38 M 27 0 T M M 21.4 35 350 M M 3 40 350
24 67 17 42 M 23 0 0.00 M M 9.5 17 320 M M 1 24 360
25 58 27 43 M 22 0 T M M 14.2 24 340 M M 4 30 340
26 55 27 41 M 24 0 0.00 M M 9.0 15 100 M M 0 22 100
27 53 25 39 M 26 0 0.00 M M 9.9 15 150 M M 1 24 130
28 61 28 45 M 20 0 0.00 M M 12.9 20 160 M M 0 27 150
29 71 36 54 M 11 0 0.02 M M 15.1 31 340 M M 4 41 340
30 36 28 32 M 33 0 M M M 24.6 38 340 M M 10 53 340
31 53 24 39 M 26 0 0.00 M M 9.9 20 330 M M 3 27 310
================================================================================
SM 1654 707 826 0 M M 357.5 M 82
================================================================================
AV 53.4 22.8 11.5 FASTST M M 3 MAX(MPH)
MISC ----> 39 360 M M
================================================================================
NOTES:
# LAST OF SEVERAL OCCURRENCES
COLUMN 17 PEAK WIND IN M.P.H.
PRELIMINARY LOCAL CLIMATOLOGICAL DATA (WS FORM: F-6) , PAGE 2
STATION: LEXINGTON NE
MONTH: MARCH
YEAR: 2022
LATITUDE: 40 47 N
LONGITUDE: 99 46 W
[TEMPERATURE DATA] [PRECIPITATION DATA] SYMBOLS USED IN COLUMN 16
AVERAGE MONTHLY: 38.1 TOTAL FOR MONTH: M 1 = FOG OR MIST
DPTR FM NORMAL: M DPTR FM NORMAL: M 2 = FOG REDUCING VISIBILITY
HIGHEST: 77 ON 20 GRTST 24HR M ON M TO 1/4 MILE OR LESS
LOWEST: 1 ON 11 3 = THUNDER
SNOW, ICE PELLETS, HAIL 4 = ICE PELLETS
TOTAL MONTH: M 5 = HAIL
GRTST 24HR M ON M 6 = FREEZING RAIN OR DRIZZLE
GRTST DEPTH: M ON M 7 = DUSTSTORM OR SANDSTORM:
VSBY 1/2 MILE OR LESS
8 = SMOKE OR HAZE
[NO. OF DAYS WITH] [WEATHER - DAYS WITH] 9 = BLOWING SNOW
X = TORNADO
MAX 32 OR BELOW: 5 0.01 INCH OR MORE: M
MAX 90 OR ABOVE: 0 0.10 INCH OR MORE: M
MIN 32 OR BELOW: 27 0.50 INCH OR MORE: M
MIN 0 OR BELOW: 0 1.00 INCH OR MORE: M
[HDD (BASE 65) ]
TOTAL THIS MO. 826 CLEAR (SCALE 0-3) 21
DPTR FM NORMAL M PTCLDY (SCALE 4-7) 7
TOTAL FM JUL 1 5085 CLOUDY (SCALE 8-10) 3
DPTR FM NORMAL M
[CDD (BASE 65) ]
TOTAL THIS MO. 0
DPTR FM NORMAL M [PRESSURE DATA]
TOTAL FM JAN 1 0 HIGHEST SLP M ON M
DPTR FM NORMAL M LOWEST SLP M ON M
[REMARKS]
#FINAL-03-22#