000
CXUS55 KEAX 010836
CF6LXT
PRELIMINARY LOCAL CLIMATOLOGICAL DATA (WS FORM: F-6)
STATION: LEE`S SUMMIT MO
MONTH: DECEMBER
YEAR: 2020
LATITUDE: 38 57 N
LONGITUDE: 94 22 W
TEMPERATURE IN F: :PCPN: SNOW: WIND :SUNSHINE: SKY :PK WND
================================================================================
1 2 3 4 5 6A 6B 7 8 9 10 11 12 13 14 15 16 17 18
12Z AVG MX 2MIN
DY MAX MIN AVG DEP HDD CDD WTR SNW DPTH SPD SPD DIR MIN PSBL S-S WX SPD DR
================================================================================
1 50 21 36 -1 29 0 0.00 M M 7.9 15 120 M M 0 21 130
2 49 25 37 1 28 0 0.00 M M 6.1 12 50 M M 0 14 50
3 39 29 34 -2 31 0 0.01 M M 4.4 10 10 M M 8 1 12 350
4 53 28 41 5 24 0 0.00 M M 7.4 13 300 M M 0 19 260
5 53 32 43 8 22 0 0.00 M M 6.6 14 310 M M 0 18 310
6 48 30 39 4 26 0 0.00 M M 8.0 15 350 M M 0 1 19 360
7 54 30 42 8 23 0 0.00 M M 5.1 13 310 M M 4 12 17 310
8 55 26 41 7 24 0 0.00 M M 5.6 13 260 M M 4 12 17 260
9 68 38 53 19 12 0 0.00 M M 6.2 13 350 M M 0 16 220
10 67 39 53 19 12 0 0.00 M M 4.6 12 230 M M 0 16 220
11 46 39 43 10 22 0 0.04 M M 6.8 16 260 M M 9 1 20 260
12 39 32 36 3 29 0 0.01 M M 10.5 18 340 M M 10 1 25 240
13 35 23 29 -4 36 0 0.00 M M 8.4 20 340 M M 8 24 340
14 35 19 27 -5 38 0 0.00 M M 5.8 13 90 M M 0 1 19 100
15 30 21 26 -6 39 0 0.00 M M 9.4 16 50 M M 4 22 50
16 34 22 28 -4 37 0 0.00 M M 5.5 12 220 M M 6 18 14 220
17 49 25 37 5 28 0 0.00 M M 8.4 14 250 M M 2 1 19 250
18 55 33 44 13 21 0 0.00 M M 15.9 33 200 M M 1 46 200
19 42 28 35 4 30 0 0.00 M M 6.3 13 320 M M 3 18 17 350
20 52 28 40 9 25 0 0.00 M M 9.0 18 220 M M 0 25 220
21 59 38 49 18 16 0 0.00 M M 9.8 22 310 M M 0 28 280
22 63 32 48 17 17 0 0.00 M M 13.5 26 180 M M 0 39 180
23 58 22 40 10 25 0 T M M 23.4 36 240 M M 6 51 210
24 25 11 18 -12 47 0 0.00 M M 16.0 28 310 M M 2 40 320
25 35 7 21 -9 44 0 0.00 M M 7.8 15 210 M M 0 21 220
26 57 24 41 11 24 0 0.00 M M 8.6 17 210 M M 0 24 200
27 54 37 46 16 19 0 0.00 M M 14.3 23 330 M M 3 34 320
28 38 26 32 2 33 0 0.00 M M 6.6 18 340 M M 5 24 340
29 M 29 M M M M M M M 13.2 22 100 M M 10 126 31 110
30 M 24 M M M M M M M 8.1 16 300 M M 0 22 290
31 35 18 27 -3 38 0 0.00 M M 7.2 17 60 M M 0 1 23 60
================================================================================
SM 1377 836 799 0 0.06 M 276.4 M 85
================================================================================
AV 47.5 27.0 8.9 FASTST M M 3 MAX(MPH)
MISC ----> 36 240 51 210
================================================================================
NOTES:
# LAST OF SEVERAL OCCURRENCES
COLUMN 17 PEAK WIND IN M.P.H.
PRELIMINARY LOCAL CLIMATOLOGICAL DATA (WS FORM: F-6) , PAGE 2
STATION: LEE`S SUMMIT MO
MONTH: DECEMBER
YEAR: 2020
LATITUDE: 38 57 N
LONGITUDE: 94 22 W
[TEMPERATURE DATA] [PRECIPITATION DATA] SYMBOLS USED IN COLUMN 16
AVERAGE MONTHLY: 37.2 TOTAL FOR MONTH: 0.06 1 = FOG OR MIST
DPTR FM NORMAL: 4.9 DPTR FM NORMAL: -1.66 2 = FOG REDUCING VISIBILITY
HIGHEST: 68 ON 9 GRTST 24HR 0.05 ON 11-12 TO 1/4 MILE OR LESS
LOWEST: 7 ON 25 3 = THUNDER
SNOW, ICE PELLETS, HAIL 4 = ICE PELLETS
TOTAL MONTH: M 5 = HAIL
GRTST 24HR M ON M 6 = FREEZING RAIN OR DRIZZLE
GRTST DEPTH: M ON M 7 = DUSTSTORM OR SANDSTORM:
VSBY 1/2 MILE OR LESS
8 = SMOKE OR HAZE
[NO. OF DAYS WITH] [WEATHER - DAYS WITH] 9 = BLOWING SNOW
X = TORNADO
MAX 32 OR BELOW: 2 0.01 INCH OR MORE: 3
MAX 90 OR ABOVE: 0 0.10 INCH OR MORE: 0
MIN 32 OR BELOW: 25 0.50 INCH OR MORE: 0
MIN 0 OR BELOW: 0 1.00 INCH OR MORE: 0
[HDD (BASE 65) ]
TOTAL THIS MO. 799 CLEAR (SCALE 0-3) 20
DPTR FM NORMAL -214 PTCLDY (SCALE 4-7) 8
TOTAL FM JUL 1 1660 CLOUDY (SCALE 8-10) 3
DPTR FM NORMAL -317
[CDD (BASE 65) ]
TOTAL THIS MO. 0
DPTR FM NORMAL 0 [PRESSURE DATA]
TOTAL FM JAN 1 1588 HIGHEST SLP 30.28 ON 31
DPTR FM NORMAL 274 LOWEST SLP 30.11 ON 31
[REMARKS]
#FINAL-12-20#