000
CXUS51 KRNK 011858
CF6LYH
PRELIMINARY LOCAL CLIMATOLOGICAL DATA (WS FORM: F-6)
STATION: LYNCHBURG VA
MONTH: JULY
YEAR: 2021
LATITUDE: 37 19 N
LONGITUDE: 79 12 W
TEMPERATURE IN F: :PCPN: SNOW: WIND :SUNSHINE: SKY :PK WND
================================================================================
1 2 3 4 5 6A 6B 7 8 9 10 11 12 13 14 15 16 17 18
12Z AVG MX 2MIN
DY MAX MIN AVG DEP HDD CDD WTR SNW DPTH SPD SPD DIR MIN PSBL S-S WX SPD DR
================================================================================
1 92 69 81 6 0 16 0.51 0.0 0 4.7 16 220 M M 4 13 28 180
2 84 60 72 -3 0 7 0.36 0.0 0 4.1 10 160 M M 5 1 24 280
3 82 56 69 -7 0 4 0.00 0.0 0 3.1 14 20 M M 1 23 10
4 86 55 71 -5 0 6 0.00 0.0 0 3.6 10 260 M M 2 15 200
5 91 64 78 2 0 13 0.00 0.0 0 1.9 8 190 M M 2 11 190
6 93 64 79 3 0 14 0.00 0.0 0 4.6 13 190 M M 0 1 15 200
7 93 69 81 5 0 16 0.00 0.0 0 4.0 16 200 M M 1 20 190
8 80 69 75 -1 0 10 0.39 0.0 0 5.1 26 150 M M 4 13 33 140
9 90 68 79 3 0 14 0.01 0.0 0 4.2 13 270 M M 1 17 260
10 90 64 77 1 0 12 0.25 0.0 0 2.7 22 280 M M 1 13 39 280
11 89 66 78 2 0 13 0.19 0.0 0 3.5 24 190 M M 2 13 33 190
12 92 71 82 6 0 17 0.00 0.0 0 8.4 17 190 M M 3 1 23 200
13 91 70 81 5 0 16 0.00 0.0 0 7.7 20 290 M M 0 25 190
14 91 68 80 4 0 15 0.24 0.0 0 3.9 26 200 M M 2 13 34 200
15 92 68 80 4 0 15 0.00 0.0 0 2.4 10 190 M M 2 12 15 210
16 93 69 81 5 0 16 0.03 0.0 0 2.6 14 260 M M 1 1 19 250
17 92 70 81 5 0 16 0.08 0.0 0 5.1 16 210 M M 2 3 23 190
18 90 70 80 4 0 15 0.00 0.0 0 3.9 10 260 M M 1 15 220
19 85 67 76 0 0 11 0.03 0.0 0 1.7 10 160 M M 5 1 13 80
20 84 63 74 -2 0 9 0.00 0.0 0 1.8 8 200 M M 0 18 9 190
21 92 64 78 2 0 13 0.00 0.0 0 2.7 10 250 M M 0 18 17 260
22 86 64 75 -1 0 10 0.00 0.0 0 1.9 10 200 M M 3 15 230
23 89 67 78 2 0 13 0.00 0.0 0 1.5 10 200 M M 5 13 210
24 90 68 79 3 0 14 0.00 0.0 0 6.1 20 160 M M 4 18 23 160
25 93 71 82 6 0 17 0.10 0.0 0 6.6 16 190 M M 4 18 20 180
26 92 70 81 5 0 16 0.24 0.0 0 3.2 17 160 M M 3 1238 22 40
27 95 67 81 5 0 16 T 0.0 0 3.1 10 270 M M 3 12 16 280
28 94 65 80 4 0 15 0.04 0.0 0 3.2 13 40 M M 1 3 18 280
29 93 67 80 4 0 15 0.00 0.0 0 3.3 13 190 M M 0 18 17 210
30 96 75 86 10 0 21 0.00 0.0 0 4.4 10 240 M M 2 18 250
31 87 68 78 2 0 13 0.00 0.0 0 3.5 12 40 M M 2 15 20
================================================================================
SM 2787 2066 0 418 2.47 0.0 118.5 M 66
================================================================================
AV 89.9 66.6 3.8 FASTST M M 2 MAX(MPH)
MISC ----> # 26 150 39 280
================================================================================
NOTES:
# LAST OF SEVERAL OCCURRENCES
COLUMN 17 PEAK WIND IN M.P.H.
PRELIMINARY LOCAL CLIMATOLOGICAL DATA (WS FORM: F-6) , PAGE 2
STATION: LYNCHBURG VA
MONTH: JULY
YEAR: 2021
LATITUDE: 37 19 N
LONGITUDE: 79 12 W
[TEMPERATURE DATA] [PRECIPITATION DATA] SYMBOLS USED IN COLUMN 16
AVERAGE MONTHLY: 78.3 TOTAL FOR MONTH: 2.47 1 = FOG OR MIST
DPTR FM NORMAL: 2.3 DPTR FM NORMAL: -1.72 2 = FOG REDUCING VISIBILITY
HIGHEST: 96 ON 30 GRTST 24HR 0.87 ON 1- 2 TO 1/4 MILE OR LESS
LOWEST: 55 ON 4 3 = THUNDER
SNOW, ICE PELLETS, HAIL 4 = ICE PELLETS
TOTAL MONTH: 0.0 INCH 5 = HAIL
GRTST 24HR 0.0 6 = FREEZING RAIN OR DRIZZLE
GRTST DEPTH: 0 7 = DUSTSTORM OR SANDSTORM:
VSBY 1/2 MILE OR LESS
8 = SMOKE OR HAZE
[NO. OF DAYS WITH] [WEATHER - DAYS WITH] 9 = BLOWING SNOW
X = TORNADO
MAX 32 OR BELOW: 0 0.01 INCH OR MORE: 13
MAX 90 OR ABOVE: 21 0.10 INCH OR MORE: 8
MIN 32 OR BELOW: 0 0.50 INCH OR MORE: 1
MIN 0 OR BELOW: 0 1.00 INCH OR MORE: 0
[HDD (BASE 65) ]
TOTAL THIS MO. 0 CLEAR (SCALE 0-3) 24
DPTR FM NORMAL 0 PTCLDY (SCALE 4-7) 7
TOTAL FM JUL 1 0 CLOUDY (SCALE 8-10) 0
DPTR FM NORMAL 0
[CDD (BASE 65) ]
TOTAL THIS MO. 418
DPTR FM NORMAL 78 [PRESSURE DATA]
TOTAL FM JAN 1 839 HIGHEST SLP 30.23 ON 14
DPTR FM NORMAL 176 LOWEST SLP 29.77 ON 2
[REMARKS]
#FINAL-07-21#