000
CXUS56 KHNX 021441
CLMMAE
CLIMATE REPORT
NATIONAL WEATHER SERVICE
741 AM PDT SAT SEP 02 2023
...................................
...THE MADERA CA AIRPORT CLIMATE SUMMARY FOR THE MONTH OF AUGUST 2023...
CLIMATE NORMAL PERIOD 1991 TO 2020
CLIMATE RECORD PERIOD 1898 TO 2023
WEATHER OBSERVED NORMAL DEPART LAST YEAR`S
VALUE DATE(S) VALUE FROM VALUE DATE(S)
NORMAL
................................................................
TEMPERATURE (F)
RECORD
HIGH 113 08/14/1933
LOW 41 08/23/1960
HIGHEST 107 08/15 MM 107 08/16
LOWEST 56 08/04 MM 56 08/13
08/28
MEAN 80.2 79.0 1.2 82.0
DAYS MAX >= 90 30 28.2 1.8 31
DAYS MIN <= 32 0 0.0 0.0 0
PRECIPITATION (INCHES)
RECORD
MAXIMUM 0.27 1976
MINIMUM 0.00 2021
TOTALS 0.05R 0.00 0.05
DAYS >= .01 1 0.1 0.9 0
DAYS >= .10 0 0.0 0.0 0
DAYS >= .50 0 0.0 0.0 0
DAYS >= 1.00 0 0.0 0.0 0
SNOWFALL (INCHES)
RECORDS
TOTAL MM MM
TOTALS 0.0 MM
DEGREE DAYS
HEATING TOTAL 0 0 0 0
SINCE 7/1 0 0 0 MM
COOLING TOTAL 480 434 46 535
SINCE 1/1 1418 1377 41 MM
................................................................
WIND (MPH)
AVERAGE WIND SPEED 5.8
HIGHEST WIND SPEED/DIRECTION 26/150 DATE 08/19
HIGHEST GUST SPEED/DIRECTION 35/150 DATE 08/19
AVERAGE RH (PERCENT) 53
WEATHER CONDITIONS. NUMBER OF DAYS WITH
THUNDERSTORM 1 RAIN 0
HAIL 0 FOG 2
FOG W/VIS <= 1/4 MILE 0 HAZE 3
- INDICATES NEGATIVE NUMBERS.
R INDICATES RECORD WAS SET OR TIED.
MM INDICATES DATA IS MISSING.
T INDICATES TRACE AMOUNT.
$$