000
CXUS53 KABR 011212
CLMMBG
CLIMATE REPORT
NATIONAL WEATHER SERVICE ABERDEEN SD
712 AM CDT THU JUN 01 2023
...................................
...THE MOBRIDGE SD CLIMATE SUMMARY FOR THE MONTH OF MAY 2023...
CLIMATE NORMAL PERIOD 1991 TO 2020
CLIMATE RECORD PERIOD 1911 TO 2023
WEATHER OBSERVED NORMAL DEPART LAST YEAR`S
VALUE DATE(S) VALUE FROM VALUE DATE(S)
NORMAL
................................................................
TEMPERATURE (F)
RECORD
HIGH 108 05/28/1934
LOW 15 05/03/2005
HIGHEST 89 05/30 MM MM 85 05/27
LOWEST 25 05/01 MM MM 32 05/03
05/22
AVG. MAXIMUM 77.2 70.2 7.0 69.2
AVG. MINIMUM 49.1 45.0 4.1 44.5
MEAN 63.2 57.6 5.6 56.8
DAYS MAX >= 90 0 1.0 -1.0 0
DAYS MAX <= 32 0 0.0 0.0 0
DAYS MIN <= 32 2 3.1 -1.1 2
DAYS MIN <= 0 0 0.0 0.0 0
PRECIPITATION (INCHES)
RECORD
MAXIMUM 9.32 2015
MINIMUM 0.05 1936
TOTALS 2.50 2.94 -0.44 2.81
DAYS >= .01 9 10.8 -1.8 11
DAYS >= .10 6 6.1 -0.1 4
DAYS >= .50 1 2.1 -1.1 3
DAYS >= 1.00 1 0.5 0.5 0
SNOWFALL (INCHES)
RECORDS
TOTAL 7.5 1950
SNOW DEPTH MM MM
TOTALS 0.0 0.0 0.0 0.0
SINCE 7/1 45.2 31.0 14.2 MM
SNOWDEPTH AVG. 0 0
DAYS >= TRACE 0 0.0 0.0 0
DAYS >= 1.0 0 0.0 0.0 0
GREATEST
SNOW DEPTH 0 0 MM
DEGREE DAYS
HEATING TOTAL 127 257 -130 248
SINCE 7/1 7999 7498 501 MM
COOLING TOTAL 77 27 50 4
SINCE 1/1 79 28 51 MM
FREEZE DATES
RECORD
EARLIEST MM
LATEST MM
EARLIEST 10/07
LATEST 05/22
................................................................
WIND (MPH)
AVERAGE WIND SPEED 9.5
RESULTANT WIND SPEED/DIRECTION 4/110
HIGHEST WIND SPEED/DIRECTION 30/160 DATE 05/26
HIGHEST GUST SPEED/DIRECTION 42/160 DATE 05/26
SKY COVER
POSSIBLE SUNSHINE (PERCENT) MM
AVERAGE SKY COVER 0.27
NUMBER OF DAYS FAIR 21
NUMBER OF DAYS PC 7
NUMBER OF DAYS CLOUDY 3
AVERAGE RH (PERCENT) 59
WEATHER CONDITIONS. NUMBER OF DAYS WITH
THUNDERSTORM 7 MIXED PRECIP 0
HEAVY RAIN 2 RAIN 5
LIGHT RAIN 8 FREEZING RAIN 0
LT FREEZING RAIN 0 HAIL 0
HEAVY SNOW 0 SNOW 0
LIGHT SNOW 0 SLEET 0
FOG 6 FOG W/VIS <= 1/4 MILE 0
HAZE 5
- INDICATES NEGATIVE NUMBERS.
R INDICATES RECORD WAS SET OR TIED.
MM INDICATES DATA IS MISSING.
T INDICATES TRACE AMOUNT.
$$