000
CXUS56 KHNX 010833
CLMMCE
CLIMATE REPORT
NATIONAL WEATHER SERVICE
133 AM PDT MON MAY 01 2023
...................................
...THE MERCED CA AIRPORT CLIMATE SUMMARY FOR THE MONTH OF APRIL 2023...
CLIMATE NORMAL PERIOD 1991 TO 2020
CLIMATE RECORD PERIOD 1928 TO 2023
WEATHER OBSERVED NORMAL DEPART LAST YEAR`S
VALUE DATE(S) VALUE FROM VALUE DATE(S)
NORMAL
................................................................
TEMPERATURE (F)
RECORD
HIGH 98 04/14/1985
LOW 25 04/09/1979
04/02/1979
HIGHEST 93 04/28 MM 95 04/08
LOWEST 35 04/05 MM 37 04/13
MEAN 59.9 59.7 0.2 61.4
DAYS MAX >= 90 3 1.3 1.7 2
DAYS MIN <= 32 0 0.1 -0.1 0
PRECIPITATION (INCHES)
RECORD
MAXIMUM 4.60 1967
MINIMUM 0.00 1949
TOTALS 0.03 1.12 -1.09
DAYS >= .01 1 4.9 -3.9 4
DAYS >= .10 0 2.5 -2.5 2
DAYS >= .50 0 0.7 -0.7 0
DAYS >= 1.00 0 0.1 -0.1 0
SNOWFALL (INCHES)
RECORDS
TOTAL MM MM
TOTALS 0.0 MM
DEGREE DAYS
HEATING TOTAL 177 181 -4 119
SINCE 7/1 2687 2501 186 MM
COOLING TOTAL 33 22 11 17
SINCE 1/1 33 23 10 MM
................................................................
WIND (MPH)
AVERAGE WIND SPEED 6.7
HIGHEST WIND SPEED/DIRECTION 29/340 DATE 04/03
HIGHEST GUST SPEED/DIRECTION 40/340 DATE 04/03
AVERAGE RH (PERCENT) 58
WEATHER CONDITIONS. NUMBER OF DAYS WITH
THUNDERSTORM 0 RAIN 0
HAIL 0 FOG 0
FOG W/VIS <= 1/4 MILE 0 HAZE 1
- INDICATES NEGATIVE NUMBERS.
R INDICATES RECORD WAS SET OR TIED.
MM INDICATES DATA IS MISSING.
T INDICATES TRACE AMOUNT.
$$