000
CXAK56 PAFG 310949
CF6MCG
PRELIMINARY LOCAL CLIMATOLOGICAL DATA (WS FORM: F-6)
STATION: MCGRATH AK
MONTH: JANUARY
YEAR: 2021
LATITUDE: 62 57 N
LONGITUDE: 155 36 W
TEMPERATURE IN F: :PCPN: SNOW: WIND :SUNSHINE: SKY :PK WND
================================================================================
1 2 3 4 5 6A 6B 7 8 9 10 11 12 13 14 15 16 17 18
12Z AVG MX 2MIN
DY MAX MIN AVG DEP HDD CDD WTR SNW DPTH SPD SPD DIR MIN PSBL S-S WX SPD DR
================================================================================
1 -9 -20 -14 -8 79 0 0.00 M M 4.6 12 330 M M 6 1 13 320
2 -5 -9 -7 0 72 0 0.00 M M 7.2 13 320 M M 10 1 15 330
3 -3 -10 -6 1 71 0 0.00 M M 6.8 13 320 M M 10 15 320
4 -2 -21 -11 -4 76 0 T M M 4.7 10 320 M M 5 1 11 310
5 -14 -24 -19 -12 84 0 0.00 M M 4.0 10 320 M M 1 12 330
6 -8 -21 -14 -7 79 0 0.00 M M 4.6 14 320 M M 1 14 320
7 10 -11 0 7 65 0 T M M 6.2 13 330 M M 7 1 15 330
8 8 -3 3 10 62 0 M M M 6.5 12 310 M M 7 1 14 330
9 6 -5 1 8 64 0 T M M 6.8 14 310 M M 7 1 15 310
10 18 2 10 17 55 0 0.00 M M 8.3 14 330 M M 1 17 330
11 14 -4 5 12 60 0 0.00 M M 6.4 14 310 M M 2 16 310
12 -1 -15 -8 -1 73 0 0.00 M M 4.3 9 330 M M 1 1 10 330
13 6 -18 -6 1 71 0 T M M 4.2 9 30 M M 7 1 11 330
14 15 -7 4 11 61 0 T M M 6.9 18 30 M M 3 27 30
15 14 8 11 18 54 0 T M M 6.4 18 20 M M 7 1 26 40
16 12 2 7 14 58 0 0.00 M M 5.1 12 310 M M 6 12 320
17 16 2 9 16 56 0 T M M 4.8 10 330 M M 9 1 10 330
18 25 12 19 26 46 0 T M M 8.3 18 310 M M 7 1 26 320
19 23 -8 8 15 57 0 0.00 M M 6.6 12 280 M M 6 21 220
20 16 0 8 15 57 0 T M M 4.9 13 50 M M 7 1 14 330
21 31 13 22 29 43 0 T M M 6.8 13 320 M M 10 1 13 320
22 33 14 24 30 41 0 T M M 6.8 17 30 M M 6 16 20 30
23 29 21 25 31 40 0 T M M 5.5 8 320 M M 10 1 M M
24 30 4 17 23 48 0 0.00 M M 6.9 13 310 M M 8 1 15 310
25 19 5 12 18 53 0 0.00 M M 6.3 12 30 M M 9 19 30
26 10 -19 -4 1 69 0 0.00 M M 5.2 14 320 M M 4 16 320
27 -3 -22 -12 -7 77 0 T M M 3.8 10 40 M M 4 1 11 30
28 5 -3 1 6 64 0 T M M 2.2 9 50 M M 10 1 11 330
29 3 -10 -3 2 68 0 M M M 4.5 9 330 M M 9 18 11 330
30 4 -16 -6 -2 71 0 0.00 M M 8.1 14 320 M M 8 17 310
================================================================================
SM 302 -163 1874 0 T M 173.7 M 188
================================================================================
AV 10.1 -5.4 5.8 FASTST M M 6 MAX(MPH)
MISC ----> 18 30 27 30
================================================================================
NOTES:
# LAST OF SEVERAL OCCURRENCES
COLUMN 17 PEAK WIND IN M.P.H.
PRELIMINARY LOCAL CLIMATOLOGICAL DATA (WS FORM: F-6) , PAGE 2
STATION: MCGRATH AK
MONTH: JANUARY
YEAR: 2021
LATITUDE: 62 57 N
LONGITUDE: 155 36 W
[TEMPERATURE DATA] [PRECIPITATION DATA] SYMBOLS USED IN COLUMN 16
AVERAGE MONTHLY: 2.3 TOTAL FOR MONTH: T 1 = FOG OR MIST
DPTR FM NORMAL: 8.8 DPTR FM NORMAL: -1.06 2 = FOG REDUCING VISIBILITY
HIGHEST: 33 ON 22 GRTST 24HR 0.10 ON 8- 8 TO 1/4 MILE OR LESS
LOWEST: -24 ON 5 3 = THUNDER
SNOW, ICE PELLETS, HAIL 4 = ICE PELLETS
TOTAL MONTH: M 5 = HAIL
GRTST 24HR M ON M 6 = FREEZING RAIN OR DRIZZLE
GRTST DEPTH: M ON M 7 = DUSTSTORM OR SANDSTORM:
VSBY 1/2 MILE OR LESS
8 = SMOKE OR HAZE
[NO. OF DAYS WITH] [WEATHER - DAYS WITH] 9 = BLOWING SNOW
X = TORNADO
MAX 32 OR BELOW: 29 0.01 INCH OR MORE: 0
MAX 90 OR ABOVE: 0 0.10 INCH OR MORE: 0
MIN 32 OR BELOW: 30 0.50 INCH OR MORE: 0
MIN 0 OR BELOW: 20 1.00 INCH OR MORE: 0
[HDD (BASE 65) ]
TOTAL THIS MO. 1874 CLEAR (SCALE 0-3) 6
DPTR FM NORMAL -270 PTCLDY (SCALE 4-7) 15
TOTAL FM JUL 1 7567 CLOUDY (SCALE 8-10) 9
DPTR FM NORMAL -814
[CDD (BASE 65) ]
TOTAL THIS MO. 0
DPTR FM NORMAL 0 [PRESSURE DATA]
TOTAL FM JAN 1 0 HIGHEST SLP M ON M
DPTR FM NORMAL 0 LOWEST SLP 28.77 ON 10
[REMARKS]