000
CXUS53 KGLD 010921
CLMMCK
CLIMATE REPORT
NATIONAL WEATHER SERVICE
321 AM MDT SAT APR 01 2023
...................................
...THE MCCOOK NE CLIMATE SUMMARY FOR THE MONTH OF MARCH 2023...
CLIMATE NORMAL PERIOD: 1991 TO 2020
CLIMATE RECORD PERIOD: 1896 TO 2023
WEATHER OBSERVED NORMAL DEPART LAST YEAR`S
VALUE DATE(S) VALUE FROM VALUE DATE(S)
NORMAL
................................................................
TEMPERATURE (F)
RECORD
HIGH 93 03/16/2015
03/30/1943
03/10/1989
LOW -20 03/03/1960
HIGHEST 75 03/15 80 -5 77 03/02
LOWEST 15 03/19 9 6 1 03/11
AVG. MAXIMUM 48.5 56.3 -7.8 54.2
AVG. MINIMUM 25.1 27.3 -2.2 23.3
MEAN 36.8 41.8 -5.0 38.8
DAYS MAX >= 90 0 0.1 -0.1 0
DAYS MAX <= 32 3 1.3 1.7 4
DAYS MIN <= 32 30 22.7 7.3 27
DAYS MIN <= 0 0 0.3 -0.3 0
PRECIPITATION (INCHES)
RECORD
MAXIMUM 4.20 1977
MINIMUM 0.00 1968
TOTALS 0.25 0.90 -0.65 0.50
DAILY AVG. 0.01 0.03 -0.02 0.02
DAYS >= .01 4 5.2 -1.2 5
DAYS >= .10 1 2.3 -1.3 3
DAYS >= .50 0 0.6 -0.6 0
DAYS >= 1.00 0 0.1 -0.1 0
GREATEST
24 HR. TOTAL 0.11 03/25 TO 03/25 0.18
STORM TOTAL 0.11
(MM/DD(HH))
................................................................
- INDICATES NEGATIVE NUMBERS.
R INDICATES RECORD WAS SET OR TIED.
MM INDICATES DATA IS MISSING.
T INDICATES TRACE AMOUNT.
$$