000
CXUS54 KMEG 010900
CF6MEM
PRELIMINARY LOCAL CLIMATOLOGICAL DATA (WS FORM: F-6)
STATION: MEMPHIS
MONTH: JUNE
YEAR: 2021
LATITUDE: 35 3 N
LONGITUDE: 89 59 W
TEMPERATURE IN F: :PCPN: SNOW: WIND :SUNSHINE: SKY :PK WND
================================================================================
1 2 3 4 5 6A 6B 7 8 9 10 11 12 13 14 15 16 17 18
12Z AVG MX 2MIN
DY MAX MIN AVG DEP HDD CDD WTR SNW DPTH SPD SPD DIR MIN PSBL S-S WX SPD DR
================================================================================
1 75 67 71 -6 0 6 1.18 0.0 0 4.8 10 80 M M 10 1 M M
2 83 69 76 -1 0 11 0.04 0.0 0 8.5 16 230 M M 8 1 27 260
3 82 66 74 -3 0 9 T 0.0 0 5.3 14 300 M M 6 1 25 290
4 87 64 76 -2 0 11 T 0.0 0 2.4 9 200 M M 6 13 360
5 83 68 76 -2 0 11 0.09 0.0 0 5.3 22 170 M M 8 1 29 170
6 76 70 73 -5 0 8 0.02 0.0 0 8.6 17 150 M M 9 18 M M
7 83 69 76 -2 0 11 0.28 0.0 0 8.6 32 200 M M 9 13 41 180
8 75 68 72 -7 0 7 1.81 0.0 0 10.4 20 180 M M 10 13 M M
9 78 69 74 -5 0 9 0.73 0.0 0 7.2 16 210 M M 10 13 M M
10 82 70 76 -3 0 11 0.00 0.0 0 6.7 14 200 M M 7 M M
11 90 71 81 2 0 16 0.02 0.0 0 5.6 13 300 M M 7 3 19 240
12 94 77 86 6 0 21 0.00 0.0 0 4.0 10 310 M M 6 M M
13 94 78 86 6 0 21 0.00 0.0 0 6.9 17 360 M M 3 3 22 20
14 93 75 84 4 0 19 0.00 0.0 0 5.9 14 360 M M 1 M M
15 90 73 82 2 0 17 0.00 0.0 0 7.5 18 90 M M 1 26 110
16 91 67 79 -1 0 14 0.00 0.0 0 4.1 12 30 M M 2 M M
17 92 70 81 1 0 16 0.00 0.0 0 5.8 13 210 M M 2 M M
18 90 73 82 1 0 17 0.00 0.0 0 7.2 16 180 M M 3 M M
19 86 73 80 -1 0 15 0.00 0.0 0 6.6 16 210 M M 7 27 250
20 91 72 82 1 0 17 0.00 0.0 0 9.4 21 190 M M 2 M M
21 89 70 80 -1 0 15 T 0.0 0 10.7 22 340 M M 7 29 340
22 81 62 72 -9 0 7 0.00 0.0 0 8.3 16 30 M M 2 24 360
23 85 62 74 -7 0 9 0.00 0.0 0 5.3 12 180 M M 2 22 150
24 92 69 81 -1 0 16 0.00 0.0 0 8.3 15 160 M M 5 M M
25 90 77 84 2 0 19 0.00 0.0 0 13.4 21 170 M M 7 M M
26 90 75 83 1 0 18 0.00 0.0 0 12.4 20 160 M M 4 29 240
27 92 75 84 2 0 19 0.00 0.0 0 10.0 21 210 M M 2 M M
28 93 76 85 3 0 20 0.00 0.0 0 8.2 16 190 M M 3 28 250
29 94 75 85 3 0 20 0.00 0.0 0 7.2 21 130 M M 5 32 100
30 88 74 81 -1 0 16 0.57 0.0 0 5.6 23 170 M M 8 1 27 180
================================================================================
SM 2609 2124 0 426 4.74 0.0 220.2 M 162
================================================================================
AV 87.0 70.8 7.3 FASTST M M 5 MAX(MPH)
MISC ----> 32 200 41 180
================================================================================
NOTES:
# LAST OF SEVERAL OCCURRENCES
COLUMN 17 PEAK WIND IN M.P.H.
PRELIMINARY LOCAL CLIMATOLOGICAL DATA (WS FORM: F-6) , PAGE 2
STATION: MEMPHIS
MONTH: JUNE
YEAR: 2021
LATITUDE: 35 3 N
LONGITUDE: 89 59 W
[TEMPERATURE DATA] [PRECIPITATION DATA] SYMBOLS USED IN COLUMN 16
AVERAGE MONTHLY: 78.9 TOTAL FOR MONTH: 4.74 1 = FOG OR MIST
DPTR FM NORMAL: -1.0 DPTR FM NORMAL: 0.75 2 = FOG REDUCING VISIBILITY
HIGHEST: 94 ON 29,13 GRTST 24HR 2.51 ON 8- 9 TO 1/4 MILE OR LESS
LOWEST: 62 ON 23,22 3 = THUNDER
SNOW, ICE PELLETS, HAIL 4 = ICE PELLETS
TOTAL MONTH: 0.0 INCH 5 = HAIL
GRTST 24HR 0.0 6 = FREEZING RAIN OR DRIZZLE
GRTST DEPTH: 0 7 = DUSTSTORM OR SANDSTORM:
VSBY 1/2 MILE OR LESS
8 = SMOKE OR HAZE
[NO. OF DAYS WITH] [WEATHER - DAYS WITH] 9 = BLOWING SNOW
X = TORNADO
MAX 32 OR BELOW: 0 0.01 INCH OR MORE: 9
MAX 90 OR ABOVE: 15 0.10 INCH OR MORE: 5
MIN 32 OR BELOW: 0 0.50 INCH OR MORE: 4
MIN 0 OR BELOW: 0 1.00 INCH OR MORE: 2
[HDD (BASE 65) ]
TOTAL THIS MO. 0 CLEAR (SCALE 0-3) 11
DPTR FM NORMAL 0 PTCLDY (SCALE 4-7) 13
TOTAL FM JUL 1 2888 CLOUDY (SCALE 8-10) 6
DPTR FM NORMAL 13
[CDD (BASE 65) ]
TOTAL THIS MO. 426
DPTR FM NORMAL -21 [PRESSURE DATA]
TOTAL FM JAN 1 674 HIGHEST SLP 30.18 ON 29
DPTR FM NORMAL -110 LOWEST SLP 29.75 ON 20
[REMARKS]
#FINAL-06-21#