000
CXUS54 KMEG 052111
CLMMEM
CLIMATE REPORT
NATIONAL WEATHER SERVICE MEMPHIS TN
411 PM CDT FRI APR 05 2024
...................................
...THE MEMPHIS CLIMATE SUMMARY FOR THE MONTH OF MARCH 2024...
CLIMATE NORMAL PERIOD 1991 TO 2020
CLIMATE RECORD PERIOD 1872 TO 2024
WEATHER OBSERVED NORMAL DEPART LAST YEAR`S
VALUE DATE(S) VALUE FROM VALUE DATE(S)
NORMAL
................................................................
TEMPERATURE (F)
RECORD
HIGH 87 03/09/1911
03/28/1895
LOW 12 03/03/1943
HIGHEST 81 03/04 63 18 79 03/23
03/26
LOWEST 29 03/19 43 -14 25 03/19
03/20
AVG. MAXIMUM 66.7 64.2 2.5 63.7
AVG. MINIMUM 47.3 44.3 3.0 46.4
MEAN 57.0 54.2 2.8 55.1
DAYS MAX >= 90 0 0.0 0.0 0
DAYS MAX <= 32 0 0.2 -0.2 0
DAYS MIN <= 32 1 3.5 -2.5 5
DAYS MIN <= 0 0 0.0 0.0 0
PRECIPITATION (INCHES)
RECORD
MAXIMUM 16.20 2016
MINIMUM 0.70 1918
TOTALS 4.90 5.74 -0.84 8.42
DAILY AVG. 0.16 0.19 -0.03 0.28
DAYS >= .01 9 11.5 -2.5 14
DAYS >= .10 6 7.9 -1.9 12
DAYS >= .50 4 3.6 0.4 6
DAYS >= 1.00 2 1.7 0.3 2
GREATEST
24 HR. TOTAL 2.11 03/14 TO 03/15
SNOWFALL (INCHES)
RECORDS
TOTAL 18.0 1892
TOTALS 0.0 0.5 -0.5 0.0
SINCE 7/1 3.4 2.7 0.7 0.7
SNOWDEPTH AVG. 0 0
DAYS >= 1.0 0 0.2 -0.2 0
GREATEST
SNOW DEPTH 0 0 MM
24 HR TOTAL MM
DEGREE DAYS
HEATING TOTAL 260 352 -92 318
SINCE 7/1 2352 2724 -372 2333
COOLING TOTAL 19 18 1 20
SINCE 1/1 26 21 5 31
................................................................
WIND (MPH)
AVERAGE WIND SPEED 8.2
HIGHEST WIND SPEED/DIRECTION 41/350 DATE 03/14
HIGHEST GUST SPEED/DIRECTION 55/120 DATE 03/25
SKY COVER
POSSIBLE SUNSHINE (PERCENT) MM
AVERAGE SKY COVER 0.56
NUMBER OF DAYS FAIR 11
NUMBER OF DAYS PC 9
NUMBER OF DAYS CLOUDY 11
AVERAGE RH (PERCENT) 65
WEATHER CONDITIONS. NUMBER OF DAYS WITH
THUNDERSTORM 3 MIXED PRECIP 0
HEAVY RAIN 4 RAIN 4
LIGHT RAIN 9 FREEZING RAIN 0
LT FREEZING RAIN 0 HAIL 0
HEAVY SNOW 0 SNOW 0
LIGHT SNOW 0 SLEET 0
FOG 11 FOG W/VIS <= 1/4 MILE 1
HAZE 2
- INDICATES NEGATIVE NUMBERS.
R INDICATES RECORD WAS SET OR TIED.
MM INDICATES DATA IS MISSING.
T INDICATES TRACE AMOUNT.
$$