000
CXUS54 KBRO 010800
CF6MFE
PRELIMINARY LOCAL CLIMATOLOGICAL DATA (WS FORM: F-6)
STATION: MCALLEN
MONTH: AUGUST
YEAR: 2023
LATITUDE: 26 10 N
LONGITUDE: 98 14 W
TEMPERATURE IN F: :PCPN: SNOW: WIND :SUNSHINE: SKY :PK WND
================================================================================
1 2 3 4 5 6A 6B 7 8 9 10 11 12 13 14 15 16 17 18
12Z AVG MX 2MIN
DY MAX MIN AVG DEP HDD CDD WTR SNW DPTH SPD SPD DIR MIN PSBL S-S WX SPD DR
================================================================================
1 103 77 90 0 0 25 0.00 0.0 0 10.7 23 110 M M 1 30 110
2 103 78 91 1 0 26 0.00 0.0 0 10.8 22 80 M M 2 30 100
3 104 78 91 1 0 26 0.00 0.0 0 13.4 25 130 M M 0 8 35 150
4 105 79 92 2 0 27 0.00 0.0 0 15.4 26 140 M M 0 34 140
5 103 79 91 1 0 26 0.00 0.0 0 16.0 25 130 M M 0 35 130
6 104 81 93 3 0 28 0.00 0.0 0 16.1 24 130 M M 1 35 150
7 104 80 92 2 0 27 0.00 0.0 0 16.3 24 150 M M 0 8 37 140
8 103 81 92 2 0 27 0.00 0.0 0 17.2 26 130 M M 1 8 36 130
9 104 82 93 3 0 28 0.00 0.0 0 18.0 29 140 M M 1 8 41 130
10 104 81 93 3 0 28 0.00 0.0 0 18.1 26 130 M M 1 18 36 160
11 102 81 92 2 0 27 0.00 0.0 0 16.7 26 130 M M 1 35 160
12 103 83 93 3 0 28 0.00 0.0 0 16.4 26 130 M M 2 1 37 130
13 103 83 93 3 0 28 0.00 0.0 0 15.5 26 120 M M 2 34 130
14 103 81 92 2 0 27 0.00 0.0 0 13.1 24 120 M M 2 30 120
15 103 80 92 2 0 27 T 0.0 0 9.1 25 70 M M 1 3 33 70
16 104 75 90 0 0 25 0.00 0.0 0 9.3 21 130 M M 0 30 150
17 105 77 91 1 0 26 0.00 0.0 0 11.2 23 130 M M 0 29 140
18 104 79 92 3 0 27 0.00 0.0 0 13.8 25 130 M M 0 32 130
19 103 81 92 3 0 27 0.00 0.0 0 13.3 23 140 M M 0 34 130
20 102 80 91 2 0 26 0.02 0.0 0 8.2 20 120 M M 0 30 80
21 99 77 88 -1 0 23 0.00 0.0 0 7.9 21 80 M M 1 28 70
22 91 76 84 -5 0 19 0.30 0.0 0 10.1 23 50 M M 6 1 30 50
23 96 76 86 -3 0 21 0.06 0.0 0 8.6 23 130 M M 4 13 33 130
24 100 78 89 0 0 24 0.00 0.0 0 5.0 16 80 M M 1 23 70
25 99 77 88 -1 0 23 0.00 0.0 0 7.4 20 80 M M 1 26 40
26 99 78 89 1 0 24 0.00 0.0 0 5.1 18 30 M M 1 1 29 30
27 103 75 89 1 0 24 0.00 0.0 0 5.8 22 130 M M 0 26 130
28 107 76 92 4 0 27 0.00 0.0 0 5.7 20 100 M M 0 8 27 100
29 100 80 90 2 0 25 0.01 0.0 0 6.3 25 10 M M 3 8 32 10
30 105 77 91 3 0 26 0.00 0.0 0 6.2 21 40 M M 0 M M
31 104 72 88 0 0 23 0.00 0.0 0 6.8 21 110 M M 0 8 27 110
================================================================================
SM 3172 2438 0 795 0.39 0.0 353.5 M 32
================================================================================
AV102.3 78.6 11.4 FASTST M M 1 MAX(MPH)
MISC ----> 29 140 41 130
================================================================================
NOTES:
# LAST OF SEVERAL OCCURRENCES
COLUMN 17 PEAK WIND IN M.P.H.
PRELIMINARY LOCAL CLIMATOLOGICAL DATA (WS FORM: F-6) , PAGE 2
STATION: MCALLEN
MONTH: AUGUST
YEAR: 2023
LATITUDE: 26 10 N
LONGITUDE: 98 14 W
[TEMPERATURE DATA] [PRECIPITATION DATA] SYMBOLS USED IN COLUMN 16
AVERAGE MONTHLY: 90.5 TOTAL FOR MONTH: 0.39 1 = FOG OR MIST
DPTR FM NORMAL: 1.2 DPTR FM NORMAL: -1.42 2 = FOG REDUCING VISIBILITY
HIGHEST: 107 ON 28 GRTST 24HR 0.34 ON 22-23 TO 1/4 MILE OR LESS
LOWEST: 72 ON 31 3 = THUNDER
SNOW, ICE PELLETS, HAIL 4 = ICE PELLETS
TOTAL MONTH: 0.0 INCH 5 = HAIL
GRTST 24HR 0.0 6 = FREEZING RAIN OR DRIZZLE
GRTST DEPTH: 0 7 = DUSTSTORM OR SANDSTORM:
VSBY 1/2 MILE OR LESS
8 = SMOKE OR HAZE
[NO. OF DAYS WITH] [WEATHER - DAYS WITH] 9 = BLOWING SNOW
X = TORNADO
MAX 32 OR BELOW: 0 0.01 INCH OR MORE: 4
MAX 90 OR ABOVE: 31 0.10 INCH OR MORE: 1
MIN 32 OR BELOW: 0 0.50 INCH OR MORE: 0
MIN 0 OR BELOW: 0 1.00 INCH OR MORE: 0
[HDD (BASE 65) ]
TOTAL THIS MO. 0 CLEAR (SCALE 0-3) 29
DPTR FM NORMAL 0 PTCLDY (SCALE 4-7) 2
TOTAL FM JUL 1 0 CLOUDY (SCALE 8-10) 0
DPTR FM NORMAL 0
[CDD (BASE 65) ]
TOTAL THIS MO. 795
DPTR FM NORMAL 43 [PRESSURE DATA]
TOTAL FM JAN 1 3799 HIGHEST SLP M ON M
DPTR FM NORMAL 156 LOWEST SLP 29.72 ON 28
[REMARKS]
#FINAL-08-23#