000
CXUS56 KMFR 011710
CF6MFR
PRELIMINARY LOCAL CLIMATOLOGICAL DATA (WS FORM: F-6)
STATION: MEDFORD OR
MONTH: JANUARY
YEAR: 2021
LATITUDE: 42 22 N
LONGITUDE: 122 52 W
TEMPERATURE IN F: :PCPN: SNOW: WIND :SUNSHINE: SKY :PK WND
================================================================================
1 2 3 4 5 6A 6B 7 8 9 10 11 12 13 14 15 16 17 18
12Z AVG MX 2MIN
DY MAX MIN AVG DEP HDD CDD WTR SNW DPTH SPD SPD DIR MIN PSBL S-S WX SPD DR
================================================================================
1 53 36 45 6 20 0 0.09 0.0 0 2.7 23 300 M M 7 128 31 290
2 43 35 39 0 26 0 T 0.0 0 1.6 8 80 M M 10 12 9 90
3 52 41 47 8 18 0 0.04 0.0 0 2.9 13 80 M M 10 18 14 80
4 56 39 48 9 17 0 0.17 0.0 0 9.7 32 140 M M 7 38 140
5 45 34 40 1 25 0 0.00 0.0 0 2.1 8 270 M M 5 12 11 140
6 47 33 40 1 25 0 0.28 0.0 0 4.6 12 200 M M 7 1 15 210
7 45 31 38 -1 27 0 T 0.0 0 3.3 12 70 M M 6 128 13 70
8 53 35 44 5 21 0 0.19 0.0 0 3.4 12 60 M M 7 1 15 290
9 48 33 41 1 24 0 0.00 0.0 0 1.8 9 320 M M 4 12 11 110
10 51 37 44 4 21 0 0.24 0.0 0 2.5 10 130 M M 4 12 13 310
11 45 35 40 0 25 0 0.00 0.0 0 1.1 9 140 M M 7 12 10 140
12 56 42 49 9 16 0 0.34 0.0 0 5.2 26 140 M M 9 1 31 130
13 63 43 53 13 12 0 0.14 0.0 0 4.0 14 360 M M 5 1 16 10
14 59 36 48 8 17 0 0.00 0.0 0 1.2 8 150 M M 1 128 10 20
15 49 34 42 2 23 0 0.03 0.0 0 2.3 8 330 M M 7 1 9 320
16 53 38 46 6 19 0 0.00 0.0 0 1.5 7 150 M M 6 1 8 190
17 46 35 41 1 24 0 0.00 0.0 0 1.4 9 10 M M 7 12 10 10
18 41 37 39 -1 26 0 0.00 0.0 0 2.6 8 20 M M 10 12 9 150
19 59 30 45 5 20 0 0.00 0.0 0 2.8 12 360 M M 4 12 16 40
20 52 26 39 -2 26 0 0.00 0.0 0 1.1 7 160 M M 0 8 360
21 51 33 42 1 23 0 0.00 0.0 0 1.1 5 70 M M 4 6 230
22 45 37 41 0 24 0 0.20 0.0 0 2.3 10 310 M M 10 1 13 310
23 48 35 42 1 23 0 0.00 0.0 0 2.2 8 330 M M 8 1 11 280
24 39 30 35 -6 30 0 0.09 0.1 0 1.6 8 300 M M 7 1 10 310
25 45 32 39 -2 26 0 T 0.0 0 1.8 12 20 M M 8 14 10
26 42 29 36 -5 29 0 T T 0 10.9 32 140 M M 9 18 47 130
27 50 30 40 -2 25 0 0.00 0.0 0 5.3 21 150 M M 5 26 150
28 54 32 43 1 22 0 0.16 0.0 0 1.7 9 290 M M 9 128 13 280
29 48 39 44 2 21 0 0.01 0.0 0 2.3 10 60 M M 8 14 50
30 59 37 48 6 17 0 T 0.0 0 10.6 30 150 M M 9 1 36 160
31 57 41 49 7 16 0 T 0.0 0 13.2 29 150 M M 7 12 38 140
================================================================================
SM 1554 1085 688 0 1.98 0.1 110.8 M 207
================================================================================
AV 50.1 35.0 3.6 FASTST M M 7 MAX(MPH)
MISC ----> # 32 140 47 130
================================================================================
NOTES:
# LAST OF SEVERAL OCCURRENCES
COLUMN 17 PEAK WIND IN M.P.H.
PRELIMINARY LOCAL CLIMATOLOGICAL DATA (WS FORM: F-6) , PAGE 2
STATION: MEDFORD OR
MONTH: JANUARY
YEAR: 2021
LATITUDE: 42 22 N
LONGITUDE: 122 52 W
[TEMPERATURE DATA] [PRECIPITATION DATA] SYMBOLS USED IN COLUMN 16
AVERAGE MONTHLY: 42.6 TOTAL FOR MONTH: 1.98 1 = FOG OR MIST
DPTR FM NORMAL: 2.3 DPTR FM NORMAL: -0.45 2 = FOG REDUCING VISIBILITY
HIGHEST: 63 ON 13 GRTST 24HR 0.81 ON 27-28 TO 1/4 MILE OR LESS
LOWEST: 26 ON 20 3 = THUNDER
SNOW, ICE PELLETS, HAIL 4 = ICE PELLETS
TOTAL MONTH: 0.1 INCH 5 = HAIL
GRTST 24HR 0.1 ON 24-24 6 = FREEZING RAIN OR DRIZZLE
GRTST DEPTH: 0 7 = DUSTSTORM OR SANDSTORM:
VSBY 1/2 MILE OR LESS
8 = SMOKE OR HAZE
[NO. OF DAYS WITH] [WEATHER - DAYS WITH] 9 = BLOWING SNOW
X = TORNADO
MAX 32 OR BELOW: 0 0.01 INCH OR MORE: 13
MAX 90 OR ABOVE: 0 0.10 INCH OR MORE: 8
MIN 32 OR BELOW: 8 0.50 INCH OR MORE: 0
MIN 0 OR BELOW: 0 1.00 INCH OR MORE: 0
[HDD (BASE 65) ]
TOTAL THIS MO. 688 CLEAR (SCALE 0-3) 2
DPTR FM NORMAL -78 PTCLDY (SCALE 4-7) 19
TOTAL FM JUL 1 2141 CLOUDY (SCALE 8-10) 10
DPTR FM NORMAL -391
[CDD (BASE 65) ]
TOTAL THIS MO. 0
DPTR FM NORMAL 0 [PRESSURE DATA]
TOTAL FM JAN 1 0 HIGHEST SLP 30.51 ON 15
DPTR FM NORMAL 0 LOWEST SLP 29.42 ON 26
[REMARKS]
#FINAL-01-21#