000
CXUS53 KIND 010600
CF6MIE
PRELIMINARY LOCAL CLIMATOLOGICAL DATA (WS FORM: F-6)
STATION: MUNCIE IN
MONTH: MAY
YEAR: 2023
LATITUDE: 40 13 N
LONGITUDE: 85 23 W
TEMPERATURE IN F: :PCPN: SNOW: WIND :SUNSHINE: SKY :PK WND
================================================================================
1 2 3 4 5 6A 6B 7 8 9 10 11 12 13 14 15 16 17 18
12Z AVG MX 2MIN
DY MAX MIN AVG DEP HDD CDD WTR SNW DPTH SPD SPD DIR MIN PSBL S-S WX SPD DR
================================================================================
1 44 38 41 -19 24 0 0.40 M M 15.5 26 290 M M 10 1 38 280
2 50 43 47 -13 18 0 0.01 M M 12.2 21 280 M M 10 31 280
3 57 41 49 -11 16 0 T M M 14.0 22 300 M M 6 29 310
4 66 36 51 -10 14 0 0.00 M M 3.3 9 290 M M 1 13 330
5 74 47 61 0 4 0 0.00 M M 8.4 16 190 M M 0 24 140
6 76 56 66 5 0 1 T M M 8.9 17 190 M M 4 26 180
7 81 62 72 10 0 7 0.75 M M 7.9 17 190 M M 3 13 27 240
8 78 57 68 6 0 3 T M M 7.3 17 40 M M 5 8 21 40
9 73 52 63 1 2 0 0.00 M M 9.1 17 40 M M 2 25 60
10 78 45 62 0 3 0 0.00 M M 5.7 14 90 M M 0 21 130
11 84 52 68 5 0 3 0.00 M M 5.5 12 130 M M 0 20 160
12 82 64 73 10 0 8 0.24 M M 5.8 16 180 M M 6 13 24 160
13 77 65 71 7 0 6 T M M 7.3 16 80 M M 8 18 21 110
14 73 60 67 3 0 2 0.00 M M 11.2 18 60 M M 9 25 50
15 75 55 65 1 0 0 T M M 4.6 15 70 M M 5 8 19 60
16 76 57 67 3 0 2 T M M 5.6 16 340 M M 4 8 19 350
17 69 48 59 -6 6 0 0.00 M M 10.4 18 50 M M 0 24 40
18 75 40 58 -7 7 0 0.00 M M 5.6 12 140 M M 0 16 100
19 83 52 68 3 0 3 0.64 M M 8.4 23 320 M M 5 1 28 220
20 64 50 57 -9 8 0 0.09 M M 9.0 17 330 M M 5 18 24 330
21 79 45 62 -4 3 0 0.00 M M 3.5 14 330 M M 0 21 320
22 83 53 68 2 0 3 0.00 M M 3.5 9 100 M M 0 14 170
23 83 54 69 2 0 4 0.00 M M 3.1 12 50 M M 0 16 90
24 85 56 71 4 0 6 0.00 M M 9.3 23 60 M M 1 32 50
25 71 46 59 -8 6 0 0.00 M M 13.5 22 40 M M 0 29 60
26 77 47 62 -6 3 0 0.00 M M 11.1 22 70 M M 0 33 80
27 81 47 64 -4 1 0 0.00 M M 6.9 17 90 M M 0 26 110
28 82 58 70 2 0 5 0.00 M M 5.9 17 50 M M 2 27 50
29 88 53 71 3 0 6 0.00 M M 5.6 18 80 M M 0 24 40
30 88 60 74 5 0 9 0.02 M M 5.5 15 110 M M 2 8 21 130
31 90 63 77 8 0 12 0.00 M M 4.6 12 180 M M 1 18 130
================================================================================
SM 2342 1602 115 80 2.15 M 238.2 M 89
================================================================================
AV 75.5 51.7 7.7 FASTST M M 3 MAX(MPH)
MISC ----> 26 290 38 280
================================================================================
NOTES:
# LAST OF SEVERAL OCCURRENCES
COLUMN 17 PEAK WIND IN M.P.H.
PRELIMINARY LOCAL CLIMATOLOGICAL DATA (WS FORM: F-6) , PAGE 2
STATION: MUNCIE IN
MONTH: MAY
YEAR: 2023
LATITUDE: 40 13 N
LONGITUDE: 85 23 W
[TEMPERATURE DATA] [PRECIPITATION DATA] SYMBOLS USED IN COLUMN 16
AVERAGE MONTHLY: 63.6 TOTAL FOR MONTH: 2.15 1 = FOG OR MIST
DPTR FM NORMAL: -0.8 DPTR FM NORMAL: -2.21 2 = FOG REDUCING VISIBILITY
HIGHEST: 90 ON 31 GRTST 24HR 0.75 ON 6- 7 TO 1/4 MILE OR LESS
LOWEST: 36 ON 4 3 = THUNDER
SNOW, ICE PELLETS, HAIL 4 = ICE PELLETS
TOTAL MONTH: M 5 = HAIL
GRTST 24HR M ON M 6 = FREEZING RAIN OR DRIZZLE
GRTST DEPTH: M ON M 7 = DUSTSTORM OR SANDSTORM:
VSBY 1/2 MILE OR LESS
8 = SMOKE OR HAZE
[NO. OF DAYS WITH] [WEATHER - DAYS WITH] 9 = BLOWING SNOW
X = TORNADO
MAX 32 OR BELOW: 0 0.01 INCH OR MORE: 7
MAX 90 OR ABOVE: 1 0.10 INCH OR MORE: 4
MIN 32 OR BELOW: 0 0.50 INCH OR MORE: 2
MIN 0 OR BELOW: 0 1.00 INCH OR MORE: 0
[HDD (BASE 65) ]
TOTAL THIS MO. 115 CLEAR (SCALE 0-3) 18
DPTR FM NORMAL -9 PTCLDY (SCALE 4-7) 10
TOTAL FM JUL 1 4678 CLOUDY (SCALE 8-10) 3
DPTR FM NORMAL -569
[CDD (BASE 65) ]
TOTAL THIS MO. 80
DPTR FM NORMAL -26 [PRESSURE DATA]
TOTAL FM JAN 1 98 HIGHEST SLP M ON M
DPTR FM NORMAL -29 LOWEST SLP 29.38 ON 1
[REMARKS]
#FINAL-05-23#