000
CXUS54 KMEG 010900
CF6MKL
PRELIMINARY LOCAL CLIMATOLOGICAL DATA (WS FORM: F-6)
STATION: JACKSON
MONTH: SEPTEMBER
YEAR: 2022
LATITUDE: 35 35 N
LONGITUDE: 88 55 W
TEMPERATURE IN F: :PCPN: SNOW: WIND :SUNSHINE: SKY :PK WND
================================================================================
1 2 3 4 5 6A 6B 7 8 9 10 11 12 13 14 15 16 17 18
12Z AVG MX 2MIN
DY MAX MIN AVG DEP HDD CDD WTR SNW DPTH SPD SPD DIR MIN PSBL S-S WX SPD DR
================================================================================
1 86 59 73 -3 0 8 0.00 M M 2.5 9 10 M M 0 1 11 330
2 89 61 75 -1 0 10 0.00 M M 1.6 10 250 M M 1 1 14 190
3 89 71 80 4 0 15 T M M 3.2 12 260 M M 3 14 190
4 85 72 79 4 0 14 0.02 M M 3.2 10 290 M M 7 13 14 300
5 87 70 79 4 0 14 0.00 M M 2.2 12 360 M M 5 18 14 320
6 88 67 78 3 0 13 0.09 M M 1.7 15 340 M M 2 13 17 290
7 85 64 75 1 0 10 0.00 M M 5.5 14 40 M M 4 128 18 20
8 83 59 71 -3 0 6 0.00 M M 4.4 15 30 M M 0 1 21 30
9 86 59 73 -1 0 8 T M M 2.5 10 180 M M 4 138 14 180
10 72 66 69 -5 0 4 0.72 M M 4.2 12 90 M M 7 1 16 80
11 84 57 71 -2 0 6 0.29 M M 5.6 23 310 M M 8 13 26 300
12 78 51 65 -8 0 0 0.00 M M 4.5 14 300 M M 0 1 22 330
13 84 52 68 -5 0 3 0.00 M M 4.8 13 300 M M 0 1 17 320
14 84 54 69 -3 0 4 0.00 M M 2.5 12 60 M M 0 128 15 40
15 83 55 69 -3 0 4 0.00 M M 2.2 10 120 M M 1 128 15 70
16 85 58 72 0 0 7 0.00 M M 1.7 9 100 M M 1 128 12 120
17 85 58 72 1 0 7 0.00 M M 2.2 9 170 M M 2 18 12 200
18 88 58 73 2 0 8 0.00 M M 2.2 8 180 M M 3 18 10 250
19 93 63 78 7 0 13 0.00 M M 4.6 10 230 M M 0 12 15 230
20 97 66 82 12 0 17 0.00 M M 3.9 12 320 M M 0 18 15 310
21 97 64 81 11 0 16 0.00 M M 3.7 13 240 M M 0 1 16 270
22 80 52 66 -4 0 1 0.00 M M 8.3 21 360 M M 2 26 360
23 79 48 64 -5 1 0 0.00 M M 3.2 13 110 M M 0 8 18 90
24 88 56 72 3 0 7 0.31 M M 4.9 30 270 M M 2 138 42 290
25 85 55 70 1 0 5 0.09 M M 6.0 15 340 M M 3 1 20 300
26 77 47 62 -6 3 0 0.00 M M 5.8 20 350 M M 0 18 24 330
27 78 41 60 -8 5 0 0.00 M M 4.8 18 360 M M 0 8 22 340
28 74 43 59 -9 6 0 0.00 M M 7.3 20 20 M M 0 8 26 30
29 75 43 59 -8 6 0 0.00 M M 8.2 21 30 M M 0 18 34 60
30 78 41 60 -7 5 0 0.00 M M 4.6 18 10 M M 0 128 21 30
================================================================================
SM 2522 1710 26 200 1.52 M 122.0 M 55
================================================================================
AV 84.1 57.0 4.1 FASTST M M 2 MAX(MPH)
MISC ----> 30 270 42 290
================================================================================
NOTES:
# LAST OF SEVERAL OCCURRENCES
COLUMN 17 PEAK WIND IN M.P.H.
PRELIMINARY LOCAL CLIMATOLOGICAL DATA (WS FORM: F-6) , PAGE 2
STATION: JACKSON
MONTH: SEPTEMBER
YEAR: 2022
LATITUDE: 35 35 N
LONGITUDE: 88 55 W
[TEMPERATURE DATA] [PRECIPITATION DATA] SYMBOLS USED IN COLUMN 16
AVERAGE MONTHLY: 70.5 TOTAL FOR MONTH: 1.52 1 = FOG OR MIST
DPTR FM NORMAL: -1.2 DPTR FM NORMAL: -2.06 2 = FOG REDUCING VISIBILITY
HIGHEST: 97 ON 21,20 GRTST 24HR 0.74 ON 10-11 TO 1/4 MILE OR LESS
LOWEST: 41 ON 30,27 3 = THUNDER
SNOW, ICE PELLETS, HAIL 4 = ICE PELLETS
TOTAL MONTH: M 5 = HAIL
GRTST 24HR M ON M 6 = FREEZING RAIN OR DRIZZLE
GRTST DEPTH: M ON M 7 = DUSTSTORM OR SANDSTORM:
VSBY 1/2 MILE OR LESS
8 = SMOKE OR HAZE
[NO. OF DAYS WITH] [WEATHER - DAYS WITH] 9 = BLOWING SNOW
X = TORNADO
MAX 32 OR BELOW: 0 0.01 INCH OR MORE: 6
MAX 90 OR ABOVE: 3 0.10 INCH OR MORE: 3
MIN 32 OR BELOW: 0 0.50 INCH OR MORE: 1
MIN 0 OR BELOW: 0 1.00 INCH OR MORE: 0
[HDD (BASE 65) ]
TOTAL THIS MO. 26 CLEAR (SCALE 0-3) 24
DPTR FM NORMAL 4 PTCLDY (SCALE 4-7) 6
TOTAL FM JUL 1 26 CLOUDY (SCALE 8-10) 0
DPTR FM NORMAL 7
[CDD (BASE 65) ]
TOTAL THIS MO. 200
DPTR FM NORMAL -23 [PRESSURE DATA]
TOTAL FM JAN 1 1789 HIGHEST SLP 30.37 ON 28
DPTR FM NORMAL 133 LOWEST SLP 29.81 ON 9
[REMARKS]
#FINAL-09-22#