000
CXUS56 KPQR 011612
CLMMMV
CLIMATE REPORT
NATIONAL WEATHER SERVICE PORTLAND OREGON
912 AM PDT MON MAY 01 2023
...................................
...THE MCMINNVILLE OR CLIMATE SUMMARY FOR THE MONTH OF APRIL 2023...
CLIMATE NORMAL PERIOD 1991 TO 2020
CLIMATE RECORD PERIOD 1894 TO 2023
WEATHER OBSERVED NORMAL DEPART LAST YEAR`S
VALUE DATE(S) VALUE FROM VALUE DATE(S)
NORMAL
................................................................
TEMPERATURE (F)
HIGHEST 89 75 04/07
LOWEST 31 27 04/15
AVG. MAXIMUM 57.6 60.5 -2.9 55.9
AVG. MINIMUM 40.1 39.7 0.4 36.8
MEAN 48.8 50.1 -1.3 46.3
DAYS MAX >= 90 0 0.0 0.0 0
DAYS MAX <= 32 0 0.0 0.0 0
DAYS MIN <= 32 1 2.4 -1.4 5
DAYS MIN <= 0 0 0.0 0.0 0
PRECIPITATION (INCHES)
RECORD
MAXIMUM 7.07 1937
MINIMUM 0.30 1977
TOTALS 5.36 2.99 2.37 5.39
DAYS >= .01 19 16.4 2.6 24
DAYS >= .10 16 8.1 7.9 15
DAYS >= .50 3 1.0 2.0 2
DAYS >= 1.00 1 0.1 0.9 0
GREATEST
24 HR. TOTAL 1.22 04/09 TO 04/10
DEGREE DAYS
HEATING TOTAL 486 448 38 553
SINCE 7/1 4337 4266 71 MM
COOLING TOTAL 8 1 7 0
SINCE 1/1 8 1 7 MM
................................................................
WIND (MPH)
AVERAGE WIND SPEED 6.5
RESULTANT WIND SPEED/DIRECTION 4/220
HIGHEST WIND SPEED/DIRECTION 32/280 DATE 04/01
HIGHEST GUST SPEED/DIRECTION 44/270 DATE 04/01
SKY COVER
POSSIBLE SUNSHINE (PERCENT) MM
AVERAGE SKY COVER 0.63
AVERAGE RH (PERCENT) 76
WEATHER CONDITIONS. NUMBER OF DAYS WITH
THUNDERSTORM 0 MIXED PRECIP 0
HEAVY RAIN 5 RAIN 8
LIGHT RAIN 20 FREEZING RAIN 0
LT FREEZING RAIN 0 HAIL 0
HEAVY SNOW 0 SNOW 0
LIGHT SNOW 1 SLEET 0
FOG 18 FOG W/VIS <= 1/4 MILE 1
HAZE 1
- INDICATES NEGATIVE NUMBERS.
R INDICATES RECORD WAS SET OR TIED.
MM INDICATES DATA IS MISSING.
T INDICATES TRACE AMOUNT.
$$