000
CXUS54 KMOB 011504
CLMMOB
CLIMATE REPORT
NATIONAL WEATHER SERVICE MOBILE AL
904 AM CST FRI MAR 01 2024
...................................
...THE MOBILE CLIMATE SUMMARY FOR THE MONTH OF FEBRUARY 2024...
CLIMATE NORMAL PERIOD: 1991 TO 2020
CLIMATE RECORD PERIOD: 1842 TO 2024
WEATHER OBSERVED NORMAL DEPART LAST YEAR`S
VALUE DATE(S) VALUE FROM VALUE DATE(S)
NORMAL
................................................................
TEMPERATURE (F)
RECORD
HIGH 85 02/28/2023
LOW -1 02/13/1899
HIGHEST 82 02/28 85 02/28
LOWEST 29 02/19 33 02/13
02/18
AVG. MAXIMUM 69.4 65.6 3.8 72.6
AVG. MINIMUM 46.0 44.4 1.6 53.4
MEAN 57.7 55.0 2.7 63.0
DAYS MAX >= 90 0 0.0 0.0 0
DAYS MAX <= 32 0 0.0 0.0 0
DAYS MIN <= 32 1 4.1 -3.1 0
DAYS MIN <= 0 0 0.0 0.0 0
PRECIPITATION (INCHES)
RECORD
MAXIMUM 11.89 1983
MINIMUM 1.09 1999
TOTALS 2.01 4.47 -2.46 3.03
DAILY AVG. 0.07 0.16 0.09 0.11
DAYS >= .01 10 9.1 0.9 9
DAYS >= .10 4 5.8 -1.8 4
DAYS >= .50 3 3.1 -0.1 2
DAYS >= 1.00 0 1.3 -1.3 1
SNOWFALL (INCHES)
RECORDS
TOTAL 6.0 1895
SNOW DEPTH 0.1 1973
TOTALS 0.0
SINCE 7/1 T
SNOWDEPTH AVG. 0
DAYS >= 1.0 0
GREATEST
SNOW DEPTH 0
24 HR TOTAL 0.0
DEGREE DAYS
HEATING TOTAL 226 296 -70 154
SINCE 7/1 1182 1399 -217 928
COOLING TOTAL 23 16 7 105
SINCE 1/1 29 24 5 145
................................................................
WIND (MPH)
AVERAGE WIND SPEED 7.6
HIGHEST WIND SPEED/DIRECTION 36/100 DATE 02/04
HIGHEST GUST SPEED/DIRECTION 49/090 DATE 02/04
SKY COVER
POSSIBLE SUNSHINE (PERCENT)
AVERAGE SKY COVER 0.54
NUMBER OF DAYS FAIR 9
NUMBER OF DAYS PC 11
NUMBER OF DAYS CLOUDY 9
AVERAGE RH (PERCENT) 66
WEATHER CONDITIONS. NUMBER OF DAYS WITH
THUNDERSTORM 2 MIXED PRECIP 0
HEAVY RAIN 4 RAIN 3
LIGHT RAIN 10 FREEZING RAIN 0
LT FREEZING RAIN 0 HAIL 0
HEAVY SNOW 0 SNOW 0
LIGHT SNOW 0 SLEET 0
FOG 16 FOG W/VIS <= 1/4 MILE 0
HAZE 4
- INDICATES NEGATIVE NUMBERS.
R INDICATES RECORD WAS SET OR TIED.
MM INDICATES DATA IS MISSING.
T INDICATES TRACE AMOUNT.
$$