000
CXUS51 KPHI 011401
CLMMPO
CLIMATE REPORT
NATIONAL WEATHER SERVICE MOUNT HOLLY NJ
1001 AM EDT SAT APR 01 2023
...................................
...THE MOUNT POCONO PA CLIMATE SUMMARY FOR THE MONTH OF MARCH 2023...
CLIMATE NORMAL PERIOD: 1991 TO 2020
CLIMATE RECORD PERIOD: 1901 TO 2023
WEATHER OBSERVED NORMAL DEPART LAST YEAR`S
VALUE DATE(S) VALUE FROM VALUE
NORMAL
..............................................................
TEMPERATURE (F)
RECORD
HIGH 81 03/31/1998
03/30/1910
LOW -18 03/07/1911
HIGHEST 58 MM MM 67
LOWEST 16 MM MM 8
AVG. MAXIMUM 42.3 41.4 0.9 45.0
AVG. MINIMUM 26.1 24.0 2.1 26.1
MEAN 34.2 32.7 1.5 35.5
DAYS MAX >= 90 0 0.0 0.0 0
DAYS MAX <= 32 3 6.1 -3.1 5
DAYS MIN <= 32 28 24.9 3.1 20
DAYS MIN <= 0 0 0.4 -0.4 0
PRECIPITATION (INCHES)
RECORD
MAXIMUM 10.55 1940
MINIMUM 0.75 1981
TOTALS 3.32 3.83 -0.51 4.15
DAILY AVG. 0.11 0.12 -0.01 0.13
DAYS >= .01 16 12.9 3.1 15
DAYS >= .10 10 6.7 3.3 9
DAYS >= .50 2 1.9 0.1 3
DAYS >= 1.00 0 0.8 -0.8 1
GREATEST
24 HR. TOTAL 1.18 03/03 TO 03/04 1.41
DEGREE DAYS
HEATING TOTAL 947 1001 -54 907
SINCE 7/1 5443 6196 -753 MM
COOLING TOTAL 0 0 0 0
SINCE 1/1 0 0 0 MM
..............................................................
WIND (MPH)
AVERAGE WIND SPEED 12.3
HIGHEST WIND SPEED/DIRECTION 40/290 DATE 03/14
HIGHEST GUST SPEED/DIRECTION 53/300 DATE 03/14
SKY COVER
POSSIBLE SUNSHINE (PERCENT) MM
AVERAGE SKY COVER 0.53
NUMBER OF DAYS FAIR 10
NUMBER OF DAYS PC 11
NUMBER OF DAYS CLOUDY 10
AVERAGE RH (PERCENT) 68
WEATHER CONDITIONS. NUMBER OF DAYS WITH
THUNDERSTORM 0 MIXED PRECIP 0
HEAVY RAIN 0 RAIN 3
LIGHT RAIN 12 FREEZING RAIN 2
LT FREEZING RAIN 3 HEAVY SNOW 1
SNOW 5 LIGHT SNOW 16
SLEET 4 FOG 21
FOG W/VIS <= 1/4 MILE 7 HAZE 0
- INDICATES NEGATIVE NUMBERS.
R INDICATES RECORD WAS SET OR TIED.
MM INDICATES DATA IS MISSING.
T INDICATES TRACE AMOUNT.
$$