000
CXUS53 KMPX 011918
CF6MPX
PRELIMINARY LOCAL CLIMATOLOGICAL DATA (WS FORM: F-6)
STATION: CHANHASSEN MN
MONTH: SEPTEMBER
YEAR: 2021
LATITUDE: 44 50 N
LONGITUDE: 93 34 W
TEMPERATURE IN F: :PCPN: SNOW: WIND :SUNSHINE: SKY :PK WND
================================================================================
1 2 3 4 5 6A 6B 7 8 9 10 11 12 13 14 15 16 17 18
12Z AVG MX 2MIN
DY MAX MIN AVG DEP HDD CDD WTR SNW DPTH SPD SPD DIR MIN PSBL S-S WX SPD DR
================================================================================
1 77 58 68 2 0 3 0.00 0.0 0 M M M M M M M M
2 67 59 63 -3 2 0 0.21 0.0 0 M M M M M M M M
3 63 57 60 -6 5 0 0.68 0.0 0 M M M M M M M M
4 76 55 66 0 0 1 0.00 0.0 0 M M M M M M M M
5 75 50 63 -2 2 0 T 0.0 0 M M M M M M M M
6 78 51 65 0 0 0 0.00 0.0 0 M M M M M M M M
7 76 60 68 3 0 3 0.00 0.0 0 M M M M M M M M
8 74 53 64 0 1 0 0.00 0.0 0 M M M M M M M M
9 74 52 63 -1 2 0 0.00 0.0 0 M M M M M M M M
10 80 52 66 2 0 1 0.00 0.0 0 M M M M M M M M
11 76 60 68 5 0 3 0.00 0.0 0 M M M M M M M M
12 70 51 61 -2 4 0 0.00 0.0 0 M M M M M M M M
13 75 49 62 0 3 0 0.18 0.0 0 M M M M M M M M
14 70 51 61 -1 4 0 T 0.0 0 M M M M M M M M
15 77 46 62 0 3 0 0.00 0.0 0 M M M M M M M M
16 86 65 76 15 0 11 T 0.0 0 M M M M M M M M
17 74 46 60 -1 5 0 0.43 0.0 0 M M M M M M M M
18 75 43 59 -1 6 0 0.00 0.0 0 M M M M M M M M
19 88 65 77 17 0 12 0.00 0.0 0 M M M M M M M M
20 73 55 64 4 1 0 0.57 0.0 0 M M M M M M M M
21 64 45 55 -4 10 0 0.00 0.0 0 M M M M M M M M
22 68 44 56 -3 9 0 0.00 0.0 0 M M M M M M M M
23 72 42 57 -1 8 0 0.00 0.0 0 M M M M M M M M
24 61 43 52 -6 13 0 0.06 0.0 0 M M M M M M M M
25 69 43 56 -1 9 0 0.00 0.0 0 M M M M M M M M
26 83 45 64 7 1 0 0.00 0.0 0 M M M M M M M M
27 75 51 63 7 2 0 0.00 0.0 0 M M M M M M M M
28 80 49 65 9 0 0 0.00 0.0 0 M M M M M M M M
29 83 56 70 15 0 5 0.00 0.0 0 M M M M M M M M
30 79 59 69 14 0 4 0.00 0.0 0 M M M M M M M M
================================================================================
SM 2238 1555 90 43 2.13 0.0 M M M
================================================================================
AV 74.6 51.8 M FASTST M M M MAX(MPH)
MISC ----> M M M M
================================================================================
NOTES:
# LAST OF SEVERAL OCCURRENCES
COLUMN 17 PEAK WIND IN M.P.H.
PRELIMINARY LOCAL CLIMATOLOGICAL DATA (WS FORM: F-6) , PAGE 2
STATION: CHANHASSEN MN
MONTH: SEPTEMBER
YEAR: 2021
LATITUDE: 44 50 N
LONGITUDE: 93 34 W
[TEMPERATURE DATA] [PRECIPITATION DATA] SYMBOLS USED IN COLUMN 16
AVERAGE MONTHLY: 63.2 TOTAL FOR MONTH: 2.13 1 = FOG OR MIST
DPTR FM NORMAL: 1.9 DPTR FM NORMAL: -1.16 2 = FOG REDUCING VISIBILITY
HIGHEST: 88 ON 19 GRTST 24HR 0.68 ON 3- 3 TO 1/4 MILE OR LESS
LOWEST: 42 ON 23 3 = THUNDER
SNOW, ICE PELLETS, HAIL 4 = ICE PELLETS
TOTAL MONTH: 0.0 INCH 5 = HAIL
GRTST 24HR 0.0 6 = FREEZING RAIN OR DRIZZLE
GRTST DEPTH: 0 7 = DUSTSTORM OR SANDSTORM:
VSBY 1/2 MILE OR LESS
8 = SMOKE OR HAZE
[NO. OF DAYS WITH] [WEATHER - DAYS WITH] 9 = BLOWING SNOW
X = TORNADO
MAX 32 OR BELOW: 0 0.01 INCH OR MORE: 6
MAX 90 OR ABOVE: 0 0.10 INCH OR MORE: 5
MIN 32 OR BELOW: 0 0.50 INCH OR MORE: 2
MIN 0 OR BELOW: 0 1.00 INCH OR MORE: 0
[HDD (BASE 65) ]
TOTAL THIS MO. 90 CLEAR (SCALE 0-3) 0
DPTR FM NORMAL -76 PTCLDY (SCALE 4-7) 0
TOTAL FM JUL 1 102 CLOUDY (SCALE 8-10) 30
DPTR FM NORMAL -90
[CDD (BASE 65) ]
TOTAL THIS MO. 43
DPTR FM NORMAL -10 [PRESSURE DATA]
TOTAL FM JAN 1 801 HIGHEST SLP M ON M
DPTR FM NORMAL 223 LOWEST SLP M ON M
[REMARKS]
#FINAL-09-21#