288
CXUS53 KMPX 010910
CF6MPX
PRELIMINARY LOCAL CLIMATOLOGICAL DATA (WS FORM: F-6)
STATION: CHANHASSEN MN
MONTH: MARCH
YEAR: 2021
LATITUDE: 44 50 N
LONGITUDE: 93 34 W
TEMPERATURE IN F: :PCPN: SNOW: WIND :SUNSHINE: SKY :PK WND
================================================================================
1 2 3 4 5 6A 6B 7 8 9 10 11 12 13 14 15 16 17 18
12Z AVG MX 2MIN
DY MAX MIN AVG DEP HDD CDD WTR SNW DPTH SPD SPD DIR MIN PSBL S-S WX SPD DR
================================================================================
1 23 11 17 -7 48 0 0.05 1.4 7 M M M M M M M M
2 47 14 31 6 34 0 0.00 0.0 7 M M M M M M M M
3 48 23 36 11 29 0 0.00 0.0 6 M M M M M M M M
4 44 27 36 10 29 0 0.00 0.0 5 M M M M M M M M
5 45 25 35 9 30 0 0.00 0.0 3 M M M M M M M M
6 46 20 33 7 32 0 0.00 0.0 2 M M M M M M M M
7 59 32 46 19 19 0 0.00 0.0 1 M M M M M M M M
8 57 27 42 15 23 0 0.00 0.0 T M M M M M M M M
9 61 41 51 23 14 0 0.00 0.0 0 M M M M M M M M
10 50 34 42 14 23 0 0.58 0.0 0 M M M M M M M M
11 44 31 38 9 27 0 0.02 T 0 M M M M M M M M
12 43 23 33 4 32 0 0.00 0.0 0 M M M M M M M M
13 57 27 42 12 23 0 0.00 0.0 0 M M M M M M M M
14 47 33 40 10 25 0 0.00 0.0 0 M M M M M M M M
15 36 27 32 1 33 0 0.43 4.1 0 M M M M M M M M
16 34 27 31 0 34 0 0.01 0.1 4 M M M M M M M M
17 41 30 36 4 29 0 0.06 0.8 4 M M M M M M M M
18 51 28 40 8 25 0 0.00 0.0 T M M M M M M M M
19 49 23 36 3 29 0 0.00 0.0 0 M M M M M M M M
20 56 34 45 12 20 0 0.00 0.0 0 M M M M M M M M
21 60 41 51 17 14 0 T 0.0 0 M M M M M M M M
22 56 33 45 11 20 0 0.00 0.0 0 M M M M M M M M
23 55 42 49 14 16 0 0.35 0.0 0 M M M M M M M M
24 42 36 39 4 26 0 0.63 0.0 0 M M M M M M M M
25 51 27 39 3 26 0 0.00 0.0 0 M M M M M M M M
26 48 26 37 1 28 0 T 0.0 0 M M M M M M M M
27 45 34 40 3 25 0 0.24 0.0 0 M M M M M M M M
28 43 31 37 0 28 0 0.00 0.0 0 M M M M M M M M
29 71 38 55 17 10 0 0.00 0.0 0 M M M M M M M M
30 52 27 40 2 25 0 0.00 0.0 0 M M M M M M M M
31 33 22 28 -11 37 0 0.00 0.0 0 M M M M M M M M
================================================================================
SM 1494 894 813 0 2.37 6.4 M M M
================================================================================
AV 48.2 28.8 M FASTST M M M MAX(MPH)
MISC ----> M M M M
================================================================================
NOTES:
# LAST OF SEVERAL OCCURRENCES
COLUMN 17 PEAK WIND IN M.P.H.
PRELIMINARY LOCAL CLIMATOLOGICAL DATA (WS FORM: F-6) , PAGE 2
STATION: CHANHASSEN MN
MONTH: MARCH
YEAR: 2021
LATITUDE: 44 50 N
LONGITUDE: 93 34 W
[TEMPERATURE DATA] [PRECIPITATION DATA] SYMBOLS USED IN COLUMN 16
AVERAGE MONTHLY: 38.5 TOTAL FOR MONTH: 2.37 1 = FOG OR MIST
DPTR FM NORMAL: 7.2 DPTR FM NORMAL: 0.59 2 = FOG REDUCING VISIBILITY
HIGHEST: 71 ON 29 GRTST 24HR 0.63 ON 24-24 TO 1/4 MILE OR LESS
LOWEST: 11 ON 1 3 = THUNDER
SNOW, ICE PELLETS, HAIL 4 = ICE PELLETS
TOTAL MONTH: 7.7 INCHES 5 = HAIL
GRTST 24HR 4.1 ON 15-15 6 = FREEZING RAIN OR DRIZZLE
GRTST DEPTH: 7 ON 2, 1 7 = DUSTSTORM OR SANDSTORM:
VSBY 1/2 MILE OR LESS
8 = SMOKE OR HAZE
[NO. OF DAYS WITH] [WEATHER - DAYS WITH] 9 = BLOWING SNOW
X = TORNADO
MAX 32 OR BELOW: 1 0.01 INCH OR MORE: 9
MAX 90 OR ABOVE: 0 0.10 INCH OR MORE: 5
MIN 32 OR BELOW: 21 0.50 INCH OR MORE: 2
MIN 0 OR BELOW: 0 1.00 INCH OR MORE: 0
[HDD (BASE 65) ]
TOTAL THIS MO. 813 CLEAR (SCALE 0-3) 0
DPTR FM NORMAL -233 PTCLDY (SCALE 4-7) 0
TOTAL FM JUL 1 6798 CLOUDY (SCALE 8-10) 31
DPTR FM NORMAL -261
[CDD (BASE 65) ]
TOTAL THIS MO. 0
DPTR FM NORMAL 0 [PRESSURE DATA]
TOTAL FM JAN 1 0 HIGHEST SLP M ON M
DPTR FM NORMAL 0 LOWEST SLP M ON M
[REMARKS]
#FINAL-03-21#