000
CXUS53 KMKX 011439 CCA
CF6MSN
PRELIMINARY LOCAL CLIMATOLOGICAL DATA (WS FORM: F-6)
STATION: MADISON WI
MONTH: NOVEMBER
YEAR: 2023
LATITUDE: 43 7 N
LONGITUDE: 89 20 W
TEMPERATURE IN F: :PCPN: SNOW: WIND :SUNSHINE: SKY :PK WND
================================================================================
1 2 3 4 5 6A 6B 7 8 9 10 11 12 13 14 15 16 17 18
12Z AVG MX 2MIN
DY MAX MIN AVG DEP HDD CDD WTR SNW DPTH SPD SPD DIR MIN PSBL S-S WX SPD DR
================================================================================
1 38 20 29 -14 36 0 0.00 0.0 0 6.4 15 190 M M 6 22 210
2 52 31 42 -1 23 0 0.00 0.0 0 6.5 13 220 M M 6 20 230
3 51 36 44 2 21 0 T 0.0 0 5.1 12 170 M M 7 17 200
4 53 31 42 0 23 0 0.00 0.0 0 3.2 9 340 M M 3 1 13 320
5 57 30 44 3 21 0 T 0.0 0 7.2 18 180 M M 7 27 180
6 67 48 58 17 7 0 T 0.0 0 9.9 21 190 M M 6 39 180
7 50 36 43 3 22 0 0.00 0.0 0 8.5 20 120 M M 9 25 110
8 47 41 44 4 21 0 0.43 0.0 0 8.1 18 100 M M 10 13 27 90
9 52 35 44 4 21 0 T 0.0 0 7.3 18 290 M M 2 30 280
10 45 25 35 -4 30 0 0.00 0.0 0 4.6 14 300 M M 4 21 320
11 44 21 33 -6 32 0 0.00 0.0 0 3.9 17 170 M M 5 22 160
12 55 41 48 10 17 0 0.00 0.0 0 11.1 22 190 M M 5 32 190
13 59 28 44 6 21 0 0.00 0.0 0 4.8 15 300 M M 0 22 280
14 58 26 42 5 23 0 0.00 0.0 0 8.1 20 190 M M 3 28 190
15 64 34 49 12 16 0 0.00 0.0 0 3.1 13 190 M M 1 19 200
16 64 36 50 14 15 0 0.00 0.0 0 10.0 22 200 M M 6 40 220
17 57 24 41 5 24 0 T 0.0 0 6.1 20 340 M M 3 30 320
18 55 24 40 4 25 0 0.00 0.0 0 3.7 13 250 M M 0 21 250
19 53 24 39 4 26 0 0.00 0.0 0 3.0 10 60 M M 3 13 80
20 46 34 40 5 25 0 0.04 0.0 0 10.8 21 70 M M 7 28 70
21 45 32 39 5 26 0 0.37 0.3 T 8.9 15 340 M M 7 1 22 340
22 42 30 36 2 29 0 0.00 0.0 0 6.9 14 200 M M 6 21 230
23 41 23 32 -1 33 0 0.00 0.0 0 8.7 18 10 M M 3 27 10
24 31 17 24 -9 41 0 0.00 0.0 0 6.0 14 360 M M 5 21 360
25 32 20 26 -6 39 0 T T T 1.7 9 200 M M 8 12 190
26 32 26 29 -3 36 0 0.20 2.2 1 5.7 15 290 M M 10 1 25 290
27 26 14 20 -12 45 0 T T 2 9.1 16 340 M M 7 26 310
28 23 9 16 -15 49 0 0.00 0.0 1 7.8 16 200 M M 6 24 190
29 44 20 32 1 33 0 0.00 0.0 1 6.4 13 280 M M 2 25 260
30 47 25 36 6 29 0 0.00 0.0 1 5.8 13 250 M M 2 24 250
================================================================================
SM 1430 841 809 0 1.04 2.5 198.4 M 149
================================================================================
AV 47.7 28.0 6.6 FASTST M M 5 MAX(MPH)
MISC ----> # 22 190 40 220
================================================================================
NOTES:
# LAST OF SEVERAL OCCURRENCES
COLUMN 17 PEAK WIND IN M.P.H.
PRELIMINARY LOCAL CLIMATOLOGICAL DATA (WS FORM: F-6) , PAGE 2
STATION: MADISON WI
MONTH: NOVEMBER
YEAR: 2023
LATITUDE: 43 7 N
LONGITUDE: 89 20 W
[TEMPERATURE DATA] [PRECIPITATION DATA] SYMBOLS USED IN COLUMN 16
AVERAGE MONTHLY: 37.9 TOTAL FOR MONTH: 1.04 1 = FOG OR MIST
DPTR FM NORMAL: 1.1 DPTR FM NORMAL: -1.18 2 = FOG REDUCING VISIBILITY
HIGHEST: 67 ON 6 GRTST 24HR 0.43 ON 8- 8 TO 1/4 MILE OR LESS
LOWEST: 9 ON 28 3 = THUNDER
SNOW, ICE PELLETS, HAIL 4 = ICE PELLETS
TOTAL MONTH: 2.5 INCHES 5 = HAIL
GRTST 24HR 2.2 ON 26-26 6 = FREEZING RAIN OR DRIZZLE
GRTST DEPTH: 2 ON 27 7 = DUSTSTORM OR SANDSTORM:
VSBY 1/2 MILE OR LESS
8 = SMOKE OR HAZE
[NO. OF DAYS WITH] [WEATHER - DAYS WITH] 9 = BLOWING SNOW
X = TORNADO
MAX 32 OR BELOW: 5 0.01 INCH OR MORE: 4
MAX 90 OR ABOVE: 0 0.10 INCH OR MORE: 3
MIN 32 OR BELOW: 21 0.50 INCH OR MORE: 0
MIN 0 OR BELOW: 0 1.00 INCH OR MORE: 0
[HDD (BASE 65) ]
TOTAL THIS MO. 809 CLEAR (SCALE 0-3) 11
DPTR FM NORMAL -39 PTCLDY (SCALE 4-7) 15
TOTAL FM JUL 1 1312 CLOUDY (SCALE 8-10) 4
DPTR FM NORMAL -194
[CDD (BASE 65) ]
TOTAL THIS MO. 0
DPTR FM NORMAL 0 [PRESSURE DATA]
TOTAL FM JAN 1 780 HIGHEST SLP 30.59 ON 24
DPTR FM NORMAL 152 LOWEST SLP 29.58 ON 6
[REMARKS]
#FINAL-11-23#