000
CXUS51 KBTV 010700
CF6MVL
PRELIMINARY LOCAL CLIMATOLOGICAL DATA (WS FORM: F-6)
STATION: MORRISVILLE VT
MONTH: MARCH
YEAR: 2022
LATITUDE: 44 31 N
LONGITUDE: 72 37 W
TEMPERATURE IN F: :PCPN: SNOW: WIND :SUNSHINE: SKY :PK WND
================================================================================
1 2 3 4 5 6A 6B 7 8 9 10 11 12 13 14 15 16 17 18
12Z AVG MX 2MIN
DY MAX MIN AVG DEP HDD CDD WTR SNW DPTH SPD SPD DIR MIN PSBL S-S WX SPD DR
================================================================================
1 27 -10 9 -13 56 0 0.18 M M 3.2 10 210 M M 8 1 15 210
2 31 12 22 0 43 0 0.05 M M 5.6 17 40 M M 9 18 21 300
3 23 -2 11 -12 54 0 0.11 M M 8.6 22 340 M M 7 1 30 340
4 25 -15 5 -18 60 0 T M M 3.6 16 220 M M 4 1 25 240
5 35 7 21 -2 44 0 T M M 1.7 13 200 M M 4 16 210
6 63 26 45 21 20 0 0.22 M M 9.0 20 230 M M 7 1 32 270
7 48 35 42 18 23 0 0.28 M M 4.4 26 320 M M 8 1 37 330
8 36 18 27 3 38 0 0.02 M M 7.0 18 330 M M 6 8 32 310
9 37 16 27 2 38 0 T M M 3.5 13 170 M M 4 1 17 160
10 44 24 34 9 31 0 0.00 M M 4.5 14 210 M M 1 20 210
11 46 22 34 8 31 0 0.00 M M 3.7 16 170 M M 6 23 160
12 43 18 31 5 34 0 0.50 M M 8.7 21 180 M M 10 12 31 360
13 26 14 20 -6 45 0 0.04 M M 7.6 22 220 M M 8 32 220
14 42 23 33 6 32 0 T M M 5.2 16 210 M M 8 1 22 200
15 42 33 38 11 27 0 0.01 M M 5.4 15 360 M M 7 1 20 360
16 54 31 43 16 22 0 0.00 M M 2.7 12 210 M M 4 1 16 160
17 67 31 49 21 16 0 0.00 M M 5.8 20 180 M M 2 29 190
18 63 30 47 19 18 0 0.00 M M 2.8 13 10 M M 5 17 340
19 47 36 42 13 23 0 0.27 M M 3.3 10 190 M M 10 1 16 210
20 48 37 43 14 22 0 0.05 M M 4.6 13 340 M M 10 1 21 310
21 46 31 39 10 26 0 0.00 M M 7.3 22 320 M M 7 32 300
22 36 22 29 -1 36 0 0.00 M M 8.1 21 340 M M 4 29 350
23 46 18 32 2 33 0 T M M 2.0 15 190 M M 2 20 170
24 43 34 39 8 26 0 0.22 M M 7.5 20 210 M M 10 1 29 190
25 50 36 43 12 22 0 0.27 M M 2.3 10 210 M M 10 1 14 220
26 46 34 40 9 25 0 0.02 M M 3.0 12 320 M M 9 1 15 190
27 37 17 27 -5 38 0 0.03 M M 8.8 17 330 M M 10 1 24 290
28 18 11 15 -17 50 0 T M M 9.2 17 320 M M 10 18 25 310
29 28 15 22 -11 43 0 T M M 8.5 18 310 M M 8 28 320
30 41 16 29 -4 36 0 0.08 M M 3.8 15 360 M M 3 21 10
31 56 32 44 10 21 0 0.26 M M 4.6 13 240 M M 7 1 18 240
================================================================================
SM 1294 652 1033 0 2.61 M 166.0 M 208
================================================================================
AV 41.7 21.0 5.4 FASTST M M 7 MAX(MPH)
MISC ----> 26 320 37 330
================================================================================
NOTES:
# LAST OF SEVERAL OCCURRENCES
COLUMN 17 PEAK WIND IN M.P.H.
PRELIMINARY LOCAL CLIMATOLOGICAL DATA (WS FORM: F-6) , PAGE 2
STATION: MORRISVILLE VT
MONTH: MARCH
YEAR: 2022
LATITUDE: 44 31 N
LONGITUDE: 72 37 W
[TEMPERATURE DATA] [PRECIPITATION DATA] SYMBOLS USED IN COLUMN 16
AVERAGE MONTHLY: 31.4 TOTAL FOR MONTH: 2.61 1 = FOG OR MIST
DPTR FM NORMAL: 3.8 DPTR FM NORMAL: 0.66 2 = FOG REDUCING VISIBILITY
HIGHEST: 67 ON 17 GRTST 24HR 0.53 ON 12-13 TO 1/4 MILE OR LESS
LOWEST: -15 ON 4 3 = THUNDER
SNOW, ICE PELLETS, HAIL 4 = ICE PELLETS
TOTAL MONTH: M 5 = HAIL
GRTST 24HR M ON M 6 = FREEZING RAIN OR DRIZZLE
GRTST DEPTH: M ON M 7 = DUSTSTORM OR SANDSTORM:
VSBY 1/2 MILE OR LESS
8 = SMOKE OR HAZE
[NO. OF DAYS WITH] [WEATHER - DAYS WITH] 9 = BLOWING SNOW
X = TORNADO
MAX 32 OR BELOW: 7 0.01 INCH OR MORE: 17
MAX 90 OR ABOVE: 0 0.10 INCH OR MORE: 9
MIN 32 OR BELOW: 24 0.50 INCH OR MORE: 1
MIN 0 OR BELOW: 3 1.00 INCH OR MORE: 0
[HDD (BASE 65) ]
TOTAL THIS MO. 1033 CLEAR (SCALE 0-3) 4
DPTR FM NORMAL -128 PTCLDY (SCALE 4-7) 16
TOTAL FM JUL 1 6669 CLOUDY (SCALE 8-10) 11
DPTR FM NORMAL -516
[CDD (BASE 65) ]
TOTAL THIS MO. 0
DPTR FM NORMAL 0 [PRESSURE DATA]
TOTAL FM JAN 1 0 HIGHEST SLP M ON M
DPTR FM NORMAL 0 LOWEST SLP 29.25 ON 7
[REMARKS]
#FINAL-03-22#