000
CXUS51 KBTV 011247
CLMMVL
CLIMATE REPORT
NATIONAL WEATHER SERVICE BURLINGTON VT
847 AM EDT SAT JUL 01 2023
...................................
...THE MORRISVILLE VT CLIMATE SUMMARY FOR THE MONTH OF JUNE 2023...
CLIMATE NORMAL PERIOD: 1991 TO 2020
CLIMATE RECORD PERIOD: 9999 TO 9999
WEATHER OBSERVED NORMAL DEPART LAST YEAR`S
VALUE DATE(S) VALUE FROM VALUE DATE(S)
NORMAL
................................................................
TEMPERATURE (F)
RECORD
HIGH 95
LOW 33
HIGHEST 93 06/01 MM MM 90 06/26
LOWEST 37 06/04 MM MM 38 06/20
AVG. MAXIMUM 74.2 74.3 -0.1 74.3
AVG. MINIMUM 52.0 49.9 2.1 49.8
MEAN 63.1 62.1 1.0 62.0
DAYS MAX >= 90 2 1.0 1.0 1
DAYS MAX <= 32 0 0.0 0.0 0
DAYS MIN <= 32 0 0.1 -0.1 0
DAYS MIN <= 0 0 0.0 0.0 0
PRECIPITATION (INCHES)
RECORD
MAXIMUM 8.62 2013
MINIMUM 1.15 2001
TOTALS 5.37 3.76 1.61 2.23
DAILY AVG. 0.18 0.13 0.05 0.08
DAYS >= .01 16 15.0 1.0 12
DAYS >= .10 8 8.5 -0.5 7
DAYS >= .50 4 2.8 1.2 1
DAYS >= 1.00 2 0.8 1.2 0
GREATEST
24 HR. TOTAL 1.55 06/16 TO 06/17 0.92 06/27 TO 06/27
STORM TOTAL 1.38 0.92
(MM/DD(HH)) MM
DEGREE DAYS
HEATING TOTAL 109 131 -22 109
SINCE 7/1 7192 8416 -1224 MM
COOLING TOTAL 59 44 15 27
SINCE 1/1 62 53 9 MM
................................................................
WIND (MPH)
AVERAGE WIND SPEED 3.8
HIGHEST WIND SPEED/DIRECTION 24/150 DATE 06/26
HIGHEST GUST SPEED/DIRECTION 32/310 DATE 06/15
32/170 06/26
SKY COVER
POSSIBLE SUNSHINE (PERCENT) MM
AVERAGE SKY COVER 0.62
NUMBER OF DAYS FAIR 5
NUMBER OF DAYS PC 14
NUMBER OF DAYS CLOUDY 11
AVERAGE RH (PERCENT) 74
WEATHER CONDITIONS. NUMBER OF DAYS WITH
THUNDERSTORM 6 MIXED PRECIP 0
HEAVY RAIN 8 RAIN 9
LIGHT RAIN 19 FREEZING RAIN 0
LT FREEZING RAIN 0 HAIL 0
HEAVY SNOW 0 SNOW 0
LIGHT SNOW 0 SLEET 0
FOG 25 FOG W/VIS <= 1/4 MILE 10
HAZE 2
- INDICATES NEGATIVE NUMBERS.
R INDICATES RECORD WAS SET OR TIED.
MM INDICATES DATA IS MISSING.
T INDICATES TRACE AMOUNT.
$$