000
CXUS51 KBTV 011415
CLMMVL
CLIMATE REPORT
NATIONAL WEATHER SERVICE BURLINGTON VT
1015 AM EDT FRI SEP 01 2023
...................................
...THE MORRISVILLE VT CLIMATE SUMMARY FOR THE MONTH OF AUGUST 2023...
CLIMATE NORMAL PERIOD: 1991 TO 2020
CLIMATE RECORD PERIOD: 9999 TO 9999
WEATHER OBSERVED NORMAL DEPART LAST YEAR`S
VALUE DATE(S) VALUE FROM VALUE DATE(S)
NORMAL
................................................................
TEMPERATURE (F)
RECORD
HIGH 95
LOW 40
HIGHEST 82 08/10 MM MM 92 08/06
LOWEST 44 08/02 MM MM 44 08/15
AVG. MAXIMUM 75.1 77.4 -2.3 81.0
AVG. MINIMUM 54.7 52.9 1.8 56.4
MEAN 64.9 65.2 -0.3 68.7
DAYS MAX >= 90 0 0.8 -0.8 4
DAYS MAX <= 32 0 0.0 0.0 0
DAYS MIN <= 32 0 0.0 0.0 0
DAYS MIN <= 0 0 0.0 0.0 0
PRECIPITATION (INCHES)
RECORD
MAXIMUM 6.25 2011
MINIMUM 1.15 2015
TOTALS 6.19 3.50 2.69 1.69
DAILY AVG. 0.20 0.11 0.09 0.05
DAYS >= .01 18 15.4 2.6 14
DAYS >= .10 13 7.5 5.5 5
DAYS >= .50 6 1.8 4.2 0
DAYS >= 1.00 1 0.7 0.3 0
GREATEST
24 HR. TOTAL 1.22 08/07 TO 08/08 0.46 08/30 TO 08/31
STORM TOTAL 1.02 0.44
(MM/DD(HH)) MM
DEGREE DAYS
HEATING TOTAL 52 68 -16 18
SINCE 7/1 56 106 -50 MM
COOLING TOTAL 50 72 -22 142
SINCE 1/1 298 223 75 MM
................................................................
WIND (MPH)
AVERAGE WIND SPEED 3.7
HIGHEST WIND SPEED/DIRECTION 21/360 DATE 08/30
HIGHEST GUST SPEED/DIRECTION 30/360 DATE 08/30
SKY COVER
POSSIBLE SUNSHINE (PERCENT) MM
AVERAGE SKY COVER 0.57
NUMBER OF DAYS FAIR 8
NUMBER OF DAYS PC 16
NUMBER OF DAYS CLOUDY 7
AVERAGE RH (PERCENT) 76
WEATHER CONDITIONS. NUMBER OF DAYS WITH
THUNDERSTORM 3 MIXED PRECIP 0
HEAVY RAIN 10 RAIN 10
LIGHT RAIN 18 FREEZING RAIN 0
LT FREEZING RAIN 0 HAIL 0
HEAVY SNOW 0 SNOW 0
LIGHT SNOW 0 SLEET 0
FOG 28 FOG W/VIS <= 1/4 MILE 12
HAZE 1
- INDICATES NEGATIVE NUMBERS.
R INDICATES RECORD WAS SET OR TIED.
MM INDICATES DATA IS MISSING.
T INDICATES TRACE AMOUNT.
$$