000
CXUS54 KLIX 010810
CF6NEW
PRELIMINARY LOCAL CLIMATOLOGICAL DATA (WS FORM: F-6)
STATION: LAKEFRONT AIRPORT
MONTH: AUGUST
YEAR: 2023
LATITUDE: 30 1 N
LONGITUDE: 90 2 W
TEMPERATURE IN F: :PCPN: SNOW: WIND :SUNSHINE: SKY :PK WND
================================================================================
1 2 3 4 5 6A 6B 7 8 9 10 11 12 13 14 15 16 17 18
12Z AVG MX 2MIN
DY MAX MIN AVG DEP HDD CDD WTR SNW DPTH SPD SPD DIR MIN PSBL S-S WX SPD DR
================================================================================
1 99 85 92 7 0 27 0.00 M M 5.8 13 160 M M 0 17 160
2 97 85 91 6 0 26 0.00 M M 5.9 15 170 M M 1 3 20 160
3 98 84 91 6 0 26 0.00 M M 6.1 15 150 M M 0 20 150
4 97 86 92 7 0 27 0.00 M M 9.1 17 210 M M 0 23 210
5 98 87 93 8 0 28 0.00 M M 10.0 18 230 M M 0 22 230
6 98 86 92 7 0 27 0.00 M M 10.2 17 230 M M 0 24 280
7 98 86 92 7 0 27 0.00 M M 11.2 17 220 M M 2 23 210
8 96 86 91 6 0 26 0.00 M M 9.8 22 20 M M 1 25 10
9 99 87 93 8 0 28 0.00 M M 10.8 20 200 M M 2 27 240
10 98 86 92 7 0 27 T M M 13.5 22 230 M M 2 26 200
11 99 86 93 8 0 28 T M M 11.2 21 230 M M 0 3 27 220
12 98 86 92 7 0 27 T M M 9.8 18 210 M M 0 22 210
13 99 87 93 8 0 28 0.00 0.0 M 9.4 15 180 M M 2 18 260
14 97 84 91 6 0 26 0.00 0.0 M 10.6 20 210 M M 0 23 210
15 100 84 92 7 0 27 T 0.0 M 13.4 47 360 M M 2 3 59 360
16 94 81 88 3 0 23 0.00 0.0 M 11.5 26 20 M M 2 33 30
17 96 80 88 3 0 23 0.00 0.0 M 7.5 17 220 M M 0 21 200
18 98 85 92 7 0 27 0.00 0.0 M 10.1 18 210 M M 0 23 210
19 99 84 92 7 0 27 0.00 0.0 M 8.7 17 200 M M 0 22 210
20 100 86 93 8 0 28 0.00 0.0 M 6.8 15 120 M M 1 22 120
21 94 83 89 4 0 24 0.09 M M 14.4 26 110 M M 1 3 34 110
22 98 86 92 7 0 27 0.00 M M 8.3 15 150 M M 1 23 100
23 101 87 94 9 0 29 0.00 M M 8.3 15 330 M M 0 22 320
24 100 87 94 10 0 29 0.00 M M 6.4 16 160 M M 0 21 130
25 99 86 93 9 0 28 0.00 M M 6.7 14 160 M M 0 21 130
26 99 86 93 9 0 28 0.00 M M 10.2 20 320 M M 0 3 24 300
27 105 88 97 13 0 32 T M M 9.7 38 30 M M 1 38 46 40
28 94 81 88 4 0 23 0.12 M M 12.1 28 150 M M 3 3 36 150
29 94 76 85 1 0 20 1.85 M M 12.3 23 30 M M 3 123 29 340
30 93 81 87 3 0 22 0.00 M M 10.0 20 10 M M 1 25 360
31 94 82 88 4 0 23 0.00 M M 9.7 25 50 M M 0 30 50
================================================================================
SM 3029 2624 0 818 2.06 0.0 299.5 M 25
================================================================================
AV 97.7 84.6 9.7 FASTST M M 1 MAX(MPH)
MISC ----> 47 360 59 360
================================================================================
NOTES:
# LAST OF SEVERAL OCCURRENCES
COLUMN 17 PEAK WIND IN M.P.H.
PRELIMINARY LOCAL CLIMATOLOGICAL DATA (WS FORM: F-6) , PAGE 2
STATION: LAKEFRONT AIRPORT
MONTH: AUGUST
YEAR: 2023
LATITUDE: 30 1 N
LONGITUDE: 90 2 W
[TEMPERATURE DATA] [PRECIPITATION DATA] SYMBOLS USED IN COLUMN 16
AVERAGE MONTHLY: 91.2 TOTAL FOR MONTH: 2.06 1 = FOG OR MIST
DPTR FM NORMAL: 6.5 DPTR FM NORMAL: -4.40 2 = FOG REDUCING VISIBILITY
HIGHEST: 105 ON 27 GRTST 24HR 1.97 ON 28-29 TO 1/4 MILE OR LESS
LOWEST: 76 ON 29 3 = THUNDER
SNOW, ICE PELLETS, HAIL 4 = ICE PELLETS
TOTAL MONTH: 0.0 INCH 5 = HAIL
GRTST 24HR 0.0 6 = FREEZING RAIN OR DRIZZLE
GRTST DEPTH: M ON M 7 = DUSTSTORM OR SANDSTORM:
VSBY 1/2 MILE OR LESS
8 = SMOKE OR HAZE
[NO. OF DAYS WITH] [WEATHER - DAYS WITH] 9 = BLOWING SNOW
X = TORNADO
MAX 32 OR BELOW: 0 0.01 INCH OR MORE: 3
MAX 90 OR ABOVE: 31 0.10 INCH OR MORE: 2
MIN 32 OR BELOW: 0 0.50 INCH OR MORE: 1
MIN 0 OR BELOW: 0 1.00 INCH OR MORE: 1
[HDD (BASE 65) ]
TOTAL THIS MO. 0 CLEAR (SCALE 0-3) 30
DPTR FM NORMAL 0 PTCLDY (SCALE 4-7) 1
TOTAL FM JUL 1 0 CLOUDY (SCALE 8-10) 0
DPTR FM NORMAL 0
[CDD (BASE 65) ]
TOTAL THIS MO. 818
DPTR FM NORMAL 207 [PRESSURE DATA]
TOTAL FM JAN 1 3213 HIGHEST SLP M ON M
DPTR FM NORMAL 763 LOWEST SLP 29.68 ON 27
[REMARKS]
#FINAL-08-23#