000
CXUS51 KOKX 010910
CF6NYC
PRELIMINARY LOCAL CLIMATOLOGICAL DATA (WS FORM: F-6)
STATION: CENTRAL PARK NY
MONTH: MAY
YEAR: 2022
LATITUDE: 40 46 N
LONGITUDE: 73 58 W
TEMPERATURE IN F: :PCPN: SNOW: WIND :SUNSHINE: SKY :PK WND
================================================================================
1 2 3 4 5 6A 6B 7 8 9 10 11 12 13 14 15 16 17 18
12Z AVG MX 2MIN
DY MAX MIN AVG DEP HDD CDD WTR SNW DPTH SPD SPD DIR MIN PSBL S-S WX SPD DR
================================================================================
1 69 47 58 -1 7 0 T 0.0 0 3.1 13 130 M M 1 20 130
2 56 51 54 -6 11 0 0.23 0.0 0 4.6 12 60 M M 10 13 17 260
3 62 51 57 -3 8 0 0.00 0.0 0 5.9 13 80 M M 6 19 50
4 65 50 58 -2 7 0 0.08 0.0 0 2.4 9 10 M M 9 18 16 90
5 74 56 65 5 0 0 0.00 0.0 0 4.2 14 50 M M 2 19 20
6 61 49 55 -6 10 0 0.69 0.0 0 3.5 13 50 M M 8 1 20 50
7 50 45 48 -13 17 0 0.92 0.0 0 11.0 22 60 M M 10 1 34 50
8 58 45 52 -9 13 0 T 0.0 0 11.2 24 60 M M 7 31 60
9 70 47 59 -2 6 0 0.00 0.0 0 11.4 21 60 M M 0 30 60
10 73 51 62 0 3 0 0.00 0.0 0 10.1 23 50 M M 2 30 50
11 75 53 64 2 1 0 0.00 0.0 0 5.5 18 50 M M 5 25 50
12 75 58 67 5 0 2 0.00 0.0 0 4.9 14 50 M M 5 1 20 80
13 72 57 65 3 0 0 0.03 0.0 0 4.3 14 70 M M 10 18 19 60
14 72 60 66 3 0 1 0.22 0.0 0 2.8 8 150 M M 9 18 14 130
15 76 60 68 5 0 3 0.10 0.0 0 2.2 9 220 M M 7 1 16 180
16 75 61 68 5 0 3 0.12 0.0 0 4.9 15 270 M M 5 138 23 250
17 77 57 67 4 0 2 0.00 0.0 M 7.0 20 290 M M 1 33 290
18 72 55 64 0 1 0 0.01 0.0 0 4.0 14 300 M M 1 20 290
19 66 54 60 -4 5 0 0.73 0.0 0 2.4 9 230 M M 8 18 15 140
20 69 55 62 -2 3 0 0.40 0.0 0 3.5 10 120 M M 6 1238 17 130
21 90 62 76 12 0 11 0.00 0.0 0 1.5 9 230 M M 4 128 14 230
22 89 72 81 16 0 16 0.00 0.0 0 4.0 14 310 M M 1 21 310
23 73 61 67 2 0 2 0.00 0.0 0 6.6 16 50 M M 1 24 40
24 67 57 62 -3 3 0 T 0.0 0 4.7 16 60 M M 8 21 60
25 70 53 62 -4 3 0 0.00 0.0 0 2.8 9 150 M M 1 16 130
26 70 54 62 -4 3 0 0.00 0.0 0 3.6 12 140 M M 4 19 120
27 80 65 73 7 0 8 0.27 0.0 0 2.8 12 210 M M 8 13 20 170
28 74 63 69 3 0 4 0.72 0.0 0 3.3 21 260 M M 7 123 42 240
29 77 59 68 1 0 3 0.00 0.0 0 1.7 8 250 M M 0 14 150
30 84 63 74 7 0 9 0.00 0.0 0 3.0 9 240 M M 0 17 130
31 93 65 79 12 0 14 0.00 0.0 0 4.9 15 60 M M 1 20 70
================================================================================
SM 2234 1736 101 78 4.52 0.0 147.8 M 147
================================================================================
AV 72.1 56.0 4.8 FASTST M M 5 MAX(MPH)
MISC ----> 24 60 42 240
================================================================================
NOTES:
# LAST OF SEVERAL OCCURRENCES
COLUMN 17 PEAK WIND IN M.P.H.
PRELIMINARY LOCAL CLIMATOLOGICAL DATA (WS FORM: F-6) , PAGE 2
STATION: CENTRAL PARK NY
MONTH: MAY
YEAR: 2022
LATITUDE: 40 46 N
LONGITUDE: 73 58 W
[TEMPERATURE DATA] [PRECIPITATION DATA] SYMBOLS USED IN COLUMN 16
AVERAGE MONTHLY: 64.0 TOTAL FOR MONTH: 4.52 1 = FOG OR MIST
DPTR FM NORMAL: 0.8 DPTR FM NORMAL: 0.56 2 = FOG REDUCING VISIBILITY
HIGHEST: 93 ON 31 GRTST 24HR 1.39 ON 6- 7 TO 1/4 MILE OR LESS
LOWEST: 45 ON 8, 7 3 = THUNDER
SNOW, ICE PELLETS, HAIL 4 = ICE PELLETS
TOTAL MONTH: 0.0 INCH 5 = HAIL
GRTST 24HR 0.0 6 = FREEZING RAIN OR DRIZZLE
GRTST DEPTH: 0 7 = DUSTSTORM OR SANDSTORM:
VSBY 1/2 MILE OR LESS
8 = SMOKE OR HAZE
[NO. OF DAYS WITH] [WEATHER - DAYS WITH] 9 = BLOWING SNOW
X = TORNADO
MAX 32 OR BELOW: 0 0.01 INCH OR MORE: 13
MAX 90 OR ABOVE: 2 0.10 INCH OR MORE: 10
MIN 32 OR BELOW: 0 0.50 INCH OR MORE: 4
MIN 0 OR BELOW: 0 1.00 INCH OR MORE: 0
[HDD (BASE 65) ]
TOTAL THIS MO. 101 CLEAR (SCALE 0-3) 12
DPTR FM NORMAL -21 PTCLDY (SCALE 4-7) 14
TOTAL FM JUL 1 4237 CLOUDY (SCALE 8-10) 5
DPTR FM NORMAL -300
[CDD (BASE 65) ]
TOTAL THIS MO. 78
DPTR FM NORMAL 12 [PRESSURE DATA]
TOTAL FM JAN 1 81 HIGHEST SLP M ON M
DPTR FM NORMAL 0 LOWEST SLP 29.53 ON 16
[REMARKS]
#FINAL-05-22#