000
CXUS53 KGID 011559
CLMODX
CLIMATE REPORT
NATIONAL WEATHER SERVICE HASTINGS NE
1059 AM CDT WED NOV 01 2023
...................................
...THE ORD NE CLIMATE SUMMARY FOR THE MONTH OF OCTOBER 2023...
CLIMATE NORMAL PERIOD 1991 TO 2020
CLIMATE RECORD PERIOD 1895 TO 2023
WEATHER OBSERVED NORMAL DEPART LAST YEAR`S
VALUE DATE(S) VALUE FROM VALUE DATE(S)
NORMAL
................................................................
TEMPERATURE (F)
HIGHEST 90 10/01 MM MM 89 10/23
10/02
LOWEST 16 10/31 MM MM 18 10/18
AVG. MAXIMUM 63.0 63.6 -0.6 69.5
AVG. MINIMUM 37.5 35.5 2.0 34.0
MEAN 50.3 49.6 0.7 51.7
DAYS MAX >= 90 2 0.4 1.6 0
DAYS MAX <= 32 1 0.5 0.5 0
DAYS MIN <= 32 10 12.3 -2.3 17
DAYS MIN <= 0 0 0.0 0.0 0
PRECIPITATION (INCHES)
TOTALS 3.90 1.91 1.99 0.78
DAILY AVG. 0.13 0.06 0.07 0.03
DAYS >= .01 9 7.3 1.7 3
DAYS >= .10 4 3.7 0.3 3
DAYS >= .50 3 1.3 1.7 1
DAYS >= 1.00 1 0.5 0.5 0
GREATEST
24 HR. TOTAL 2.18 10/12 TO 10/12
DEGREE DAYS
HEATING TOTAL 476 485 -9 412
SINCE 7/1 513 627 -114 MM
COOLING TOTAL 29 6 23 9
SINCE 1/1 1052 839 213 MM
................................................................
WIND (MPH)
AVERAGE WIND SPEED 8.9
HIGHEST WIND SPEED/DIRECTION 38/250 DATE 10/03
HIGHEST GUST SPEED/DIRECTION 63/240 DATE 10/03
SKY COVER
POSSIBLE SUNSHINE (PERCENT) MM
AVERAGE SKY COVER 0.31
NUMBER OF DAYS FAIR 22
NUMBER OF DAYS PC 2
NUMBER OF DAYS CLOUDY 7
AVERAGE RH (PERCENT) 68
WEATHER CONDITIONS. NUMBER OF DAYS WITH
THUNDERSTORM 5 MIXED PRECIP 0
HEAVY RAIN 3 RAIN 3
LIGHT RAIN 11 FREEZING RAIN 0
LT FREEZING RAIN 0 HAIL 0
HEAVY SNOW 0 SNOW 1
LIGHT SNOW 2 SLEET 0
FOG 10 FOG W/VIS <= 1/4 MILE 2
HAZE 1
- INDICATES NEGATIVE NUMBERS.
R INDICATES RECORD WAS SET OR TIED.
MM INDICATES DATA IS MISSING.
T INDICATES TRACE AMOUNT.
$$