000
CXUS52 KCAE 011541
CLMOGB
CLIMATE REPORT
NATIONAL WEATHER SERVICE COLUMBIA SC
1041 AM EST FRI DEC 01 2023
...................................
...THE ORANGEBURG AIRPORT SC CLIMATE SUMMARY FOR THE MONTH OF NOVEMBER 2023...
CLIMATE NORMAL PERIOD: 1991 TO 2020
CLIMATE RECORD PERIOD: 9999 TO 9999
WEATHER OBSERVED NORMAL DEPART LAST YEAR`S
VALUE DATE(S) VALUE FROM VALUE
NORMAL
..............................................................
TEMPERATURE (F)
HIGHEST 84 11/08 MM MM
LOWEST 30 11/30 MM MM
AVG. MAXIMUM 68.7 67.3 1.4
AVG. MINIMUM 46.1 44.4 1.7
MEAN 57.4 55.8 1.6
DAYS MAX >= 90 0 0.0 0.0
DAYS MAX <= 32 0 0.0 0.0
DAYS MIN <= 32 1 3.1 -2.1
DAYS MIN <= 0 0 0.0 0.0
PRECIPITATION (INCHES)
TOTALS 1.02 2.70 -1.68
DAYS >= .01 3 9.3 -6.3
DAYS >= .10 3 4.0 -1.0
DAYS >= .50 1 1.9 -0.9
DAYS >= 1.00 0 0.8 -0.8
GREATEST
24 HR. TOTAL 0.55 11/22 TO 11/22
DAYS >= TRACE MM
DEGREE DAYS
HEATING TOTAL 240 291 -51
SINCE 7/1 279 374 -95
COOLING TOTAL 18 16 2
SINCE 1/1 2226 2228 -2
..............................................................
WIND (MPH)
AVERAGE WIND SPEED 4.8
RESULTANT WIND SPEED/DIRECTION 2/020
HIGHEST WIND SPEED/DIRECTION 24/280 DATE 11/22
HIGHEST GUST SPEED/DIRECTION 32/280 DATE 11/22
SKY COVER
POSSIBLE SUNSHINE (PERCENT) MM
AVERAGE SKY COVER 0.27
NUMBER OF DAYS FAIR 20
NUMBER OF DAYS PC 6
NUMBER OF DAYS CLOUDY 4
AVERAGE RH (PERCENT) 64
WEATHER CONDITIONS. NUMBER OF DAYS WITH
THUNDERSTORM 0 MIXED PRECIP 0
HEAVY RAIN 0 RAIN 1
LIGHT RAIN 4 FREEZING RAIN 0
LT FREEZING RAIN 0 HAIL 0
HEAVY SNOW 0 SNOW 0
LIGHT SNOW 0 SLEET 0
FOG 17 FOG W/VIS <= 1/4 MILE 0
HAZE 5
- INDICATES NEGATIVE NUMBERS.
R INDICATES RECORD WAS SET OR TIED.
MM INDICATES DATA IS MISSING.
T INDICATES TRACE AMOUNT.
$$