000
CXHW52 PHFO 011625
CLMOGG
CLIMATE REPORT
NATIONAL WEATHER SERVICE HONOLULU HI
625 AM HST FRI DEC 01 2023
...................................
...THE KAHULUI HI CLIMATE SUMMARY FOR THE MONTH OF NOVEMBER 2023...
CLIMATE NORMAL PERIOD 1991 TO 2020
CLIMATE RECORD PERIOD 1954 TO 2023
WEATHER OBSERVED NORMAL DEPART LAST YEAR`S
VALUE DATE(S) VALUE FROM VALUE DATE(S)
NORMAL
................................................................
TEMPERATURE (F)
RECORD
HIGH 96 11/05/2020
LOW 55 11/06/2017
HIGHEST 90 11/09 84 6 93 11/03
11/04
LOWEST 60 11/18 68 -8 66 11/06
11/17
11/26
AVG. MAXIMUM 85.8 85.8 0.0 85.9
AVG. MINIMUM 68.2 68.4 -0.2 70.8
MEAN 77.0 77.1 -0.1 78.4
DAYS MAX >= 93 0 6
DAYS MAX >= 90 1 2
DAYS MAX <= 80 0 4
DAYS MIN >= 72 7 13
DAYS MIN <= 60 0 0
DAYS MIN <= 55 0 0
PRECIPITATION (INCHES)
RECORD
MAXIMUM 9.27 1965
MINIMUM T 2004
TOTALS 0.90 1.81 -0.91 1.17
DAILY AVG. 0.03 0.06 -0.03 0.04
DAYS >= .01 10 9.2 0.8 10
DAYS >= .10 3 3.0 0.0 3
DAYS >= .50 0 0.9 -0.9 0
DAYS >= 1.00 0 0.4 -0.4 0
GREATEST
24 HR. TOTAL 0.32 11/29 TO 11/29 0.43
SNOWFALL (INCHES)
RECORDS
TOTAL MM MM
TOTALS MM MM MM MM
SINCE 7/1 MM MM MM MM
SNOWDEPTH AVG. MM MM
DAYS >= 1.0 MM MM MM MM
GREATEST
SNOW DEPTH MM MM MM
24 HR TOTAL MM MM
DEGREE DAYS
HEATING TOTAL 0 0 0 0
SINCE 7/1 0 0 0 MM
COOLING TOTAL 367 363 4 405
SINCE 1/1 4024 4124 -100 MM
................................................................
WIND (MPH)
AVERAGE WIND SPEED 12.1
HIGHEST WIND SPEED/DIRECTION 36/070 DATE 11/12
HIGHEST GUST SPEED/DIRECTION 48/070 DATE 11/12
SKY COVER
POSSIBLE SUNSHINE (PERCENT) MM
AVERAGE SKY COVER 0.29
NUMBER OF DAYS FAIR 21
NUMBER OF DAYS PC 9
NUMBER OF DAYS CLOUDY 0
AVERAGE RH (PERCENT) 70
WEATHER CONDITIONS. NUMBER OF DAYS WITH
THUNDERSTORM MM MIXED PRECIP MM
HEAVY RAIN MM RAIN 3
LIGHT RAIN 13 FREEZING RAIN MM
LT FREEZING RAIN MM HAIL MM
HEAVY SNOW MM SNOW MM
LIGHT SNOW MM SLEET MM
FOG 9 FOG W/VIS <= 1/4 MILE MM
HAZE 2
- INDICATES NEGATIVE NUMBERS.
R INDICATES RECORD WAS SET OR TIED.
MM INDICATES DATA IS MISSING.
T INDICATES TRACE AMOUNT.
$$